NOAA style reports

NOAA-style Climate Reports

Select a Year or Month report

Report for 2017 Mar
                   Monthly Climatological Summary for mar 2017

Name: kvikklunsj.net   City: Alta   State: Norway
Elevation: 23 m  Lat: N 69° 55' 19"   Lon: E 023° 16' 15"

                  Temperature (°C), Rain (mm), Wind Speed (m/s)

                                      Heat  Cool        Avg
    Mean                              Deg   Deg         Wind                 Dom
Day Temp  High   Time   Low    Time   Days  Days  Rain  Speed High   Time    Dir
----------------------------------------------------------------------------------
 1 -11,3  -6,0   00.00 -18,7   21.14  26,7   0,0   0,0   0,1   7,0   00.07    SE
 2  -8,9  -1,3   13.57 -14,2   00.00  24,4   0,0   0,0   0,0   2,2   23.09    SE
 3  -4,3  -0,4   13.54 -10,3   07.06  19,8   0,0   0,0   0,7   8,0   12.37    NW
 4  -7,5  -1,7   13.23 -14,7   07.57  23,0   0,0   0,0   0,0   1,6   01.45    SE
 5  -6,8   1,4   14.24 -13,4   03.00  22,3   0,0   0,2   0,2   4,3   20.16    SE
 6  -2,7   2,8   13.46  -9,1   23.04  18,2   0,0   0,4   0,5   7,6   18.20    SE
 7 -11,3  -4,4   14.07 -21,5   23.47  26,8   0,0   0,0   0,4   5,4   11.24    SE
 8  -5,3  -0,5   10.09 -21,4   00.05  20,8   0,0   0,0   1,4  11,8   01.58    SE
 9  -5,0  -0,2   15.16 -12,4   23.38  20,5   0,0   0,4   0,6   6,5   02.03    SE
10  -5,8   1,8   15.22 -14,2   03.53  21,3   0,0   0,7   0,7   9,6   23.35    SE
11  -2,5   0,2   00.00  -5,9   07.39  18,0   0,0   4,2   1,3   9,6   16.14    NW
12  -3,2  -0,4   11.28  -8,8   23.53  18,7   0,0   0,0   0,8   9,6   10.21    NW
13  -3,2   1,3   21.44 -11,8   05.53  18,7   0,0   0,0   1,5  10,2   20.24    SE
14   1,5   3,5   22.15  -1,7   06.19  14,0   0,0   1,0   2,4  14,5   16.14    SE
15   0,6   4,1   14.41  -4,1   18.16  15,0   0,0   0,0   0,8   8,6   08.54    SE
16   1,2   3,7   02.22  -3,7   23.34  14,3   0,0   0,0   2,2  16,1   06.02   WNW
17  -2,3  -0,2   13.52  -6,1   03.52  17,5   0,0   0,2   0,3   3,7   01.13    NW
18  -3,7  -0,8   13.00 -10,5   21.30  19,2   0,0   2,7   0,8   9,1   07.30    NW
19  -6,9  -2,7   16.00 -13,3   04.30  21,8   0,0   1,3   1,7  10,2   11.16    SE
20  -2,8   0,2   15.35  -6,8   00.00  18,3   0,0   0,3   3,5  18,2   11.43    SE
21   0,0   1,0   14.25  -1,7   00.00  15,5   0,0   0,0   4,3  16,1   13.52    SE
22  -0,2   2,7   13.17  -6,8   23.30  15,6   0,0   0,0   1,4  11,8   00.35    SE
23  -0,6   4,3   12.20  -7,2   02.11  16,1   0,0   0,8   1,2  12,4   18.10    NW
24   0,3   3,4   10.05  -2,6   03.08  15,1   0,0   0,2   1,2   7,0   14.10    SE
25   0,4   5,2   12.46  -8,0   04.02  15,1   0,0   0,0   1,8  18,2   22.38    SE
26   1,5   5,5   01.59  -1,4   23.55  13,4   0,0   2,0   2,9  18,7   03.23   WNW
27  -2,3  -0,2   12.23  -4,7   21.14  17,8   0,0   6,8   1,0  12,8   07.13    NW
28  -4,6  -2,3   13.32  -7,0   22.23  20,1   0,0   4,1   1,3  10,2   12.16    NW
29  -7,7  -3,6   12.42 -13,4   23.37  23,1   0,0   0,0   0,8   5,9   19.20    SE
30  -6,8  -2,0   12.05 -12,7   00.00  22,3   0,0   0,0   0,6   8,6   14.37    SE
31  -4,8   0,5   14.54 -10,8   04.33  20,3   0,0   0,0   1,4  10,7   22.33    SE
----------------------------------------------------------------------------------
    -3,7   5,5    26   -21,5     7   593,7   0,0  25,3   1,2  18,7    26      SE

Max >=  18,0:  0
Max <=   0,0: 15
Min <=   0,0: 31
Min <= -18,0:  3
Max Rain: 6,8 on day 27
Days of Rain: 15 (>= 0,2 mm)  5 (>= 2,0 mm)  0 (>= 10,0 mm)
Heat Base: 15,5  Cool Base: 18,3  Method: Integration