NOAA style reports

NOAA-style Climate Reports

Select a Year or Month report

Report for 2017 Apr
                   Monthly Climatological Summary for apr 2017

Name: kvikklunsj.net   City: Alta   State: Norway
Elevation: 23 m  Lat: N 69° 55' 19"   Lon: E 023° 16' 15"

                  Temperature (°C), Rain (mm), Wind Speed (m/s)

                                      Heat  Cool        Avg
    Mean                              Deg   Deg         Wind                 Dom
Day Temp  High   Time   Low    Time   Days  Days  Rain  Speed High   Time    Dir
----------------------------------------------------------------------------------
 1  -2,3   0,4   09.46  -7,8   23.56  17,8   0,0   2,3   0,9  11,3   00.14    NE
 2  -7,8  -0,6   13.50 -14,9   06.28  23,3   0,0   1,1   0,8   5,4   19.49    SE
 3  -1,2   4,7   20.23 -12,6   01.01  16,6   0,0   0,0   1,9  12,8   16.29    SE
 4   2,0   4,4   00.23   0,2   22.13  13,5   0,0   0,7   0,5   5,4   01.21    SE
 5   2,9   6,1   11.21  -0,2   04.46  12,6   0,0   0,9   1,1   8,6   15.22    NW
 6  -0,5   2,0   11.07  -4,8   23.51  15,5   0,0   2,2   0,4   7,0   16.21    NW
 7  -2,4   2,5   18.41  -7,3   23.59  17,9   0,0   0,1   0,4   5,4   16.24    NW
 8  -5,5   0,3   15.11 -10,2   05.33  21,0   0,0   0,0   1,1   7,0   17.08    SE
 9  -6,5  -1,3   15.56 -15,4   04.44  22,0   0,0   0,0   1,3  10,2   19.58    SE
10  -3,6  -1,9   17.34  -5,6   00.00  19,1   0,0   0,0   0,7   8,6   13.17    SE
11  -1,9   1,0   10.26  -5,8   05.34  17,4   0,0   0,2   0,4   4,8   16.01    NW
12  -2,0   2,5   14.30  -5,7   05.00  17,2   0,0   0,8   0,5   8,6   20.30    SE
13  -3,0  -0,2   13.30  -5,1   05.30  18,5   0,0   0,0   0,7   6,4   15.00    SE
14  -2,9   0,1   13.00  -6,3   04.30  18,4   0,0   0,0   0,8   6,4   12.00    NW
15  -1,5   1,8   16.00  -5,4   04.00  17,0   0,0   0,0   0,7   7,0   18.30    NW
16  -2,8  -0,7   15.30  -6,7   00.00  18,3   0,0   0,4   0,9   7,0   00.30    NW
17  -4,3   1,7   18.51 -10,3   04.30  18,9   0,0   0,2   0,5   5,4   12.10    SE
18  -2,0   2,9   14.10  -9,7   04.11  17,5   0,0   0,0   2,1  11,8   18.57   SSW
19   0,7   3,2   15.22  -3,9   23.16  14,8   0,0   0,0   1,0   8,0   03.09    SW
20   0,7   3,2   18.09  -3,1   23.57  14,8   0,0   0,0   2,6  15,0   08.18    SE
21  -1,2   3,8   15.12  -6,4   04.26  16,7   0,0   0,0   0,8   6,5   15.46    SE
22  -1,3   3,0   17.15  -9,1   03.45  16,8   0,0   0,0   0,7   6,5   21.47   ESE
23  -1,5   3,1   16.27  -6,8   23.57  17,0   0,0   0,0   0,5   5,9   14.11    SE
24  -3,1   3,1   12.59 -10,3   04.34  18,6   0,0   0,0   0,7   5,9   16.57    SE
25  -2,5   2,3   13.29 -10,0   04.29  18,0   0,0   0,0   0,9   6,5   16.25    SE
26  -1,0   3,7   18.01  -5,9   04.38  16,4   0,0   0,0   0,4   4,3   14.40   ESE
27  -0,9   2,9   16.18  -5,1   04.12  16,4   0,0   0,0   0,7   6,5   15.03    NW
28   1,0   5,8   12.14  -5,8   04.09  14,4   0,0   0,0   0,8   5,4   10.49   ESE
29   1,6   7,3   13.52  -4,7   04.01  13,9   0,0   0,0   0,8   5,4   13.00    SE
30  -0,3   3,8   15.36  -5,6   03.44  15,8   0,0   0,0   0,8   7,0   15.46   NNE
----------------------------------------------------------------------------------
    -1,8   7,3    29   -15,4     9   516,1   0,0   8,9   0,9  15,0    20      SE

Max >=  18,0:  0
Max <=   0,0:  5
Min <=   0,0: 29
Min <= -18,0:  0
Max Rain: 2,3 on day 1
Days of Rain: 9 (>= 0,2 mm)  2 (>= 2,0 mm)  0 (>= 10,0 mm)
Heat Base: 15,5  Cool Base: 18,3  Method: Integration