NOAA style reports

NOAA-style Climate Reports

Select a Year or Month report
V/Λ2018 > Jan Feb Mar Apr May Jun Jul Aug Sep Oct Nov Dec
V/Λ2017 > Jan Feb Mar Apr May Jun Jul Aug Sep Oct Nov Dec
V/Λ2016 > Jan Feb Mar Apr May Jun Jul Aug Sep Oct Nov Dec
V/Λ2015 > Jan Feb Mar Apr May Jun Jul Aug Sep Oct Nov Dec
V/Λ2014 > Jan Feb Mar Apr May Jun Jul Aug Sep Oct Nov Dec
V/Λ2013 > Jan Feb Mar Apr May Jun Jul Aug Sep Oct Nov Dec

Report for 2017 May
                   Monthly Climatological Summary for mai 2017

Name: kvikklunsj.net   City: Alta   State: Norway
Elevation: 23 m  Lat: N 69° 55' 19"   Lon: E 023° 16' 15"

                  Temperature (°C), Rain (mm), Wind Speed (m/s)

                                      Heat  Cool        Avg
    Mean                              Deg   Deg         Wind                 Dom
Day Temp  High   Time   Low    Time   Days  Days  Rain  Speed High   Time    Dir
----------------------------------------------------------------------------------
 1   2,1   5,6   14.32  -0,7   02.36  13,4   0,0   3,2   1,0   7,6   15.48   SSE
 2   2,5   3,6   16.32   1,5   20.56  13,0   0,0   2,4   2,0  12,8   16.01    NW
 3   3,1   5,5   16.39   1,1   00.32  12,4   0,0   0,4   1,6  11,3   06.39    NW
 4   6,3   9,2   16.32   0,0   02.48   8,9   0,0   0,0   2,1  15,0   20.56   WNW
 5   4,2   7,9   00.00  -0,8   22.58  11,3   0,0   0,0   2,3  11,8   11.02    NW
 6  -0,6   1,1   12.33  -2,6   23.30  16,1   0,0   0,0   2,1  10,2   02.58    NW
 7  -2,3  -0,3   19.48  -4,7   10.05  17,8   0,0   0,0   1,6   8,6   18.29    NW
 8  -0,3   1,7   14.35  -2,2   03.28  15,8   0,0   0,4   2,1   8,0   02.53    NW
 9   0,6   2,7   13.48  -1,0   03.03  14,9   0,0   0,4   1,0   7,6   14.09     N
10   0,4   2,8   15.15  -2,4   23.55  15,0   0,0   0,2   1,0   5,9   09.41   NNE
11   0,0   2,8   15.39  -3,1   01.10  15,5   0,0   0,0   0,9   6,5   14.23   ESE
12   0,6   2,3   11.45  -1,9   03.01  14,9   0,0   0,0   0,9   7,0   13.18     E
13   1,8   5,4   15.03  -3,8   02.58  13,7   0,0   0,0   0,8   7,0   17.09    SE
14   2,2   6,8   16.34  -4,6   02.42  13,3   0,0   0,0   0,8   5,9   12.09    SE
15   3,2   7,3   12.04  -3,4   02.25  12,2   0,0   0,0   1,3   8,0   18.34    SE
16   6,0   9,7   11.49   1,6   01.39   9,5   0,0   0,0   0,9   6,5   00.09    SE
17   7,2  12,2   13.15   0,8   01.11   8,3   0,0   0,0   0,7   6,5   13.33    SE
18   7,8  11,9   16.12  -0,4   02.18   7,7   0,0   0,0   1,3   7,6   09.48    SE
19   5,1   8,8   09.33   1,2   04.35  10,4   0,0   0,2   0,8   6,5   15.35   NNW
20   4,4   8,2   17.52   1,3   02.43  11,0   0,0   0,2   0,6   7,0   11.16   NNW
21   7,7  11,2   12.50   4,2   00.00   7,8   0,0   0,0   0,7   5,9   13.01   SSW
22   6,6   9,3   11.03   2,7   23.53   8,9   0,0   0,2   1,1   8,0   12.23   NNE
23   3,0   5,4   16.59   1,2   23.59  12,5   0,0   0,2   1,6   8,6   06.20    NW
24   3,4   5,9   16.36  -0,7   02.20  12,1   0,0   0,0   0,5   4,3   08.23   NNW
25   4,6   9,1   09.46   0,2   23.39  10,9   0,0   1,8   1,5  12,8   16.54   NNW
26   2,1   4,1   14.31  -0,1   03.35  13,3   0,0   0,2   1,5   8,0   08.19    NW
27   3,9   6,1   18.12  -0,8   02.19  11,6   0,0   0,0   1,1   7,6   13.44   NNW
28   2,8   4,9   11.19  -0,4   02.28  12,7   0,0   3,0   1,2   9,6   11.40    SE
29   1,9   4,9   14.04  -0,1   10.15  13,6   0,0   1,0   1,6  10,2   16.22    NW
30   3,0   5,1   15.45   0,2   23.57  12,5   0,0   0,0   1,6  10,2   08.26   WNW
31   2,8   5,3   14.41  -1,3   00.45  12,7   0,0   0,2   1,5   9,6   16.16   NNW
----------------------------------------------------------------------------------
     3,1  12,2    17    -4,7     7   383,7   0,0  14,0   1,3  15,0     4     NNW

Max >=  18,0:  0
Max <=   0,0:  1
Min <=   0,0: 20
Min <= -18,0:  0
Max Rain: 3,2 on day 1
Days of Rain: 15 (>= 0,2 mm)  3 (>= 2,0 mm)  0 (>= 10,0 mm)
Heat Base: 15,5  Cool Base: 18,3  Method: Integration