NOAA style reports

NOAA-style Climate Reports

Select a Year or Month report
V/Λ2018 > Jan Feb Mar Apr May Jun Jul Aug Sep Oct Nov Dec
V/Λ2017 > Jan Feb Mar Apr May Jun Jul Aug Sep Oct Nov Dec
V/Λ2016 > Jan Feb Mar Apr May Jun Jul Aug Sep Oct Nov Dec
V/Λ2015 > Jan Feb Mar Apr May Jun Jul Aug Sep Oct Nov Dec
V/Λ2014 > Jan Feb Mar Apr May Jun Jul Aug Sep Oct Nov Dec
V/Λ2013 > Jan Feb Mar Apr May Jun Jul Aug Sep Oct Nov Dec

Report for 2017 Jun
                   Monthly Climatological Summary for jun 2017

Name: kvikklunsj.net   City: Alta   State: Norway
Elevation: 23 m  Lat: N 69° 55' 19"   Lon: E 023° 16' 15"

                  Temperature (°C), Rain (mm), Wind Speed (m/s)

                                      Heat  Cool        Avg
    Mean                              Deg   Deg         Wind                 Dom
Day Temp  High   Time   Low    Time   Days  Days  Rain  Speed High   Time    Dir
----------------------------------------------------------------------------------
 1   3,7   6,3   12.57   0,9   02.32  11,8   0,0   0,0   2,8  11,8   12.58     N
 2   3,7   5,1   18.43   2,2   10.34  11,8   0,0   0,4   3,0  11,3   12.43    NW
 3   4,3   6,1   16.11   2,7   23.24  11,2   0,0   0,0   3,0  10,7   07.31    NW
 4   3,6   4,7   16.58   2,5   00.13  11,9   0,0   7,6   1,7   7,6   09.28   NNW
 5   4,4   7,8   13.27   2,8   03.23  11,1   0,0   8,6   0,6   8,0   20.28    SE
 6   9,2  12,4   09.21   4,7   00.00   6,3   0,0   0,0   2,0   9,1   04.13    SE
 7  14,1  20,4   14.14   7,4   01.26   2,3   0,1   0,0   1,3   8,0   10.44    SE
 8  17,1  21,4   11.20   9,4   01.17   1,1   0,9   0,0   1,1   5,9   12.59    NW
 9  14,8  19,4   11.01   8,4   02.41   1,7   0,1   0,0   1,0   5,9   12.55   NNW
10  10,5  13,3   05.54   6,4   23.52   5,0   0,0   0,0   1,2   7,0   10.52     E
11   8,4  14,2   15.29   2,5   05.26   7,1   0,0   0,0   1,5   8,0   10.06    SE
12  10,0  13,3   15.46   4,3   01.17   5,5   0,0   0,0   1,3   6,5   15.00   NNW
13   7,1  10,3   15.42   1,9   02.53   8,4   0,0   0,0   1,3   7,0   12.12   NNW
14   9,6  14,7   22.40   5,7   02.13   5,8   0,0   0,0   1,0   5,9   11.57   NNW
15  12,5  16,3   15.06   6,3   02.33   3,0   0,0   0,0   0,6   4,3   11.14    NW
16   9,1  11,2   00.00   7,5   07.42   6,4   0,0   0,0   1,2   6,5   16.28    NW
17   9,1  11,2   12.44   6,2   23.59   6,4   0,0   0,0   0,9   5,4   13.59    NW
18   9,7  13,9   11.47   3,5   01.29   5,8   0,0   8,0   0,5   4,8   13.28    NW
19   9,4  11,2   16.29   8,1   01.31   6,1   0,0   8,6   0,1   2,6   18.51   NNW
20   9,9  13,5   12.43   5,2   23.59   5,6   0,0   0,0   0,8   5,9   13.51   NNE
21   4,8   6,6   11.25   2,8   05.03  10,7   0,0   5,4   1,3   9,1   18.46    NW
22   5,7   6,9   15.50   4,0   01.14   9,8   0,0   0,0   1,6   7,6   06.25   NNW
23   6,6   9,4   16.07   4,3   00.44   8,9   0,0   0,2   0,7   4,8   11.25   NNW
24   9,1  13,6   16.11   3,5   03.07   6,4   0,0   2,8   0,6   4,8   09.48    NW
25  10,8  14,0   16.00   7,6   04.11   4,7   0,0   5,8   1,1   7,0   03.30    SE
26   9,7  12,7   15.27   7,6   23.23   5,8   0,0   2,2   0,4   4,8   16.11    NW
27   7,8   8,9   13.12   6,6   23.01   7,7   0,0   0,8   0,7   5,9   11.39   NNE
28   8,9  12,7   17.50   6,3   23.35   6,6   0,0   0,0   0,3   3,7   18.19     N
29  11,0  15,4   15.25   4,1   02.09   4,4   0,0   0,0   0,7   6,5   10.05    NW
30  12,3  15,2   15.15   7,9   03.54   3,2   0,0   0,0   1,1   8,0   17.47    NW
----------------------------------------------------------------------------------
     8,9  21,4     8     0,9     1   202,5   1,1  50,4   1,2  11,8     1     NNW

Max >=  18,0:  3
Max <=   0,0:  0
Min <=   0,0:  0
Min <= -18,0:  0
Max Rain: 8,6 on day 5
Days of Rain: 11 (>= 0,2 mm)  8 (>= 2,0 mm)  0 (>= 10,0 mm)
Heat Base: 15,5  Cool Base: 18,3  Method: Integration