NOAA style reports

NOAA-style Climate Reports

Select a Year or Month report
V/Λ2018 > Jan Feb Mar Apr May Jun Jul Aug Sep Oct Nov Dec
V/Λ2017 > Jan Feb Mar Apr May Jun Jul Aug Sep Oct Nov Dec
V/Λ2016 > Jan Feb Mar Apr May Jun Jul Aug Sep Oct Nov Dec
V/Λ2015 > Jan Feb Mar Apr May Jun Jul Aug Sep Oct Nov Dec
V/Λ2014 > Jan Feb Mar Apr May Jun Jul Aug Sep Oct Nov Dec
V/Λ2013 > Jan Feb Mar Apr May Jun Jul Aug Sep Oct Nov Dec

Report for 2017 Jul
                   Monthly Climatological Summary for jul 2017

Name: kvikklunsj.net   City: Alta   State: Norway
Elevation: 23 m  Lat: N 69° 55' 19"   Lon: E 023° 16' 15"

                  Temperature (°C), Rain (mm), Wind Speed (m/s)

                                      Heat  Cool        Avg
    Mean                              Deg   Deg         Wind                 Dom
Day Temp  High   Time   Low    Time   Days  Days  Rain  Speed High   Time    Dir
----------------------------------------------------------------------------------
 1  14,8  18,4   15.45   8,9   03.34   1,4   0,0   0,0   0,4   4,3   11.56   NNW
 2  20,3  25,4   14.37  11,6   00.43   0,2   2,8   0,0   1,8  11,3   16.24    SE
 3  11,8  14,7   00.00  10,1   22.45   3,7   0,0   0,0   0,9   8,0   18.06    NW
 4   8,7  10,1   00.00   7,6   23.17   6,8   0,0   6,6   0,6   4,8   00.11   NNW
 5   6,7   7,7   00.00   5,3   23.42   8,8   0,0  19,4   0,2   3,7   08.00   NNW
 6   7,1   9,0   16.27   5,1   00.39   8,4   0,0   4,4   0,8   8,6   15.38    NW
 7  10,1  14,6   16.32   5,4   02.10   5,4   0,0   0,0   0,4   6,5   16.17    NW
 8  11,5  14,8   13.34   3,8   00.53   3,9   0,0   0,0   0,4   4,3   10.16    NW
 9  17,7  23,0   17.26  10,4   04.10   0,9   1,4   0,0   1,2  11,3   13.33    SE
10  18,0  22,0   14.02  13,8   23.19   0,2   1,0   1,2   2,0  12,4   13.07    SE
11  14,1  16,3   16.07  12,2   06.55   1,5   0,0   3,6   0,5   4,8   15.23    NW
12  14,3  15,9   07.59  11,9   23.57   1,2   0,0   4,6   0,3   4,3   15.52    NW
13  10,9  12,2   16.44   8,9   23.57   4,6   0,0   1,0   1,2   7,6   16.09   NNW
14   9,7  11,8   18.39   7,8   02.52   5,8   0,0   6,0   0,4   7,0   22.20    NW
15  14,4  18,1   19.31   9,7   01.32   1,6   0,0   1,8   1,1  11,8   13.59    SE
16  15,9  22,3   16.18   7,2   01.36   1,7   0,8   0,0   2,3  15,0   11.53    SE
17  15,5  20,4   15.33  11,4   23.42   1,0   0,1   2,2   1,4  11,3   06.57    SE
18  11,4  12,0   19.52  10,9   09.26   4,1   0,0  12,2   0,5   4,3   14.36   NNE
19  11,1  13,7   12.40   9,4   23.16   4,4   0,0   0,0   1,0   5,4   04.22    NW
20   9,7  10,8   13.10   8,5   23.59   5,8   0,0   0,2   0,7   5,9   14.41    NW
21  10,8  13,3   09.09   7,7   02.18   4,7   0,0   0,0   0,4   4,8   10.39    NW
22  13,6  18,6   16.57   9,9   02.30   2,4   0,0   0,0   0,7   7,0   21.01    SE
23  16,1  21,4   12.16   9,2   03.32   1,3   0,5   0,0   0,8   6,5   00.36   ESE
24  15,7  20,8   09.35   7,6   01.55   1,7   0,4   0,0   0,5   4,8   16.08   NNW
25  15,3  19,4   08.10   8,6   01.11   1,6   0,1   0,0   0,6   4,8   10.18   NNW
26  11,6  13,5   16.14   9,2   03.02   3,9   0,0   0,0   0,3   3,7   16.21   NNW
27  12,9  16,0   15.49   9,4   01.02   2,6   0,0   0,2   0,5   4,8   16.01    NW
28  12,8  15,6   16.34  10,9   04.45   2,7   0,0   0,0   0,2   3,7   16.42    NW
29  14,3  18,3   13.36   8,1   03.09   1,8   0,0   0,0   0,3   4,3   13.41    NW
30  12,0  14,8   00.00   8,0   23.56   3,5   0,0  17,8   0,4   5,4   22.44    NW
31   8,6  10,3   19.32   7,1   04.52   6,9   0,0  10,2   0,3   6,5   20.31    NW
----------------------------------------------------------------------------------
    12,8  25,4     2     3,8     8   104,5   7,1  91,4   0,7  15,0    16      NE

Max >=  18,0: 12
Max <=   0,0:  0
Min <=   0,0:  0
Min <= -18,0:  0
Max Rain: 19,4 on day 5
Days of Rain: 15 (>= 0,2 mm)  10 (>= 2,0 mm)  4 (>= 10,0 mm)
Heat Base: 15,5  Cool Base: 18,3  Method: Integration