NOAA style reports

NOAA-style Climate Reports

Select a Year or Month report
V/Λ2018 > Jan Feb Mar Apr May Jun Jul Aug Sep Oct Nov Dec
V/Λ2017 > Jan Feb Mar Apr May Jun Jul Aug Sep Oct Nov Dec
V/Λ2016 > Jan Feb Mar Apr May Jun Jul Aug Sep Oct Nov Dec
V/Λ2015 > Jan Feb Mar Apr May Jun Jul Aug Sep Oct Nov Dec
V/Λ2014 > Jan Feb Mar Apr May Jun Jul Aug Sep Oct Nov Dec
V/Λ2013 > Jan Feb Mar Apr May Jun Jul Aug Sep Oct Nov Dec

Report for 2017 Aug
                   Monthly Climatological Summary for aug 2017

Name: kvikklunsj.net   City: Alta   State: Norway
Elevation: 23 m  Lat: N 69° 55' 19"   Lon: E 023° 16' 15"

                  Temperature (°C), Rain (mm), Wind Speed (m/s)

                                      Heat  Cool        Avg
    Mean                              Deg   Deg         Wind                 Dom
Day Temp  High   Time   Low    Time   Days  Days  Rain  Speed High   Time    Dir
----------------------------------------------------------------------------------
 1  12,4  15,2   19:30   9,3   04:00   3,1   0,0   0,0   1,5  10,7   02:30    SE
 2  14,7  17,4   10:00  12,7   23:30   1,0   0,0   2,8   0,3   4,8   17:00    NW
 3  13,2  15,1   09:30  11,3   00:00   2,3   0,0   0,0   0,2   3,2   10:00    NW
 4  13,5  17,2   18:00  11,0   02:30   2,1   0,0   0,0   0,3   7,0   00:00    SE
 5  14,1  17,7   13:00  11,1   03:30   1,7   0,0   0,0   1,1   9,1   23:00    SE
 6  12,5  15,4   15:30  10,8   05:00   3,0   0,0   0,0   1,7   8,0   00:00    SE
 7  12,5  16,5   15:30  10,1   03:00   3,1   0,0   2,4   1,0   7,0   01:30    SE
 8  12,6  16,7   14:30   6,5   00:00   2,9   0,0   0,8   0,3   4,3   17:00    NW
 9  10,6  13,7   14:00   5,1   03:30   4,9   0,0   0,0   0,2   3,8   17:00    NW
10  13,3  18,6   17:30   9,7   04:00   2,5   0,0   0,0   0,4   5,9   16:30    SE
11  13,2  15,8   16:30   9,7   00:00   2,3   0,0   2,6   0,4   6,4   12:30    NW
12  14,3  20,3   16:30   8,9   01:00   2,2   0,1   3,4   1,3  10,2   17:30    SE
13  10,0  12,9   16:30   5,1   23:00   5,5   0,0  16,2   0,2   4,8   13:00    NW
14  10,2  15,6   14:30   3,9   04:00   5,3   0,0   0,4   0,3   6,4   15:00    NW
15   9,9  11,9   14:00   5,4   00:00   5,6   0,0   0,0   0,6   9,1   01:30    NW
16  13,4  21,2   16:00   3,3   02:00   3,7   0,4   0,4   1,4  10,2   13:00    SE
17  13,0  16,3   12:30   9,1   00:00   2,5   0,0   4,0   1,0   7,5   12:00    SE
18  13,2  19,3   14:30   5,2   03:00   3,3   0,1   0,0   0,9   8,6   10:30    SE
19  15,3  21,4   14:30  11,5   00:00   1,2   0,2   0,4   0,4   5,4   12:00    SE
20  11,2  12,2   10:00   9,8   00:00   4,3   0,0  16,2   0,5   5,9   14:30    NW
21   9,1  10,9   11:30   6,2   00:00   6,4   0,0   3,0   0,3   4,3   01:00    NW
22   7,7  10,7   15:00   3,1   03:00   7,8   0,0   1,0   0,1   3,2   11:30    NW
23   7,2  10,6   16:30   3,1   06:00   8,1   0,0   1,6   0,0   2,7   11:00    NW
24   7,2   9,8   14:59   4,2   04:58   8,3   0,0   0,4   0,1   3,7   15:04     N
25   6,8   8,1   22:39   5,8   08:46   8,6   0,0  11,8   1,7  10,2   14:13    NW
26   8,0   9,3   17:45   6,6   04:05   7,5   0,0   4,2   1,5   7,6   02:39    NW
27   8,2  10,2   18:34   4,4   21:59   7,3   0,0   0,0   1,1   4,3   00:00    NW
28  10,8  16,4   16:43   4,4   00:38   4,7   0,0   0,0   1,2   9,6   11:28    SE
29  12,8  17,7   12:53   9,2   23:41   2,8   0,0   7,6   1,9  11,3   08:11    SE
30  12,0  17,2   14:15   4,8   05:29   3,6   0,0   0,2   1,1  10,2   12:40    SE
31  10,7  12,9   13:53   7,7   23:13   4,8   0,0   0,2   0,7   5,9   03:31   SSE
----------------------------------------------------------------------------------
    11,4  21,4    19     3,1    22   132,4   0,8  79,6   1,0  11,3    29      SE

Max >=  18,0:  5
Max <=   0,0:  0
Min <=   0,0:  0
Min <= -18,0:  0
Max Rain: 16,2 on day 13
Days of Rain: 20 (>= 0,2 mm)  11 (>= 2,0 mm)  3 (>= 10,0 mm)
Heat Base: 15,5  Cool Base: 18,3  Method: Integration