NOAA style reports

NOAA-style Climate Reports

Select a Year or Month report
V/Λ2018 > Jan Feb Mar Apr May Jun Jul Aug Sep Oct Nov Dec
V/Λ2017 > Jan Feb Mar Apr May Jun Jul Aug Sep Oct Nov Dec
V/Λ2016 > Jan Feb Mar Apr May Jun Jul Aug Sep Oct Nov Dec
V/Λ2015 > Jan Feb Mar Apr May Jun Jul Aug Sep Oct Nov Dec
V/Λ2014 > Jan Feb Mar Apr May Jun Jul Aug Sep Oct Nov Dec
V/Λ2013 > Jan Feb Mar Apr May Jun Jul Aug Sep Oct Nov Dec

Report for 2017 Sep
                   Monthly Climatological Summary for sep 2017

Name: kvikklunsj.net   City: Alta   State: Norway
Elevation: 23 m  Lat: N 69° 55' 19"   Lon: E 023° 16' 15"

                  Temperature (°C), Rain (mm), Wind Speed (m/s)

                                      Heat  Cool        Avg
    Mean                              Deg   Deg         Wind                 Dom
Day Temp  High   Time   Low    Time   Days  Days  Rain  Speed High   Time    Dir
----------------------------------------------------------------------------------
 1   7,9  10,1   10.20   3,8   04.13   7,6   0,0   0,6   0,3   4,3   17.16    NW
 2   7,8  14,3   12.30   2,7   04.26   7,7   0,0   0,4   0,1   3,2   11.19   ESE
 3  11,2  16,9   11.25   2,2   01.02   4,6   0,0   0,0   0,2   5,4   12.13    SE
 4  11,6  17,9   13.29   4,3   22.32   4,3   0,0   0,0   0,1   4,3   23.56   NNW
 5  13,1  18,1   14.29   8,2   03.52   2,7   0,0   0,0   2,4  13,9   11.24    SE
 6  11,8  16,6   16.00   7,8   06.31   3,8   0,0   0,0   2,6  12,4   14.49    SE
 7  11,0  17,9   15.30   1,8   05.19   4,9   0,0   0,0   0,8   7,6   13.06    SE
 8  10,2  14,6   15.31   4,0   04.29   5,3   0,0   0,0   1,2   9,1   13.43    SE
 9   8,9  12,6   15.25   5,8   04.47   6,6   0,0   0,0   1,7  10,7   10.19    SE
10   8,4  10,0   17.21   7,4   06.05   7,1   0,0   0,0   2,7  15,6   09.26    SE
11   9,7  13,0   21.13   7,4   00.00   5,7   0,0   0,6   3,1  17,2   01.28    SE
12  13,4  15,4   13.38  10,8   04.28   1,9   0,0   0,0   2,7  13,9   13.02    SE
13  10,4  12,8   00.00   7,9   21.31   5,1   0,0   0,0   1,9  12,8   00.42    SE
14   7,9   9,4   11.27   5,7   22.55   7,4   0,0   0,0   0,6   6,5   03.53    SE
15   5,8   6,9   19.20   4,1   09.52   9,6   0,0   6,4   1,1   6,5   03.17    NW
16   7,1   8,9   13.32   5,9   20.59   8,4   0,0   0,0   0,4   4,8   00.56    NW
17   8,0  11,1   14.17   6,2   00.47   7,5   0,0   2,0   0,4   5,4   01.43    SE
18   8,0  10,0   13.37   6,4   23.45   7,5   0,0   0,4   0,2   5,9   20.27    SE
19   6,5   9,1   12.36   3,7   06.38   9,0   0,0   0,0   0,8   7,6   14.17    SE
20   5,4   6,5   14.07   3,8   23.56  10,1   0,0   0,0   1,9   8,6   15.16    SE
21   6,1   9,2   12.24   1,1   06.50   9,4   0,0   0,0   1,9  11,3   10.44    SE
22   8,6  14,9   13.34   1,6   23.52   6,9   0,0   0,0   0,9   8,6   01.08    SE
23   7,0  13,4   13.59   0,6   06.07   8,5   0,0   0,0   0,5  10,7   10.24    SE
24  10,0  15,9   14.43   5,5   05.21   5,5   0,0   0,0   0,5   7,0   21.11    SE
25   7,5  13,8   14.16  -0,2   06.46   8,0   0,0   0,0   0,1   2,6   00.01     E
26   7,6  13,9   14.39   1,9   23.49   7,9   0,0   0,0   0,5   5,4   06.42    SE
27   4,4  13,3   13.12  -1,6   03.18  11,1   0,0   0,0   0,1   2,2   08.58    NE
28   4,5   8,8   14.48  -0,9   01.08  11,0   0,0   0,2   0,7   6,5   15.00    SE
29   5,6  11,3   14.13  -0,9   23.58   9,9   0,0   0,0   0,3   4,3   05.24    SE
30   5,3  14,4   15.18  -1,8   02.25  10,2   0,0   0,2   0,2   5,4   23.11    SE
----------------------------------------------------------------------------------
     8,4  18,1     5    -1,8    30   215,2   0,0  10,8   1,0  17,2    11      SE

Max >=  18,0:  1
Max <=   0,0:  0
Min <=   0,0:  5
Min <= -18,0:  0
Max Rain: 6,4 on day 15
Days of Rain: 8 (>= 0,2 mm)  2 (>= 2,0 mm)  0 (>= 10,0 mm)
Heat Base: 15,5  Cool Base: 18,3  Method: Integration