NOAA style reports

NOAA-style Climate Reports

Select a Year or Month report

Report for 2017 Nov
                   Monthly Climatological Summary for nov 2017

Name: kvikklunsj.net   City: Alta   State: Norway
Elevation: 23 m  Lat: N 69° 55' 19"   Lon: E 023° 16' 15"

                  Temperature (°C), Rain (mm), Wind Speed (m/s)

                                      Heat  Cool        Avg
    Mean                              Deg   Deg         Wind                 Dom
Day Temp  High   Time   Low    Time   Days  Days  Rain  Speed High   Time    Dir
----------------------------------------------------------------------------------
 1  -5,6  -0,1   23.57 -12,3   06.08  21,1   0,0   0,0   1,4  13,9   22.54    SE
 2   1,3   3,5   23.29  -2,1   15.56  14,2   0,0   2,2   2,6  15,6   21.44    SE
 3   4,1   5,5   22.27   2,1   08.03  11,4   0,0   0,8   2,6  14,5   02.22   SSE
 4   2,7   5,6   00.07  -1,3   22.08  12,8   0,0   0,0   1,4   8,0   10.53    SE
 5  -2,3  -0,1   04.56  -4,4   17.33  17,8   0,0   0,0   0,3   4,3   13.05    SE
 6  -0,9   3,4   23.17  -3,0   06.25  16,4   0,0  12,0   0,5   9,6   20.51    NW
 7   1,5   4,3   09.13  -2,7   21.42  14,0   0,0   0,2   1,3   8,6   00.27    NW
 8   0,5   1,9   13.31  -1,7   00.00  15,0   0,0   0,0   0,8  10,7   01.19    SE
 9  -0,5   3,3   22.29  -4,6   07.19  15,9   0,0   3,4   1,3  13,9   15.11    SE
10  -2,0   1,3   00.00  -5,6   17.53  17,4   0,0   3,8   0,9   7,0   09.30    SE
11  -3,3  -0,9   12.43  -5,2   19.47  18,8   0,0   0,0   0,9   8,6   03.10    SE
12  -3,4  -0,9   07.36  -5,8   13.52  18,9   0,0   0,0   0,7  11,8   02.03    SE
13  -6,6  -3,4   23.30 -11,2   09.08  22,1   0,0   0,0   0,0   1,6   03.45    SE
14  -2,1  -1,3   10.58  -3,4   00.00  17,6   0,0   0,0   0,0   0,0   00.00   ---
15  -2,9  -0,4   03.55  -5,9   22.34  18,3   0,0   0,0   0,0   0,0   00.00   ---
16 -10,9  -5,8   00.00 -14,0   12.46  26,4   0,0   0,0   0,1   2,6   22.20    SE
17 -10,9  -8,2   23.42 -13,1   07.51  26,4   0,0   0,0   0,1   3,2   07.03    SE
18  -7,6  -6,2   15.46  -8,9   09.11  23,0   0,0   0,0   0,1   2,6   15.58    SE
19  -9,3  -5,9   16.02 -13,9   22.56  24,8   0,0   0,0   0,0   0,5   04.40   ---
20 -14,2 -11,4   04.41 -17,2   15.40  29,7   0,0   0,0   0,0   1,1   04.08    SE
21 -12,3 -11,2   02.03 -15,2   07.30  27,8   0,0   0,0   0,1   1,6   17.27    SE
22 -12,9 -10,3   08.40 -15,6   20.49  28,4   0,0   0,0   0,1   2,2   19.35    SE
23 -12,8  -8,4   23.17 -16,2   04.20  28,2   0,0   0,0   1,3  19,8   18.36    SE
24  -5,0  -2,9   22.27  -8,6   00.00  20,5   0,0   0,0   3,0  23,6   02.59    SE
25  -1,2   1,4   07.35  -3,7   21.32  16,7   0,0   0,0   0,9  11,8   07.27    SE
26  -4,4  -0,9   05.32 -11,4   23.53  19,9   0,0   0,0   1,0   9,6   09.29    SE
27 -11,0  -6,8   22.59 -14,9   07.04  26,5   0,0   0,0   0,0   3,2   22.56    SE
28  -3,5   0,4   23.58  -7,6   04.16  19,0   0,0   0,0   1,3  13,4   23.53   SSE
29  -3,8   1,4   00.51 -10,4   21.57  19,3   0,0   0,0   1,7  11,3   03.53    SE
30 -13,8 -10,3   00.00 -16,2   16.04  29,3   0,0   0,0   1,4   7,0   02.33    SE
----------------------------------------------------------------------------------
    -5,1   5,6     4   -17,2    20   617,6   0,0  22,4   0,9  23,6    24      SE

Max >=  18,0:  0
Max <=   0,0: 19
Min <=   0,0: 29
Min <= -18,0:  0
Max Rain: 12,0 on day 6
Days of Rain: 6 (>= 0,2 mm)  4 (>= 2,0 mm)  1 (>= 10,0 mm)
Heat Base: 15,5  Cool Base: 18,3  Method: Integration