NOAA style reports

NOAA-style Climate Reports

Select a Year or Month report

Report for 2017 Dec
                   Monthly Climatological Summary for des 2017

Name: kvikklunsj.net   City: Alta   State: Norway
Elevation: 23 m  Lat: N 69° 55' 19"   Lon: E 023° 16' 15"

                  Temperature (°C), Rain (mm), Wind Speed (m/s)

                                      Heat  Cool        Avg
    Mean                              Deg   Deg         Wind                 Dom
Day Temp  High   Time   Low    Time   Days  Days  Rain  Speed High   Time    Dir
----------------------------------------------------------------------------------
 1  -8,8  -1,3   23.56 -15,7   03.01  24,3   0,0   0,0   2,5  15,6   21.04    SE
 2  -2,6  -0,3   13.08  -6,2   21.51  18,1   0,0   0,5   1,7   8,6   00.13    SE
 3  -5,2  -1,7   21.49  -7,1   18.57  20,7   0,0   0,0   0,3   7,0   00.24    SE
 4  -7,0  -4,6   03.16 -10,9   18.45  22,5   0,0   3,0   0,4   8,0   21.40    SE
 5 -10,7  -4,0   03.07 -16,4   22.07  26,2   0,0   0,9   0,3   5,4   02.54    SE
 6 -13,6  -9,9   03.01 -16,8   11.17  29,1   0,0   0,0   0,1   4,3   03.19    SE
 7 -13,6 -12,4   20.09 -16,0   16.57  29,1   0,0   0,0   0,7   7,6   23.57    SE
 8  -7,9  -4,7   23.50 -13,2   00.00  23,4   0,0   0,0   3,1  16,7   03.53    SE
 9  -4,3  -3,6   23.05  -4,7   00.00  19,8   0,0   0,1   1,8  13,9   06.04    SE
10  -1,1   1,5   13.10  -4,2   04.24  16,6   0,0   0,0   2,6  15,0   16.22    SE
11  -2,0  -0,1   00.05  -3,2   16.08  17,5   0,0   0,1   1,5  11,8   20.52    SE
12  -3,7  -1,7   00.42  -6,9   17.41  19,2   0,0   0,2   1,3  10,2   00.12    SE
13  -2,1   1,9   18.22  -5,3   04.59  17,5   0,0   0,6   0,5   7,0   15.35    NW
14  -0,7   2,1   10.31  -8,3   23.54  16,2   0,0   8,4   1,2   8,0   16.20    SE
15  -5,4  -2,3   17.53  -9,7   04.24  20,9   0,0   2,2   1,2   8,0   11.48    SE
16 -13,8  -3,7   00.47 -19,4   15.31  29,3   0,0   0,0   0,1   6,5   00.22    SE
17  -9,9  -8,9   12.28 -11,9   00.00  25,4   0,0   0,3   0,9   5,9   20.53    SE
18 -12,1  -9,2   00.00 -13,7   18.58  27,6   0,0   0,0   0,3   4,3   13.50    SE
19  -4,9   2,7   23.48 -13,0   00.43  20,3   0,0   0,0   2,3  13,9   17.51    SE
20   2,5   5,1   02.25  -0,2   17.33  13,0   0,0   2,0   1,9  12,4   18.31    SE
21   0,7   3,2   12.38  -2,3   17.48  14,8   0,0   0,0   1,9  11,3   10.17    SE
22  -0,7   0,9   17.26  -2,4   01.07  15,9   0,0   0,8   1,7   8,6   02.02    SE
23  -8,2  -1,7   00.00 -13,8   22.57  22,7   0,0   0,0   1,0   7,0   00.04    SE
24 -14,2   0,0   00.07 -14,8   20.56  29,6   0,0   0,0   0,7   5,9   00.26    SE
25 -16,7 -13,9   20.49 -18,4   13.12  32,2   0,0   0,0   0,1   3,2   07.07    SE
26 -15,0 -10,6   13.46 -19,3   01.53  30,4   0,0   0,0   0,0   2,6   13.24    SE
27 -15,3 -11,8   22.12 -19,3   05.04  30,8   0,0   1,6   0,0   2,6   15.57    SE
28 -10,1  -7,0   15.43 -14,4   23.59  25,6   0,0   2,2   0,4   5,9   19.52    SE
29 -15,3 -11,3   23.53 -17,1   10.04  30,8   0,0   0,0   0,5   7,0   01.14    SE
30  -6,6  -2,2   14.50 -11,3   00.00  22,0   0,0   0,0   0,9  13,4   15.22    SE
31 -13,8  -6,9   00.00 -18,2   12.25  29,3   0,0   0,0   0,1   5,4   23.02    SE
----------------------------------------------------------------------------------
    -7,8   5,1    20   -19,4    16   720,8   0,0  22,9   1,0  16,7     8      SE

Max >=  18,0:  0
Max <=   0,0: 24
Min <=   0,0: 31
Min <= -18,0:  5
Max Rain: 8,4 on day 14
Days of Rain: 12 (>= 0,2 mm)  5 (>= 2,0 mm)  0 (>= 10,0 mm)
Heat Base: 15,5  Cool Base: 18,3  Method: Integration