NOAA style reports

NOAA-style Climate Reports

Select a Year or Month report

Report for 2018
                   Annual Climatological Summary for 2018

Name: kvikklunsj.net   City: Alta   State: Norge
Elevation: 16 m  Lat: N 69° 52' 21"   Lon: E 023° 28' 10"

                  Temperature (°C), Heat Base: 15,5  Cool Base: 18,3
                          Dep.  Heat  Cool                       Max  Max  Min  Min
        Mean  Mean        From  Deg   Deg                        >=   <=   <=   <=
 YR MO  Max   Min   Mean  Norm  Days  Days  Hi  Date  Low  Date 18,0  0,0  0,0 -18,0
------------------------------------------------------------------------------------
 18  1  -6,2 -14,3 -10,0  -1,3   748     0   2,5  10 -21,3   28    0   29   31    7
 18  2  -7,6 -16,0 -11,7  -3,8   760     0   4,3  28 -22,7   24    0   26   28   12
 18  3  -3,6 -14,1  -8,5  -3,3   743     0   3,2   1 -23,1    9    0   26   31   12
 18  4   3,9  -4,7   0,1   0,7   463     0   9,2  13 -19,0    3    0    4   25    1
 18  5  12,7   3,8   8,5   3,7   220     0  21,2  11  -5,4    2    4    0    2    0
 18  6  12,1   6,2   9,3  -0,7   189     0  22,9  18   1,8    5    3    0    0    0
 18  7  21,3  10,8  16,2   2,8    53    44  33,2  18   6,0   27   22    0    0    0
 18  8  16,0   7,7  12,4   0,4   112     8  31,6   1   0,1   29    7    0    0    0
 18  9  12,4   3,2   8,1   0,9   225     1  23,9   3  -2,5   29    3    0    5    0
 18 10   4,6  -2,1   1,2  -0,4   442     0  13,9  14  -9,8   30    0    4   23    0
 18 11   4,4  -1,7   1,5   5,1   417     0   9,4   6 -10,8   29    0    2   18    0
 18 12  -0,7  -7,8  -3,6   3,4   227     0   5,0   1 -21,8    9    0    5   10    2
------------------------------------------------------------------------------------
         5,8  -2,4   2,0   0,6  4605    54  33,2 jul -23,1  mar   39   96  173   34

                                Precipitation (mm)

              Dep.   Max        Days of Rain
              From   Obs.           >=
 YR MO Total  Norm   Day Date  0,2  2,0 10,0
---------------------------------------------
 18  1  23,6  -8,4   5,2  26    12    4    0
 18  2   3,0 -22,0   1,2   6     6    0    0
 18  3  40,8  17,8  10,8  26    18    7    1
 18  4  10,2  -6,8   3,0  28    12    2    0
 18  5  29,0   9,0  12,5  16     8    3    2
 18  6  44,4  11,4  14,4  11    17    7    1
 18  7  43,2 -10,8  23,2  25     8    5    1
 18  8  78,4  29,4  15,0   3    21    9    2
 18  9  40,6   2,6  20,0  16    14    4    1
 18 10  26,6 -12,4  10,6  15    12    4    1
 18 11  33,2  -0,8   8,4  23    14    5    0
 18 12  19,3 -16,7   5,3   6    10    3    0
---------------------------------------------
       392,3  -7,7  23,2  jul  152   53    9

                                Wind Speed (m/s)
                          Dom
 YR MO   Avg.  Hi   Date  Dir
------------------------------
 18  1   0,6  26,9   15    SØ
 18  2   0,9  13,0    7    SØ
 18  3   0,5   9,8   31    SØ
 18  4   0,9  10,7   12    SØ
 18  5   1,4  13,4   26    SØ
 18  6   1,1  16,5   15    NV
 18  7   0,7  11,2   19   NNV
 18  8   0,7  15,2   30    SØ
 18  9   0,8  17,0    3    SØ
 18 10   0,7  16,1   13    SØ
 18 11   1,2  16,5   23    SØ
 18 12   1,3  17,0    3    SØ
------------------------------
         0,9  26,9  jan    SØ