NOAA style reports

NOAA-style Climate Reports

Select a Year or Month report
V/Λ2018 > Jan Feb Mar Apr May Jun Jul Aug Sep Oct Nov Dec
V/Λ2017 > Jan Feb Mar Apr May Jun Jul Aug Sep Oct Nov Dec
V/Λ2016 > Jan Feb Mar Apr May Jun Jul Aug Sep Oct Nov Dec
V/Λ2015 > Jan Feb Mar Apr May Jun Jul Aug Sep Oct Nov Dec
V/Λ2014 > Jan Feb Mar Apr May Jun Jul Aug Sep Oct Nov Dec
V/Λ2013 > Jan Feb Mar Apr May Jun Jul Aug Sep Oct Nov Dec

Report for 2018 Jan
                   Monthly Climatological Summary for jan 2018

Name: kvikklunsj.net   City: Alta   State: Norge
Elevation: 16 m  Lat: N 70° 32' 21"   Lon: E 023° 28' 10"

                  Temperature (°C), Rain (mm), Wind Speed (m/s)

                                      Heat  Cool        Avg
    Mean                              Deg   Deg         Wind                 Dom
Day Temp  High   Time   Low    Time   Days  Days  Rain  Speed High   Time    Dir
----------------------------------------------------------------------------------
 1  -7,1  -2,2   20:00 -13,9   07:30  22,5   0,0   0,0   1,2  10,7   19:30    SE
 2 -11,4  -2,9   00:30 -18,8   19:30  26,9   0,0   0,0   0,4   8,6   01:30    SE
 3  -7,6  -5,8   00:00 -15,2   00:00  23,0   0,0   0,0   0,0   1,6   12:30    SE
 4  -5,9  -0,8   15:30 -12,1   08:00  21,4   0,0   3,6   0,2   4,3   14:00    SE
 5 -13,6  -9,2   02:00 -16,6   19:00  29,1   0,0   0,2   0,2   4,3   07:30    SE
 6  -8,3  -2,8   00:00 -15,7   00:00  23,8   0,0   1,2   0,1   4,8   18:00    NW
 7 -11,0  -2,6   03:30 -18,1   18:30  26,5   0,0   1,2   0,2   5,9   04:00    NW
 8  -3,2   2,1   16:00 -15,3   01:30  18,7   0,0   0,0   1,9  16,1   10:30    SE
 9  -6,7  -2,1   00:30 -10,4   09:00  22,2   0,0   1,0   0,1   3,2   00:30    SE
10  -1,5   2,5   06:30  -7,3   01:00  17,0   0,0   1,4   0,3   4,3   05:30    SE
11  -6,3  -1,0   07:00 -10,1   23:30  21,8   0,0   0,8   0,5   5,4   07:00    SE
12  -6,1  -2,4   13:00 -11,1   16:00  21,6   0,0   0,0   3,1   6,4   04:00    SE
13  -6,1  -2,3   13:24 -11,1   16:00  14,4   0,0   0,0  ----   6,5   03:40    SE
14  -9,4  -8,1   13:04 -11,1   11:51   4,0   0,0   0,2  ----  13,9   15:14    SE
15  -2,0   0,0   19:42  -2,6   22:55   3,1   0,0   0,0  ----  26,9   17:34    SE
16  -5,8  -2,0   00:15  -7,7   21:25  21,3   0,0   0,0  ----  23,0   00:10    SE
17  -9,5  -7,1   02:35 -13,5   21:10  25,0   0,0   0,0  ----  14,5   03:05    SE
18 -14,5 -12,3   00:30 -17,2   15:30  29,3   0,0   0,0  ----  10,7   02:50    SE
19 -13,8  -9,8   23:30 -16,2   12:30  28,6   0,0   0,0  ----  11,3   23:30    SE
20 -15,9 -11,1   16:04 -18,2   22:24  27,5   0,0   0,0   0,1  13,9   08:20    SE
21 -13,9 -12,4   14:05 -15,6   04:50  32,2   0,0   0,0   1,2   9,6   20:30    SE
22 -15,3 -13,6   15:35 -17,6   23:20  33,6   0,0   0,0   1,2  10,2   00:15    SE
23 -17,5 -11,4   17:40 -19,4   23:50  35,8   0,0   0,0   0,1   6,5   17:40    SE
24 -18,6 -15,8   23:50 -20,8   06:00  36,9   0,0   0,6   0,7   7,0   02:35    SE
25 -13,9 -11,3   20:00 -15,9   00:05  32,2   0,0   3,0   0,0   4,8   00:15    SE
26  -5,8  -0,9   11:05 -12,4   00:00  24,1   0,0   5,2   0,0   0,0   00:00     E
27 -10,3  -4,9   02:05 -16,3   23:25  28,6   0,0   5,2   0,0   5,4   23:35    SE
28 -17,4 -16,0   00:15 -21,3   21:00  35,7   0,0   0,0   0,0   3,2   11:25    SE
29 -11,1  -8,2   20:15 -18,1   00:00  29,4   0,0   0,0   0,4  10,2   15:05    SE
30 -10,3  -9,3   20:52 -11,6   23:03   5,8   0,0   0,0   0,9   9,8   06:27    SE
31 -10,9  -9,2   08:17 -13,0   05:31  26,2   0,0   0,0   1,8  11,2   09:53    SE
----------------------------------------------------------------------------------
   -10,0   2,5    10   -21,3    28   748,2   0,0  23,6   0,6  26,9    15      SE

Max >=  18,0:  0
Max <=   0,0: 29
Min <=   0,0: 31
Min <= -18,0:  7
Max Rain: 5,2 on day 26
Days of Rain: 12 (>= 0,2 mm)  4 (>= 2,0 mm)  0 (>= 10,0 mm)
Heat Base: 15,5  Cool Base: 18,3  Method: Integration