NOAA style reports

NOAA-style Climate Reports

Select a Year or Month report

Report for 2018 Feb
                   Monthly Climatological Summary for feb 2018

Name: kvikklunsj.net   City: Alta   State: Norge
Elevation: 16 m  Lat: N 69° 52' 21"   Lon: E 023° 28' 10"

                  Temperature (°C), Rain (mm), Wind Speed (m/s)

                                      Heat  Cool        Avg
    Mean                              Deg   Deg         Wind                 Dom
Day Temp  High   Time   Low    Time   Days  Days  Rain  Speed High   Time    Dir
----------------------------------------------------------------------------------
 1 -15,6 -10,0   08:39 -20,2   23:32  31,1   0,0   0,0   0,4   5,8   08:18    SE
 2 -20,4 -19,0   23:56 -22,4   07:09  35,9   0,0   0,0   0,2   4,0   20:13    SE
 3 -19,0 -17,9   13:29 -20,3   08:04  34,5   0,0   0,0   1,1   5,8   21:59    SE
 4 -18,4 -16,9   02:20 -20,0   06:09  33,9   0,0   0,0   1,1   7,2   21:57    SE
 5  -8,9  -5,1   16:53 -17,7   00:00  24,4   0,0   0,0   0,9   7,2   02:30    SE
 6  -9,2  -5,9   00:16 -13,6   23:33  24,7   0,0   1,2   1,0   8,9   18:38    SE
 7 -12,1  -9,4   03:05 -16,6   20:25  27,4   0,0   0,0   1,9  13,0   08:55    SE
 8 -13,7 -11,4   11:19 -15,7   00:06  29,2   0,0   0,6   0,5   4,5   10:01    SE
 9  -7,4  -0,2   22:22 -13,4   09:03  22,9   0,0   0,0   1,4  13,0   17:40    SE
10  -0,8   0,4   05:13  -1,9   23:31  16,3   0,0   0,0   2,2  11,6   01:50    SE
11  -2,3  -1,1   13:24  -5,3   23:59  17,8   0,0   0,4   3,2  13,0   07:20    SE
12  -7,7  -5,3   00:00 -11,0   21:35  23,2   0,0   0,0   2,3  12,1   09:35    SE
13  -6,6  -3,1   22:42 -10,6   07:05  22,1   0,0   0,0   2,2  11,6   14:32    SE
14  -2,5  -0,7   12:29  -4,7   21:11  17,8   0,0   0,0   1,8  11,2   01:53    SE
15 -10,6  -2,3   23:42 -16,7   19:03  26,1   0,0   0,0   0,2   5,4   23:34    SE
16  -8,1  -2,2   00:03 -16,0   21:02  23,6   0,0   0,0   0,4   5,8   00:36    SE
17  -9,6  -6,3   12:50 -15,8   00:00  25,1   0,0   0,0   0,3   4,5   16:45    SE
18 -16,7 -11,9   13:25 -20,8   05:32  32,2   0,0   0,2   0,2   4,5   22:34    SE
19 -17,8 -13,2   13:34 -20,9   06:49  33,3   0,0   0,0   0,3   4,5   16:25    SE
20 -17,2 -11,6   13:33 -21,2   21:52  32,7   0,0   0,0   0,1   4,0   01:06    SE
21 -14,2  -8,3   14:34 -21,4   02:04  29,7   0,0   0,0   0,0   1,8   10:03    SE
22 -13,7  -8,4   21:31 -19,7   06:59  29,2   0,0   0,4   0,0   2,7   23:59    SE
23 -15,3  -9,8   00:05 -20,3   23:21  30,8   0,0   0,0   0,2   4,9   19:02    SE
24 -18,1 -13,1   12:54 -22,7   02:30  33,6   0,0   0,0   0,3   6,3   23:54    SE
25 -17,5 -12,8   13:35 -20,8   05:35  33,0   0,0   0,0   0,6   5,4   03:39    SE
26 -14,1  -7,9   13:56 -17,8   09:09  29,5   0,0   0,0   0,0   1,8   00:15    SE
27 -12,3  -4,1   23:57 -17,0   00:00  27,8   0,0   0,0   0,2   6,3   22:39    SE
28   2,3   4,3   18:32  -4,1   00:00  13,2   0,0   0,2   2,4  13,0   18:12    NW
----------------------------------------------------------------------------------
   -11,7   4,3    28   -22,7    24   761,0   0,0   3,0   0,9  13,0     7      SE

Max >=  18,0:  0
Max <=   0,0: 26
Min <=   0,0: 28
Min <= -18,0: 12
Max Rain: 1,2 on day 6
Days of Rain: 6 (>= 0,2 mm)  0 (>= 2,0 mm)  0 (>= 10,0 mm)
Heat Base: 15,5  Cool Base: 18,3  Method: Integration