NOAA style reports

NOAA-style Climate Reports

Select a Year or Month report

Report for 2018 Mar
                   Monthly Climatological Summary for mar 2018

Name: kvikklunsj.net   City: Alta   State: Norge
Elevation: 16 m  Lat: N 69° 52' 21"   Lon: E 023° 28' 10"

                  Temperature (°C), Rain (mm), Wind Speed (m/s)

                                      Heat  Cool        Avg
    Mean                              Deg   Deg         Wind                 Dom
Day Temp  High   Time   Low    Time   Days  Days  Rain  Speed High   Time    Dir
----------------------------------------------------------------------------------
 1  -0,8   3,2   00:00  -2,7   19:08  16,3   0,0   2,4   0,2   6,3   00:18    NW
 2  -4,9  -2,1   00:00  -7,8   23:36  20,4   0,0   4,0   0,0   0,4   00:26   ---
 3 -12,2  -5,8   13:05 -19,8   22:57  27,8   0,0   0,6   0,0   0,9   20:37   ---
 4 -16,9 -10,1   13:53 -21,6   04:16  32,4   0,0   0,0   0,0   0,9   02:03    SE
 5 -16,2  -9,5   14:06 -22,1   07:07  31,7   0,0   0,0   0,1   2,7   22:04    SE
 6 -17,0 -11,2   13:55 -20,5   23:40  32,5   0,0   0,0   0,9   5,8   11:00    SE
 7 -18,0 -11,0   13:37 -21,6   07:16  33,5   0,0   0,0   0,6   5,8   06:13    SE
 8 -16,6 -12,6   13:47 -20,6   04:44  32,1   0,0   0,0   0,7   5,8   10:32    SE
 9 -15,3 -10,6   23:40 -23,1   06:18  30,8   0,0   0,0   0,6   5,4   14:38    SE
10  -8,6  -6,2   12:35 -11,2   04:36  24,1   0,0   0,0   1,2   5,8   05:47    SE
11  -9,2  -3,8   13:06 -17,0   06:29  24,7   0,0   0,0   0,1   2,7   00:00    SE
12  -8,1  -4,2   13:50 -11,2   23:55  23,6   0,0   1,6   0,1   2,2   22:48    SE
13  -8,6  -2,6   11:38 -13,6   23:55  24,1   0,0   1,2   0,3   5,4   12:53   ESE
14 -12,5  -2,1   15:42 -19,1   06:01  27,9   0,0   0,0   0,0   2,2   17:23    SE
15 -12,7  -1,6   13:41 -20,6   03:16  28,2   0,0   0,0   0,1   2,7   23:32    SE
16 -10,3  -3,4   14:31 -18,5   02:36  25,8   0,0   0,0   0,3   4,0   12:53    SE
17  -0,2   1,6   08:24  -8,5   00:18  15,7   0,0   1,8   1,4   8,0   03:49    SE
18  -2,9  -0,2   00:00  -5,4   23:58  18,4   0,0   0,8   0,5   5,8   17:54    SE
19  -7,5  -3,0   11:43 -15,4   23:58  23,0   0,0   2,8   0,3   5,4   11:12   ENE
20 -10,4  -2,7   11:51 -18,2   04:43  25,9   0,0   0,0   0,6   6,7   23:57    SE
21  -6,4  -4,6   14:43  -8,2   00:13  21,9   0,0   0,0   0,7   5,8   02:20    SE
22  -7,7  -3,7   12:29 -15,3   06:30  23,1   0,0   0,0   0,3   5,8   18:39    NW
23  -5,8  -0,9   13:21 -12,5   02:08  21,3   0,0   0,0   0,6   5,4   14:49    NW
24  -7,6  -3,6   09:28 -14,3   23:57  23,1   0,0   0,0   0,2   3,1   18:35    SE
25 -10,5  -2,9   13:02 -21,2   05:03  24,9   0,0   0,0   0,6   9,4   14:29    NW
26  -5,6  -3,9   12:43  -7,4   23:52  21,1   0,0   0,0   0,9   7,2   04:32    NW
27  -3,0  -0,4   15:01  -7,8   00:16  18,5   0,0   0,0   1,5   7,6   07:41    NW
28  -1,6   2,9   13:57  -5,6   06:52  17,1   0,0   2,4   0,5   4,9   12:37   WNW
29  -2,8  -1,1   00:07  -7,3   22:35  18,3   0,0   0,0   1,3   8,9   14:06    NW
30  -2,5   1,4   14:35  -9,6   06:32  18,0   0,0   0,0   1,1   6,7   16:16    SE
31  -2,3   2,1   15:01  -8,8   23:39  17,8   0,0   0,4   0,8   9,8   10:16   SSE
----------------------------------------------------------------------------------
    -8,5   3,2     1   -23,1     9   744,0   0,0  18,0   0,5   9,8    31      SE

Max >=  18,0:  0
Max <=   0,0: 26
Min <=   0,0: 31
Min <= -18,0: 12
Max Rain: 4,0 on day 2
Days of Rain: 10 (>= 0,2 mm)  4 (>= 2,0 mm)  0 (>= 10,0 mm)
Heat Base: 15,5  Cool Base: 18,3  Method: Integration