NOAA style reports

NOAA-style Climate Reports


Report for 2018 May
                   Monthly Climatological Summary for mai 2018

Name: kvikklunsj.net   City: Alta   State: Norge
Elevation: 16 m  Lat: N 69° 52' 21"   Lon: E 023° 28' 10"

                  Temperature (°C), Rain (mm), Wind Speed (m/s)

                                      Heat  Cool        Avg
    Mean                              Deg   Deg         Wind                 Dom
Day Temp  High   Time   Low    Time   Days  Days  Rain  Speed High   Time    Dir
----------------------------------------------------------------------------------
 1   1,1   5,8   13:48  -4,6   03:21  14,4   0,0   0,0   0,9   5,8   13:30    SE
 2   3,2   8,4   17:31  -5,4   03:30  12,3   0,0   0,0   1,4   8,9   13:24    SE
 3   4,2   5,5   18:00   2,4   04:19  11,3   0,0   0,0   3,4  13,4   07:40    SE
 4   4,8   5,7   12:36   3,6   23:04  10,7   0,0   0,0   2,7   9,4   16:42    SE
 5   7,1  11,1   13:36   2,9   02:42   8,4   0,0   0,0   1,1   5,8   15:40    SE
 6   7,3  10,7   13:07   3,8   23:01   8,2   0,0   0,2   1,6  11,6   11:15   SSW
 7   4,5   8,4   09:16   0,6   22:57  11,0   0,0   1,2   1,7  11,2   11:37    SE
 8   6,4   9,8   14:26   0,9   00:00   9,1   0,0   0,0   1,5   8,9   16:55    SE
 9  10,1  14,5   17:17   5,3   00:00   5,3   0,0  10,4   2,3  11,2   10:27    SE
10  13,7  18,7   11:51   7,4   02:24   2,6   0,0   0,0   1,4   8,0   14:37    SE
11  12,8  21,2   14:26   5,8   23:51   3,8   0,3   1,5   1,3   9,8   15:43     E
12   9,4  15,1   13:47   4,6   03:37   6,1   0,0   0,0   0,8   5,4   16:00    SE
13  10,6  15,1   12:31   4,3   01:14   4,9   0,0   0,0   0,7   5,8   12:45    SE
14  12,2  17,3   11:29   5,8   03:26   3,5   0,0   0,0   0,8   4,5   12:31    NW
15  10,7  14,8   08:54   3,2   23:58   4,8   0,0   0,0   0,9   5,8   17:35    NW
16  11,5  20,8   14:24   2,6   00:20   4,7   0,1  12,5   0,9   7,2   21:06   NNE
17   8,5  12,2   18:05   4,7   05:16   6,9   0,0   2,6   0,8   6,7   19:40   ESE
18   7,7  11,1   17:50   4,1   01:00   7,8   0,0   0,0   0,9   5,8   18:33    NW
19   9,3  14,1   14:50   5,3   01:35   6,2   0,0   0,0   2,0  10,7   10:39   SSE
20   9,5  13,5   19:20   5,8   03:09   6,0   0,0   0,0   2,5  12,5   19:15    SE
21  10,0  13,1   18:01   7,6   04:01   5,5   0,0   0,0   1,2   8,9   14:42   WNW
22   8,8  11,4   11:16   5,7   14:29   6,7   0,0   0,4   0,8   9,8   23:33    NW
23   6,2   7,8   09:57   2,9   23:59   9,3   0,0   0,0   1,5  10,7   02:15    NW
24   7,8  12,6   14:07   1,1   00:37   7,7   0,0   0,0   1,1   7,6   10:13    SW
25  13,4  20,4   17:04   6,8   02:58   3,3   0,2   0,0   1,2   8,5   19:29   SSE
26   7,8   9,8   11:43   5,4   23:59   7,7   0,0   0,0   1,6  13,4   12:33    NW
27   7,9  10,2   16:10   4,9   01:39   7,5   0,0   0,0   0,9   7,2   03:15   WNW
28  11,9  17,8   12:58   5,9   23:56   3,9   0,0   0,0   0,8   4,9   04:02     N
29   9,1  13,3   09:14   5,2   00:37   6,4   0,0   0,0   1,2  11,2   14:13    NW
30   6,6   7,9   07:33   5,1   23:51   8,9   0,0   0,0   1,9  12,1   10:13    NW
31   9,7  15,6   11:54   3,9   02:03   5,8   0,0   0,2   0,5   4,5   10:37    NW
----------------------------------------------------------------------------------
     8,5  21,2    11    -5,4     2   220,7   0,6  29,0   1,4  13,4     3      SE

Max >=  18,0:  4
Max <=   0,0:  0
Min <=   0,0:  2
Min <= -18,0:  0
Max Rain: 12,5 on day 16
Days of Rain: 8 (>= 0,2 mm)  3 (>= 2,0 mm)  2 (>= 10,0 mm)
Heat Base: 15,5  Cool Base: 18,3  Method: Integration