NOAA style reports

NOAA-style Climate Reports

Select a Year or Month report

Report for 2018 Jun
                   Monthly Climatological Summary for jun 2018

Name: kvikklunsj.net   City: Alta   State: Norge
Elevation: 16 m  Lat: N 69° 52' 21"   Lon: E 023° 28' 10"

                  Temperature (°C), Rain (mm), Wind Speed (m/s)

                                      Heat  Cool        Avg
    Mean                              Deg   Deg         Wind                 Dom
Day Temp  High   Time   Low    Time   Days  Days  Rain  Speed High   Time    Dir
----------------------------------------------------------------------------------
 1   9,3  11,3   12:56   6,4   03:32   6,2   0,0   0,0   0,8   5,4   15:38   NNW
 2   9,0  12,1   16:56   6,5   00:33   6,5   0,0   0,0   0,9   7,2   16:38   WNW
 3   7,9   9,7   11:20   5,8   02:31   7,6   0,0   1,0   1,1   7,2   17:19    SE
 4   5,3   6,9   12:18   4,0   22:55  10,2   0,0   3,4   1,5   9,4   13:43    NW
 5   4,4   6,2   11:32   1,8   23:51  11,1   0,0   0,6   1,8   8,5   10:43    NW
 6   4,7   7,2   12:21   1,8   00:00  10,8   0,0   0,0   1,4   8,0   02:09    NW
 7   4,8   7,3   13:18   3,1   01:59  10,7   0,0   0,0   1,2   7,6   07:39    NW
 8   5,5   7,8   14:23   2,9   00:33  10,0   0,0   0,0   0,6   5,8   11:53    NW
 9   8,5  12,4   13:05   3,9   01:28   7,0   0,0   0,2   0,8   5,8   09:22    SE
10   8,1  10,9   10:15   6,0   01:13   7,4   0,0   3,2   0,2   3,6   14:12    NW
11   6,9   9,8   16:45   4,7   23:57   8,6   0,0  14,4   0,7   6,3   17:18    NW
12   5,1   7,3   18:48   3,6   02:07  10,3   0,0   0,2   1,0   6,3   12:39    NW
13   5,9   9,1   16:20   2,1   06:40   9,5   0,0   1,2   0,3   3,6   17:03   NNW
14  12,3  17,6   15:43   3,8   02:53   3,5   0,0   0,0   1,9  12,1   18:00    SE
15  14,5  18,4   17:26   9,6   23:58   1,6   0,0   2,8   3,7  16,5   09:53    SE
16  15,2  19,7   15:25   8,1   01:07   1,6   0,1   0,0   2,4  13,9   13:15    SE
17  11,6  13,3   13:18   7,9   23:59   3,9   0,0   0,0   1,1   5,4   15:11    NW
18  15,3  22,9   13:05   5,7   01:37   2,0   0,7   0,6   1,1   8,5   14:26    SE
19  14,4  16,9   09:05  11,2   04:14   1,2   0,0   0,0   0,8   4,9   13:31   NNW
20  13,1  17,1   10:53   9,5   23:24   2,6   0,0   2,2   0,9   6,3   17:24   NNW
21   9,0  10,2   15:39   8,1   23:09   6,5   0,0   4,2   0,5   4,0   05:37   NNW
22   8,7  10,5   13:41   7,9   23:23   6,8   0,0   0,6   0,6   4,9   13:49    NW
23   7,9   9,4   15:20   6,8   07:44   7,6   0,0   8,6   0,7   4,9   08:18    NW
24   9,2  11,8   18:59   6,8   01:41   6,3   0,0   0,4   0,8   8,9   14:57     S
25  12,2  15,7   13:50   7,4   02:52   3,3   0,0   0,0   0,4   3,6   14:00    NW
26  14,1  17,4   14:59   9,9   01:05   1,7   0,0   0,0   1,8  11,6   13:39   SSE
27  10,5  11,7   00:54   7,1   08:05   5,0   0,0   0,4   1,6   9,8   05:55   WSW
28   9,2  11,6   12:56   7,9   23:52   6,3   0,0   0,0   0,6   5,4   11:01    NW
29   8,3   9,9   10:46   7,1   07:24   7,2   0,0   0,4   0,8   5,8   15:18    NW
30   9,1  11,0   16:03   7,2   00:00   6,4   0,0   0,0   1,1   6,7   02:50    NW
----------------------------------------------------------------------------------
     9,3  22,9    18     1,8     5   189,4   0,8  44,4   1,1  16,5    15     WNW

Max >=  18,0:  3
Max <=   0,0:  0
Min <=   0,0:  0
Min <= -18,0:  0
Max Rain: 14,4 on day 11
Days of Rain: 17 (>= 0,2 mm)  7 (>= 2,0 mm)  1 (>= 10,0 mm)
Heat Base: 15,5  Cool Base: 18,3  Method: Integration