NOAA style reports

NOAA-style Climate Reports

Select a Year or Month report

Report for 2018 Aug
                   Monthly Climatological Summary for aug 2018

Name: kvikklunsj.net   City: Alta   State: Norge
Elevation: 16 m  Lat: N 69° 52' 21"   Lon: E 023° 28' 10"

                  Temperature (°C), Rain (mm), Wind Speed (m/s)

                                      Heat  Cool        Avg
    Mean                              Deg   Deg         Wind                 Dom
Day Temp  High   Time   Low    Time   Days  Days  Rain  Speed High   Time    Dir
----------------------------------------------------------------------------------
 1  25,6  31,6   16:25  17,7   02:43   0,0   7,4   8,2   1,4   9,8   14:07    SØ
 2  16,1  19,6   00:00  14,1   23:42   0,1   0,0   9,8   0,4   4,0   00:06   NNV
 3  14,1  15,9   13:20  12,7   02:55   1,4   0,0  15,0   0,0   1,8   12:47    NV
 4  14,1  16,3   11:57  12,2   23:35   1,4   0,0   0,8   0,2   3,1   11:12    NV
 5  12,9  15,4   12:34   9,8   03:44   2,6   0,0   0,6   0,4   4,5   16:13    NV
 6  10,6  12,3   01:58   9,2   06:53   4,9   0,0   0,8   0,9   4,9   09:48    NV
 7  11,4  13,6   16:41   9,3   01:13   4,1   0,0   0,0   0,6   4,9   14:34    NV
 8  12,2  16,6   14:20   6,1   23:35   3,3   0,0   0,0   0,8   5,4   14:20     V
 9  10,5  13,0   14:37   5,7   01:09   5,0   0,0   9,2   0,1   1,8   14:55     N
10  14,1  17,6   13:18  10,4   00:08   1,8   0,0   0,0   0,6   4,0   04:43    NV
11  12,2  13,3   15:57  10,8   00:00   3,3   0,0  13,2   0,2   5,8   05:20    SØ
12  10,9  11,7   13:00   9,7   23:33   4,2   0,0   4,2   0,5   4,0   23:00    NV
13   9,5  10,9   13:25   7,8   23:40   6,0   0,0   1,2   0,4   3,6   00:25    NV
14   9,3  11,6   11:26   7,1   03:11   6,2   0,0   0,4   0,2   3,1   13:55   NNV
15  11,0  16,7   16:15   5,9   03:59   4,4   0,0   0,4   0,2   4,0   20:38    SØ
16  12,9  15,9   23:52   6,3   03:46   2,5   0,0   0,0   1,6  10,3   12:25    SØ
17  16,8  22,4   14:00   9,8   23:32   0,6   0,6   2,0   1,9  11,2   08:13    SØ
18  14,0  19,7   11:37   8,5   05:44   2,2   0,0   0,2   0,3   4,5   11:25    SØ
19  13,4  15,1   00:00  10,6   23:50   2,1   0,0   4,8   0,3   5,8   01:14   VNV
20  10,4  13,0   15:07   6,2   23:58   5,1   0,0   1,8   0,2   4,0   14:23    NV
21   9,4  13,1   14:36   4,9   02:27   6,1   0,0   0,0   0,8   4,9   16:01   SSØ
22   9,9  14,9   14:42   3,4   23:57   5,6   0,0   0,2   0,5   4,9   05:15   VNV
23   8,5  14,3   15:53   0,7   02:59   7,0   0,0   0,0   0,0   1,8   15:37    NV
24  12,9  18,4   14:42   6,9   05:46   2,9   0,0   0,0   0,6   8,5   21:12    SØ
25  13,5  17,6   14:45  10,4   05:27   2,3   0,0   4,2   0,6   7,2   19:36    SØ
26  13,4  18,3   15:17   7,4   23:59   2,7   0,0   0,4   1,1   8,5   16:30    SØ
27   9,4  15,5   15:39   1,7   04:34   6,1   0,0   0,0   0,2   3,6   19:03    NV
28   8,4  11,9   14:26   0,4   23:57   7,1   0,0   0,0   0,4   3,6   15:49    NØ
29  13,0  17,4   17:29   0,1   00:23   3,0   0,0   0,0   2,1  10,3   10:10    SØ
30  15,7  19,9   13:17   7,6   23:58   1,4   0,2   0,8   2,8  15,2   11:15    SØ
31   8,7  13,1   14:26   4,1   21:03   6,8   0,0   0,2   0,5   5,8   11:02    NV
----------------------------------------------------------------------------------
    12,4  31,6     1     0,1    29   112,2   8,2  78,4   0,7  15,2    30      SØ

Max >=  18,0:  7
Max <=   0,0:  0
Min <=   0,0:  0
Min <= -18,0:  0
Max Rain: 15,0 on day 3
Days of Rain: 21 (>= 0,2 mm)  9 (>= 2,0 mm)  2 (>= 10,0 mm)
Heat Base: 15,5  Cool Base: 18,3  Method: Integration