NOAA style reports

NOAA-style Climate Reports

Select a Year or Month report

Report for 2018 Oct
                   Monthly Climatological Summary for okt 2018

Name: kvikklunsj.net   City: Alta   State: Norge
Elevation: 16 m  Lat: N 69° 52' 21"   Lon: E 023° 28' 10"

                  Temperature (°C), Rain (mm), Wind Speed (m/s)

                                      Heat  Cool        Avg
    Mean                              Deg   Deg         Wind                 Dom
Day Temp  High   Time   Low    Time   Days  Days  Rain  Speed High   Time    Dir
----------------------------------------------------------------------------------
 1   3,5   7,1   12:01   0,7   23:59  12,0   0,0   1,0   0,3   4,0   12:19    NØ
 2   1,0   3,6   14:52  -0,9   03:58  14,5   0,0   0,0   0,1   2,7   23:09    SØ
 3   2,3   5,4   12:32  -0,1   22:55  13,2   0,0   0,6   0,3   4,5   12:38     N
 4   1,6   6,0   14:16  -2,1   23:43  13,9   0,0   4,2   0,5   4,5   17:25    SØ
 5  -1,7   1,1   12:30  -5,7   05:35  17,2   0,0   0,0   0,0   1,8   03:49    SØ
 6  -0,2   4,3   14:01  -3,2   23:12  15,7   0,0   2,6   0,0   3,1   23:55    SØ
 7   1,3   5,8   14:52  -4,1   02:55  14,1   0,0   0,2   0,7   4,9   19:15    SØ
 8   1,8   4,7   20:20  -2,2   08:24  13,7   0,0   0,0   2,1  12,5   15:18    SØ
 9   4,7   8,6   14:45   1,2   23:49  10,8   0,0   0,0   1,8   8,5   04:43    SØ
10   2,4   6,2   14:41  -0,7   23:31  13,0   0,0   4,6   0,3   4,0   21:57    SØ
11   1,7   3,4   14:06  -0,6   00:00  13,8   0,0   0,0   0,5   6,7   06:26    SØ
12   3,0   6,6   19:44  -1,5   01:39  12,0   0,0   0,0   1,0   8,0   19:51    SØ
13   6,8   8,1   15:19   5,8   00:00   8,7   0,0   0,4   2,2  16,1   10:27    SØ
14   8,9  13,9   21:21   5,9   09:16   6,6   0,0   0,2   0,8   9,8   16:24    SØ
15   7,6  13,8   00:00   4,1   19:41   7,9   0,0  10,6   0,8   6,3   15:43    SØ
16   5,1   9,7   14:21   2,0   23:37  10,4   0,0   0,0   1,0   5,8   17:47    SØ
17   3,1   6,6   13:39  -0,7   06:59  12,4   0,0   0,0   0,5   5,8   00:56    SØ
18   0,6   6,2   14:42  -4,5   23:57  14,9   0,0   0,0   0,1   2,7   19:00    SØ
19  -1,2   2,6   13:22  -6,0   05:31  16,7   0,0   0,6   0,0   1,3   15:00   ØSØ
20   0,6   3,8   13:26  -1,5   04:52  14,9   0,0   0,8   0,1   1,8   14:44    SØ
21   4,7   7,3   14:05   0,6   00:24  10,8   0,0   0,8   2,1  11,2   13:53    SØ
22   4,0   6,3   11:27   2,1   06:02  11,5   0,0   0,0   1,6   7,2   08:06    SØ
23   1,2   4,0   11:39  -3,0   22:32  14,3   0,0   0,0   0,4   4,0   00:22    SØ
24  -1,8   1,7   14:31  -4,9   07:55  17,3   0,0   0,0   0,0   2,2   10:50    SØ
25  -0,9   0,1   01:54  -3,4   23:17  16,4   0,0   0,0   0,1   1,8   06:38    SØ
26  -3,4  -1,2   12:01  -6,7   19:22  18,9   0,0   0,0   0,0   1,3   22:32   ---
27  -3,7  -1,6   13:54  -7,1   05:09  19,2   0,0   0,0   0,0   1,8   21:08    SØ
28  -5,1  -1,6   12:44  -7,5   20:23  21,4   0,0   0,0   0,4   4,9   14:07    SØ
29  -2,7   0,6   12:01  -7,1   00:00  18,2   0,0   0,0   1,1   6,3   19:41    SØ
30  -6,5  -2,6   23:52  -9,8   07:12  22,0   0,0   0,0   1,1   8,9   19:57    SØ
31  -0,9   3,1   23:02  -3,5   02:42  16,4   0,0   0,0   0,9   8,9   01:44    SØ
----------------------------------------------------------------------------------
     1,2  13,9    14    -9,8    30   442,8   0,0  26,6   0,7  16,1    13      SØ

Max >=  18,0:  0
Max <=   0,0:  4
Min <=   0,0: 23
Min <= -18,0:  0
Max Rain: 10,6 on day 15
Days of Rain: 12 (>= 0,2 mm)  4 (>= 2,0 mm)  1 (>= 10,0 mm)
Heat Base: 15,5  Cool Base: 18,3  Method: Integration