NOAA style reports

NOAA-style Climate Reports

Select a Year or Month report

Report for 2018 Nov
                   Monthly Climatological Summary for nov 2018

Name: kvikklunsj.net   City: Alta   State: Norge
Elevation: 16 m  Lat: N 69° 52' 21"   Lon: E 023° 28' 10"

                  Temperature (°C), Rain (mm), Wind Speed (m/s)

                                      Heat  Cool        Avg
    Mean                              Deg   Deg         Wind                 Dom
Day Temp  High   Time   Low    Time   Days  Days  Rain  Speed High   Time    Dir
----------------------------------------------------------------------------------
 1   1,4   3,2   01:23   0,4   09:56  14,1   0,0   7,0   0,1   4,5   00:55    SØ
 2   2,2   4,8   12:20  -1,1   06:15  13,3   0,0   0,2   1,3   8,5   23:00    SØ
 3   1,0   4,1   00:11  -0,9   22:40  14,4   0,0   1,6   0,7   9,4   01:51    SØ
 4   2,0   3,8   23:59  -0,9   00:00  13,5   0,0   7,2   0,9   7,2   08:22    SØ
 5   6,3   8,3   17:31   2,7   01:18   9,2   0,0   0,0   2,3   8,5   08:39    SØ
 6   6,0   9,4   03:04  -0,8   22:53   9,5   0,0   0,0   0,8   6,7   04:41    SØ
 7  -1,2   0,7   16:22  -3,8   23:43  16,5   0,0   0,0   0,1   3,1   06:05    SØ
 8  -3,7  -0,8   02:10  -9,0   23:11  19,2   0,0   0,0   0,2   4,0   13:36    SØ
 9   1,8   3,9   07:53  -8,2   02:10  13,6   0,0   0,2   1,5   8,5   08:17    SØ
10   4,2   5,1   11:25   3,5   00:26  11,3   0,0   0,0   3,3  13,9   21:42    SØ
11   4,4   5,4   23:41   3,6   00:00  10,8   0,0   0,2   3,6  13,0   06:04    SØ
12   5,3   5,9   03:14   3,5   23:58  10,2   0,0   2,0   2,1   9,8   00:07    SØ
13   1,3   3,5   00:00  -0,7   15:08  14,2   0,0   2,2   0,0   1,3   19:13    SØ
14   1,5   3,1   03:45   0,3   20:37  13,9   0,0   0,0   0,3   5,4   23:14    SØ
15   4,0   6,6   21:23   2,1   00:01  11,5   0,0   0,0   1,9   9,8   04:08    SØ
16   6,4   9,1   01:53   4,4   14:30   9,1   0,0   1,0   1,2   6,7   17:06    SØ
17   5,5   8,2   06:19   0,8   23:10  10,0   0,0   0,8   1,7  10,3   03:54    NV
18  -2,0   1,6   00:01  -5,4   18:25  17,5   0,0   0,0   0,1   5,4   23:51    SØ
19  -1,4   9,1   21:04  -5,7   15:36  16,4   0,0   1,0   0,7  13,9   22:17   VNV
20   3,3   7,1   00:00   1,5   10:58  12,2   0,0   0,6   2,0  10,7   04:37    NV
21   4,8   6,8   19:26   1,7   01:54  10,7   0,0   0,0   0,9   6,7   11:27    NV
22   3,6   5,9   00:00   0,1   19:24  11,9   0,0   0,0   0,7   7,6   21:51    NV
23   2,1   4,8   00:54  -1,2   14:13  13,4   0,0   8,4   1,8  16,5   07:38    NV
24   1,5   4,7   00:00  -0,9   19:35  14,0   0,0   0,8   1,2  13,4   00:14    NV
25  -1,9   1,2   01:11  -3,9   20:20  17,4   0,0   0,0   0,6   8,9   02:00   NNV
26  -1,0   1,1   22:26  -2,8   11:08  16,5   0,0   0,0   1,7   9,4   09:34    NV
27  -3,9   0,7   00:30  -8,3   11:31  19,4   0,0   0,0   0,8   7,6   00:33    SØ
28  -0,5   1,6   09:04  -2,3   05:33  16,0   0,0   0,0   1,2   6,3   09:17    SØ
29  -4,5  -0,3   02:37 -10,8   21:50  20,0   0,0   0,0   0,5   9,8   12:45    SØ
30  -2,3   2,3   23:46  -9,1   00:00  17,8   0,0   0,0   0,5  11,2   10:24    SØ
----------------------------------------------------------------------------------
     1,5   9,4     6   -10,8    29   417,5   0,0  33,2   1,2  16,5    23      SØ

Max >=  18,0:  0
Max <=   0,0:  2
Min <=   0,0: 18
Min <= -18,0:  0
Max Rain: 8,4 on day 23
Days of Rain: 14 (>= 0,2 mm)  5 (>= 2,0 mm)  0 (>= 10,0 mm)
Heat Base: 15,5  Cool Base: 18,3  Method: Integration