NOAA style reports

NOAA-style Climate Reports


Report for 2018 Dec
                   Monthly Climatological Summary for des 2018

Name: kvikklunsj.net   City: Alta   State: Norge
Elevation: 16 m  Lat: N 69° 52' 21"   Lon: E 023° 28' 10"

                  Temperature (°C), Rain (mm), Wind Speed (m/s)

                                      Heat  Cool        Avg
    Mean                              Deg   Deg         Wind                 Dom
Day Temp  High   Time   Low    Time   Days  Days  Rain  Speed High   Time    Dir
----------------------------------------------------------------------------------
 1   2,7   5,0   12:17  -3,3   07:48  12,2   0,0   0,0   2,1  13,9   18:18    SØ
 2   3,1   4,4   00:00   1,6   21:11  12,4   0,0   1,1   2,8  12,5   19:54    SØ
 3   2,9   3,8   15:03   1,8   00:00  12,6   0,0   0,5   3,8  17,0   05:00    SØ
 4  -0,8   2,4   00:00  -3,1   19:11  16,3   0,0   1,5   2,9  14,8   11:25    SØ
 5  -3,3  -2,2   23:21  -4,1   08:27  18,8   0,0   0,8   0,0   1,3   02:15    SØ
 6  -1,2   1,9   16:18  -5,1   10:26  16,7   0,0   5,3   0,2   5,4   19:18    NV
 7  -5,2   0,4   00:04 -11,9   23:58  20,7   0,0   1,0   1,2   5,8   15:14    SØ
 8 -14,1 -11,9   00:00 -20,5   23:53  29,6   0,0   0,4   0,7   6,3   05:38    SØ
 9 -12,8  -6,7   20:41 -21,8   03:00  27,7   0,0   0,0   0,0   1,3   22:42    SØ
10  -6,9  -4,7   12:33 -10,4   19:27  22,4   0,0   3,8   0,0   1,8   00:33    SØ
11  -7,6  -5,3   10:30  -9,9   20:20  23,1   0,0   0,3   0,1   3,1   22:57    SØ
12  -0,6   4,3   21:44  -7,1   01:01  14,7   0,0   4,6   1,3   8,9   19:22    SØ
13   4,5   6,4   15:44   3,1   07:54  11,0   0,0   1,4   1,5   6,7   01:40    SØ
14   4,4   7,4   06:04  -1,6   23:56  11,1   0,0   0,0   1,7   8,9   06:39    SØ
15  -6,3  -1,6   00:00 -11,8   23:54  21,9   0,0   0,0   1,4   6,3   20:39    SØ
16 -15,0 -11,8   00:00 -17,3   23:58  30,5   0,0   0,0   0,8   6,7   00:05    SØ
17 -13,5 -11,1   23:51 -17,2   00:00  29,0   0,0   0,0   0,4   3,6   21:25    SØ
18  -6,5  -2,5   17:25 -11,2   00:11  22,0   0,0   0,0   0,5   5,4   18:41    SØ
19  -5,9  -4,1   23:57  -8,6   02:17  21,2   0,0   0,0   1,4  10,7   22:06    SØ
20  -3,0  -0,9   19:41  -4,2   00:01  18,5   0,0   0,0   2,5  10,7   02:01    SØ
21  -3,5  -1,6   17:23  -7,9   10:50  18,9   0,0   0,0   1,6   9,4   21:33    SØ
22  -9,1  -3,2   00:00 -12,8   23:35  24,6   0,0   0,0   1,2   7,2   00:29    SØ
23 -10,6  -8,9   17:17 -13,3   02:26  26,1   0,0   0,0   1,5   8,0   12:19    SØ
24 -10,4  -6,5   10:41 -13,6   20:34  25,9   0,0   0,0   0,6   4,5   02:50    SØ
25  -8,7  -5,4   09:19 -12,3   03:39  24,2   0,0   0,0   0,4   8,0   07:23    SØ
26  -6,6  -0,4   09:58 -12,2   03:37  22,1   0,0   0,0   0,4   6,3   11:00   ØNØ
27  -6,4  -2,2   06:46 -10,3   20:03  21,9   0,0   0,0   0,5   4,0   00:20    SØ
28  -4,0   3,4   15:11  -9,2   00:19  19,5   0,0   0,2   0,4   7,2   14:37    SØ
29   1,2   4,6   14:43  -3,8   22:48  14,1   0,0   1,2   2,2  12,5   16:44    NV
30  -6,6  -2,7   03:31 -10,2   12:06  21,5   0,0   0,0   0,7   8,9   03:45    SØ
31  -6,5  -2,8   08:49 -11,1   02:28  22,0   0,0   0,0   0,4   5,4   14:26    SØ
----------------------------------------------------------------------------------
    -5,0   7,4    14   -21,8     9   633,2   0,0  22,1   1,1  17,0     3      SØ

Max >=  18,0:  0
Max <=   0,0: 20
Min <=   0,0: 28
Min <= -18,0:  2
Max Rain: 5,3 on day 6
Days of Rain: 13 (>= 0,2 mm)  3 (>= 2,0 mm)  0 (>= 10,0 mm)
Heat Base: 15,5  Cool Base: 18,3  Method: Integration