NOAA style reports

NOAA-style Climate Reports


Report for 2019
                   Annual Climatological Summary for 2019

Name: kvikklunsj.net   City: Alta   State: Norge
Elevation: 16 m  Lat: N 69° 52' 21"   Lon: E 023° 28' 10"

                  Temperature (°C), Heat Base: 15,5  Cool Base: 18,3
                          Dep.  Heat  Cool                       Max  Max  Min  Min
        Mean  Mean        From  Deg   Deg                        >=   <=   <=   <=
 YR MO  Max   Min   Mean  Norm  Days  Days  Hi  Date  Low  Date 18,0  0,0  0,0 -18,0
------------------------------------------------------------------------------------
 19  1  -6,5 -13,8 -10,0  -1,3   789     0   9,0   6 -25,4   28    0   25   30    9
 19  2  -4,7 -11,9  -7,9   0,0   656     0   9,0  23 -26,6    5    0   21   26    5
 19  3  -0,8 -10,2  -5,2   0,0   640     0   6,8  28 -23,2    3    0   15   29    5
 19  4   6,7  -1,6   3,0   3,6   375     0  14,2  25  -8,6    5    0    0   22    0
 19  5   8,2   1,0   4,9   0,1   327     0  16,3  20  -4,6    4    0    0   12    0
 19  6  12,6   6,0   9,5  -0,5   183     0  22,5   7   1,7   10    1    0    0    0
 19  7  16,7   8,9  13,2  -0,2   102    12  29,1  22   4,4    1   12    0    0    0
 19  8  15,5   7,7  11,8  -0,2   127     3  23,8  29   0,3    4    7    0    0    0
 19  9  11,8   3,2   7,5   0,3   244     0  19,7   1  -2,8   15    5    0    9    0
 19 10   1,3  -5,2  -1,6  -3,2   530     0   6,6   1 -13,9   28    0    8   29    0
 19 11  -3,7 -11,2  -7,0  -3,4   676     0   3,8  21 -18,5    6    0   23   30    2
 19 12  -1,5  -9,2  -5,2   1,8   642     0   5,7  29 -22,6   21    0   19   31    4
------------------------------------------------------------------------------------
         4,6  -3,0   1,1  -0,3  5295    17  29,1 jul -26,6  feb   25  111  218   25

                                Precipitation (mm)

              Dep.   Max        Days of Rain
              From   Obs.           >=
 YR MO Total  Norm   Day Date  0,2  2,0 10,0
---------------------------------------------
 19  1  28,5  -3,5   5,4  22    16    5    0
 19  2  23,9  -1,1   4,6  16    13    5    0
 19  3  17,7  -5,3   7,6   7    12    2    0
 19  4   8,0  -9,0   2,6  23    10    1    0
 19  5  66,0  46,0  31,4  30    16    6    2
 19  6  57,8  24,8  20,8  10    18    6    2
 19  7  15,2 -38,8   3,8   2    12    3    0
 19  8  65,0  16,0  11,4  20    20   12    2
 19  9  72,4  34,4  14,2   2    24   10    2
 19 10  35,9  -3,1   6,4   6    15    6    0
 19 11   5,9 -28,1   2,0  19     5    1    0
 19 12  10,0 -26,0   7,8   5     4    1    0
---------------------------------------------
       406,3   6,3  31,4  mai  165   58    8

                                Wind Speed (m/s)
                          Dom
 YR MO   Avg.  Hi   Date  Dir
------------------------------
 19  1   0,6  16,1   10    SØ
 19  2   0,7  17,4   16    SØ
 19  3   1,1  16,1   22    SØ
 19  4   0,9  10,7   22   SSØ
 19  5   1,0  11,2   10     N
 19  6   0,7   8,5   27    NV
 19  7   0,7   9,4    1    NV
 19  8   0,6  14,8   30    SØ
 19  9   0,5  13,4   11    SØ
 19 10   0,4  11,2   22   ØSØ
 19 11   0,6  13,4   30   SSØ
 19 12   0,7  14,8   11   SSØ
------------------------------
         0,7  17,4  feb    SØ