NOAA style reports

NOAA-style Climate Reports


Report for 2019 Jan
                   Monthly Climatological Summary for jan 2019

Name: kvikklunsj.net   City: Alta   State: Norge
Elevation: 16 m  Lat: N 69° 52' 21"   Lon: E 023° 28' 10"

                  Temperature (°C), Rain (mm), Wind Speed (m/s)

                                      Heat  Cool        Avg
    Mean                              Deg   Deg         Wind                 Dom
Day Temp  High   Time   Low    Time   Days  Days  Rain  Speed High   Time    Dir
----------------------------------------------------------------------------------
 1  -4,7  -2,2   08:32  -8,2   03:47  20,2   0,0   0,0   1,5  10,3   16:38   NNV
 2  -9,1  -3,2   03:59 -15,2   22:21  24,6   0,0   1,6   0,3   6,3   00:54     Ø
 3  -6,7  -2,2   14:46 -14,1   00:13  22,2   0,0   1,2   1,1   8,0   08:51    SØ
 4  -5,3  -2,4   16:27  -7,9   00:33  20,8   0,0   3,5   0,0   1,8   20:48    SØ
 5  -3,4   6,0   23:16 -10,1   03:55  18,9   0,0   0,0   0,3   6,3   23:07    SØ
 6   6,2   9,0   11:08   2,2   23:31   9,3   0,0   0,0   1,4  10,3   17:01   VNV
 7   0,0   3,1   00:30  -1,4   17:10  15,5   0,0   0,5   2,2   8,5   23:10    SØ
 8  -4,4  -0,5   00:00 -10,1   18:31  19,9   0,0   0,9   0,6   8,5   00:35    SØ
 9  -6,2  -4,3   10:57  -7,9   20:30  21,6   0,0   0,0   0,2   3,6   21:35    SØ
10  -1,9   1,2   17:10  -7,1   00:11  17,4   0,0   0,4   3,3  16,1   12:29    SØ
11  -0,6   1,3   13:21  -2,0   00:00  16,1   0,0   0,2   2,6  13,0   15:32    NV
12  -0,4   1,1   03:25  -2,5   16:06  15,9   0,0   3,8   1,8  10,7   02:13    NV
13  -6,6  -2,2   00:00 -11,9   23:56  22,1   0,0   3,0   0,1   3,1   23:25    SØ
14 -10,0  -7,7   23:58 -12,3   01:09  25,5   0,0   1,6   0,0   0,9   00:00    SØ
15 -11,0  -7,3   00:18 -14,7   23:02  26,5   0,0   0,0   0,2   2,7   07:46    SØ
16 -12,1  -8,3   22:34 -15,3   09:49  27,6   0,0   0,0   0,1   4,0   23:05    SØ
17 -10,6  -8,8   00:00 -11,9   13:24  26,1   0,0   0,9   0,0   3,1   00:00    SØ
18 -12,0 -10,9   03:36 -13,7   22:36  27,5   0,0   1,2   0,1   3,1   18:24    SØ
19 -15,4 -12,1   00:20 -20,7   23:59  30,9   0,0   0,4   0,1   3,1   11:35    SØ
20 -16,1 -13,4   14:00 -21,8   01:33  31,6   0,0   1,2   0,1   2,7   10:25    SØ
21 -14,1  -8,4   23:58 -16,8   10:05  29,6   0,0   2,6   0,0   2,7   18:18    SØ
22 -13,0  -7,0   03:06 -20,6   23:36  28,5   0,0   0,0   0,0   1,3   00:44    SØ
23 -17,6 -11,8   23:55 -24,1   05:47  33,1   0,0   0,0   0,0   0,0   00:00   ---
24 -14,1 -11,8   00:00 -17,9   21:28  29,6   0,0   0,0   0,1   2,2   04:57    SØ
25 -16,8 -12,2   03:51 -20,4   20:02  32,3   0,0   0,0   0,0   2,2   16:16    SØ
26 -20,4 -17,7   00:03 -22,3   16:29  35,9   0,0   0,0   0,3   3,1   04:47    SØ
27 -21,7 -20,1   01:45 -25,1   06:56  37,1   0,0   0,0   0,1   4,0   09:00    SØ
28 -23,6 -20,2   23:57 -25,4   07:36  39,1   0,0   0,0   0,3   5,8   10:42    SØ
29 -15,1 -12,5   18:34 -20,4   00:02  30,6   0,0   0,0   1,1  13,4   18:39    SØ
30 -11,2  -8,7   21:24 -13,9   00:59  26,7   0,0   0,0   1,1   8,5   06:44    SØ
31 -11,4  -8,8   00:06 -15,6   23:43  26,9   0,0   0,0   0,8   8,9   06:59    SØ
----------------------------------------------------------------------------------
   -10,0   9,0     6   -25,4    28   789,6   0,0  23,0   0,6  16,1    10      SØ

Max >=  18,0:  0
Max <=   0,0: 25
Min <=   0,0: 30
Min <= -18,0:  9
Max Rain: 3,8 on day 12
Days of Rain: 15 (>= 0,2 mm)  4 (>= 2,0 mm)  0 (>= 10,0 mm)
Heat Base: 15,5  Cool Base: 18,3  Method: Integration