NOAA style reports

NOAA-style Climate Reports


Report for 2019 Feb
                   Monthly Climatological Summary for feb 2019

Name: kvikklunsj.net   City: Alta   State: Norge
Elevation: 16 m  Lat: N 69° 52' 21"   Lon: E 023° 28' 10"

                  Temperature (°C), Rain (mm), Wind Speed (m/s)

                                      Heat  Cool        Avg
    Mean                              Deg   Deg         Wind                 Dom
Day Temp  High   Time   Low    Time   Days  Days  Rain  Speed High   Time    Dir
----------------------------------------------------------------------------------
 1 -13,3 -10,6   12:44 -17,1   03:48  28,8   0,0   0,0   0,7   7,6   16:31    SØ
 2 -15,3 -13,9   05:03 -16,9   15:32  30,8   0,0   0,0   0,7   8,0   18:28    SØ
 3 -16,0 -14,4   00:59 -18,0   18:47  31,5   0,0   0,0   1,2  10,7   22:02    SØ
 4 -19,3 -14,6   00:15 -24,9   20:36  34,8   0,0   0,0   0,9   8,5   00:02    SØ
 5 -19,6 -13,7   23:49 -26,6   01:31  35,1   0,0   0,0   0,1   1,8   20:04    SØ
 6 -11,6  -6,8   21:20 -15,0   18:53  27,1   0,0   2,0   0,2   2,7   07:07    SØ
 7 -11,3  -6,7   06:09 -16,8   23:55  26,8   0,0   0,5   1,3  10,3   20:07    SØ
 8 -16,7 -12,3   23:43 -18,6   18:43  32,2   0,0   0,1   1,3   8,0   00:17    SØ
 9 -10,0  -8,1   20:19 -12,4   00:00  25,5   0,0   0,0   0,2   2,7   01:49    SØ
10 -10,7  -7,9   23:32 -13,6   05:05  26,0   0,0   0,0   0,2   4,0   02:35    SØ
11  -7,2  -6,1   21:39  -8,7   03:47  22,7   0,0   0,5   0,0   1,3   01:58    SØ
12  -7,0  -5,1   14:07 -11,7   08:13  22,5   0,0   1,5   0,0   1,3   10:39    SØ
13  -4,6  -2,4   16:55 -11,9   07:27  20,1   0,0   0,0   1,4   8,0   18:41    SØ
14  -3,7  -0,7   20:27  -7,8   06:27  19,1   0,0   0,0   1,7  13,4   12:51    SØ
15   0,2   4,2   03:16  -4,1   23:38  15,3   0,0   2,4   1,1   9,4   05:52    NV
16  -2,2  -0,2   17:15  -4,4   02:24  17,7   0,0   4,6   1,7  17,4   06:11   ØSØ
17  -4,0  -1,6   03:26  -8,2   23:53  19,5   0,0   3,3   1,2  10,3   02:07    NV
18  -9,1  -7,2   11:55 -11,2   04:45  24,6   0,0   1,9   0,0   1,8   05:25    SØ
19 -10,0  -8,5   11:12 -15,2   23:35  25,5   0,0   2,9   0,0   1,8   06:44    SØ
20 -12,0  -7,4   15:11 -16,7   03:09  27,5   0,0   1,4   0,0   0,9   09:02   ---
21 -15,3 -11,3   12:50 -19,1   08:05  30,8   0,0   0,7   0,0   0,4   12:36   ---
22  -6,3   4,1   23:11 -13,6   00:00  21,8   0,0   0,0   0,8  10,3   19:20    SØ
23   6,8   9,0   20:49   3,1   00:00   8,7   0,0   0,2   2,0   8,5   14:41   SSØ
24   4,9   7,6   13:23   1,2   19:55  10,6   0,0   0,1   1,2   6,7   00:23    SØ
25   0,0   3,0   07:21  -3,3   23:40  15,4   0,0   1,8   0,5   7,6   11:32    NV
26  -1,4   1,9   13:09  -4,5   06:48  16,9   0,0   0,0   0,7   7,2   12:02     S
27  -1,6   1,1   03:26  -7,9   23:51  17,1   0,0   0,0   0,5   4,5   19:29   ØSØ
28  -6,2  -2,2   21:30 -10,1   08:22  21,7   0,0   0,0   0,3   4,5   11:50    NV
----------------------------------------------------------------------------------
    -7,9   9,0    23   -26,6     5   656,1   0,0  23,9   0,7  17,4    16      SØ

Max >=  18,0:  0
Max <=   0,0: 21
Min <=   0,0: 26
Min <= -18,0:  5
Max Rain: 4,6 on day 16
Days of Rain: 13 (>= 0,2 mm)  5 (>= 2,0 mm)  0 (>= 10,0 mm)
Heat Base: 15,5  Cool Base: 18,3  Method: Integration