NOAA style reports

NOAA-style Climate Reports


Report for 2019 Apr
                   Monthly Climatological Summary for apr 2019

Name: kvikklunsj.net   City: Alta   State: Norge
Elevation: 16 m  Lat: N 69° 52' 21"   Lon: E 023° 28' 10"

                  Temperature (°C), Rain (mm), Wind Speed (m/s)

                                      Heat  Cool        Avg
    Mean                              Deg   Deg         Wind                 Dom
Day Temp  High   Time   Low    Time   Days  Days  Rain  Speed High   Time    Dir
----------------------------------------------------------------------------------
 1  -0,3   3,5   13:32  -4,6   01:40  15,8   0,0   1,0   1,1   7,6   13:08   SSØ
 2  -1,0   4,5   12:44  -5,7   03:31  16,5   0,0   0,6   0,5   4,9   05:53    SØ
 3   1,8   7,2   11:24  -1,8   00:28  13,7   0,0   0,6   0,9   8,5   12:20    SØ
 4  -0,7   1,3   13:21  -4,9   23:50  16,2   0,0   0,2   0,7   5,4   14:15    NV
 5  -2,6   2,1   13:59  -8,6   06:18  18,1   0,0   0,0   1,4   8,0   13:01    SØ
 6   0,5   4,8   14:22  -5,4   06:09  15,0   0,0   0,0   1,4   7,2   14:15    SØ
 7  -1,3   1,8   09:40  -3,4   06:21  16,8   0,0   0,8   0,6   5,8   13:44    NV
 8  -3,5   0,6   11:31  -7,1   03:13  19,0   0,0   0,0   0,3   4,0   13:15     Ø
 9  -3,1   0,5   17:28  -7,1   04:50  18,6   0,0   0,2   0,4   3,6   12:46   NNV
10  -2,1   2,7   15:57  -8,2   03:56  17,6   0,0   0,0   0,2   3,1   06:56    SØ
11   1,6   4,7   16:44  -1,9   06:11  13,9   0,0   0,0   1,0   7,2   13:36     S
12   2,9   5,6   15:39  -0,9   05:22  12,2   0,0   0,0   0,5   4,9   21:15     V
13   4,6   5,6   11:13   3,3   02:01  10,9   0,0   0,0   1,4  10,7   13:03    SV
14   6,5   8,7   11:11   4,6   21:28   9,0   0,0   0,0   1,1   6,7   07:38   VNV
15   4,9   7,2   10:00  -1,1   22:32  10,6   0,0   0,0   0,9   5,4   14:20    NV
16   2,4   5,1   16:00  -2,4   03:11  13,1   0,0   0,0   0,6   4,5   10:31    SØ
17   4,1   7,9   12:41  -0,9   22:18  11,4   0,0   0,0   0,6   4,5   16:12    SV
18   2,9   9,6   13:20  -3,0   04:34  12,6   0,0   0,0   0,4   4,0   16:31     Ø
19   5,9   8,7   11:59   0,9   00:00   9,6   0,0   0,0   0,9   6,3   12:03    SØ
20   9,8  13,9   11:35   4,7   00:47   5,7   0,0   0,0   1,6   7,6   22:27    SØ
21   8,1  10,6   12:09   5,1   22:42   7,4   0,0   0,6   1,9   9,8   23:16   SSØ
22   6,9   9,9   14:40   3,9   21:22   8,6   0,0   0,8   1,6  10,7   01:06     S
23   8,2  11,8   09:18   3,8   01:05   7,3   0,0   2,6   0,8   7,2   12:42     S
24   4,9   7,3   15:14  -0,8   23:51  10,6   0,0   0,0   0,2   2,7   15:54    NV
25   6,4  14,2   16:17  -2,4   02:06   9,1   0,0   0,0   0,5   4,0   10:51    NV
26   5,8  12,8   10:27  -2,3   03:42   9,7   0,0   0,0   0,8   4,5   16:26    NV
27   4,3   6,0   16:59   2,3   23:51  11,2   0,0   0,0   1,5   8,5   16:53    SØ
28   5,7   9,8   13:04  -1,2   23:58   9,8   0,0   0,0   1,0   5,4   00:31    NV
29   3,0   6,8   13:30  -2,2   00:49  12,5   0,0   0,0   0,3   4,0   12:43    NV
30   2,9   6,2   14:11  -0,7   23:31  12,6   0,0   0,6   0,9   6,3   15:24    NV
----------------------------------------------------------------------------------
     3,0  14,2    25    -8,6     5   375,1   0,0   8,0   0,9  10,7    13       S

Max >=  18,0:  0
Max <=   0,0:  0
Min <=   0,0: 22
Min <= -18,0:  0
Max Rain: 2,6 on day 23
Days of Rain: 10 (>= 0,2 mm)  1 (>= 2,0 mm)  0 (>= 10,0 mm)
Heat Base: 15,5  Cool Base: 18,3  Method: Integration