NOAA style reports

NOAA-style Climate Reports

Select a Year or Month report

Report for 2019 May
                   Monthly Climatological Summary for mai 2019

Name: kvikklunsj.net   City: Alta   State: Norge
Elevation: 16 m  Lat: N 69° 52' 21"   Lon: E 023° 28' 10"

                  Temperature (°C), Rain (mm), Wind Speed (m/s)

                                      Heat  Cool        Avg
    Mean                              Deg   Deg         Wind                 Dom
Day Temp  High   Time   Low    Time   Days  Days  Rain  Speed High   Time    Dir
----------------------------------------------------------------------------------
 1  -0,9   1,2   11:29  -2,6   23:11  16,4   0,0   0,7   0,6   5,4   12:35   NNV
 2  -1,6   1,1   12:45  -3,5   04:15  17,1   0,0   0,5   1,4   8,9   18:31     Ø
 3  -0,8   1,7   16:38  -2,2   00:07  16,3   0,0   0,3   1,5   7,6   09:49    NV
 4  -1,0   1,7   16:44  -4,6   04:38  16,4   0,0   0,8   0,7   5,4   12:55   NNØ
 5   0,1   2,8   16:17  -2,2   23:15  15,4   0,0   1,1   0,7   6,7   17:11    NV
 6   1,5   4,6   18:32  -2,4   02:55  14,0   0,0   0,0   0,6   4,0   14:10   NNV
 7   5,3  10,9   17:44  -1,9   01:55  10,2   0,0   0,0   0,8   4,9   10:27    SØ
 8   2,4   4,6   00:00   0,2   09:52  13,1   0,0   0,8   1,5   9,4   12:03   NNV
 9   4,7   9,1   18:04  -1,6   23:53  10,8   0,0   4,4   1,0   7,6   13:40   VNV
10   8,4  15,0   16:27  -3,1   02:30   7,1   0,0   0,0   2,2  11,2   16:49    SØ
11   8,4  13,7   16:28   2,3   23:44   7,1   0,0   0,2   1,0   7,6   12:54    SØ
12   4,8   7,7   08:15  -0,8   03:00  10,7   0,0   3,6   0,8   7,2   15:00   NNV
13   5,7   7,0   08:52   3,3   23:42   9,8   0,0   0,4   1,3  10,3   12:58    NV
14   5,4   8,3   13:41   2,1   01:51  10,1   0,0   0,0   1,2   6,7   12:42   VSV
15   6,0   8,8   15:50   3,6   03:16   9,5   0,0   0,0   1,4   6,7   12:11   VNV
16   7,0  11,2   14:08   4,5   02:45   8,4   0,0   0,0   1,2   7,6   15:09   VNV
17   6,7   9,5   15:44   1,7   23:53   8,8   0,0   0,0   0,7   5,4   15:21     N
18   7,1  10,4   15:55   1,6   00:12   8,4   0,0   0,0   0,9   5,4   16:28    NV
19   9,1  14,0   16:50  -0,6   02:33   6,4   0,0   0,0   1,2   6,7   23:57    SØ
20   9,7  16,3   13:29   4,4   02:39   5,8   0,0   0,0   1,4   8,0   00:10     Ø
21   5,2   6,2   04:17   3,2   23:47  10,3   0,0   0,0   0,8   3,6   09:08   NNV
22   3,4   5,0   15:17   2,2   00:00  11,9   0,0   0,0   1,2   5,8   07:47    NØ
23   3,9   6,3   16:30   1,1   23:59  10,8   0,0   0,0   0,7   4,5   14:00    NV
24   5,8  11,3   12:13  -1,2   01:44   9,7   0,0   0,0   1,1   6,7   10:37    NV
25   4,3   6,1   16:44   2,6   00:33  11,2   0,0   0,0   0,6   4,0   10:49    NV
26   3,5   5,3   15:42   2,1   06:39  12,0   0,0   2,6   0,4   6,7   16:49    NV
27   6,7  10,3   16:25   2,9   00:00   8,8   0,0   0,4   0,5   6,3   21:42    NV
28  10,4  15,4   16:46   6,3   05:48   5,1   0,0   0,2   1,4  10,3   23:53    SØ
29   9,4  11,4   19:58   7,9   12:10   6,1   0,0   3,6   1,3  10,7   02:45    SØ
30   4,7   8,5   00:00   0,9   11:16  10,8   0,0  31,4   0,6   4,5   17:14    SØ
31   6,8  10,2   05:57   3,7   01:46   8,7   0,0  15,0   0,7   7,2   07:28    SØ
----------------------------------------------------------------------------------
     4,9  16,3    20    -4,6     4   327,2   0,0  66,0   1,0  11,2    10       N

Max >=  18,0:  0
Max <=   0,0:  0
Min <=   0,0: 12
Min <= -18,0:  0
Max Rain: 31,4 on day 30
Days of Rain: 16 (>= 0,2 mm)  6 (>= 2,0 mm)  2 (>= 10,0 mm)
Heat Base: 15,5  Cool Base: 18,3  Method: Integration