NOAA style reports

NOAA-style Climate Reports


Report for 2019 Jun
                   Monthly Climatological Summary for jun 2019

Name: kvikklunsj.net   City: Alta   State: Norge
Elevation: 16 m  Lat: N 69° 52' 21"   Lon: E 023° 28' 10"

                  Temperature (°C), Rain (mm), Wind Speed (m/s)

                                      Heat  Cool        Avg
    Mean                              Deg   Deg         Wind                 Dom
Day Temp  High   Time   Low    Time   Days  Days  Rain  Speed High   Time    Dir
----------------------------------------------------------------------------------
 1   6,7   8,1   18:19   3,9   01:22   8,8   0,0   0,8   0,8   6,3   10:54    NV
 2   5,5   7,2   11:22   3,7   03:07  10,0   0,0   1,4   1,1   6,7   11:12    NV
 3   6,7   9,8   19:41   2,8   01:48   8,8   0,0   0,0   0,5   4,0   12:23    NV
 4   9,5  12,7   13:13   5,3   03:06   6,0   0,0   0,8   0,3   3,1   14:44   ØSØ
 5  10,4  13,8   16:30   7,0   03:16   5,1   0,0   0,2   0,6   3,6   12:50    NV
 6  10,9  15,8   13:58   8,1   00:59   4,6   0,0   3,4   0,4   4,0   13:33    NV
 7  15,2  22,5   15:56   8,5   01:34   2,1   0,6   0,0   0,7   6,7   09:40    SØ
 8  12,7  15,8   09:43   8,4   23:52   2,8   0,0   0,4   0,4   4,0   09:55    NV
 9   8,2  10,9   14:45   5,4   23:52   7,3   0,0   1,0   0,4   4,9   18:50    SØ
10   3,2   5,4   00:00   1,7   23:56  12,3   0,0  20,8   1,4   7,6   12:36    NV
11   5,4   7,8   14:05   1,7   00:00  10,1   0,0   0,4   0,9   5,4   01:36    NV
12   8,2  11,8   13:36   4,7   03:01   7,3   0,0   0,0   0,4   4,0   14:09    NV
13  11,6  14,4   14:12   7,5   02:25   3,9   0,0   0,0   1,0   5,8   13:05    NV
14   9,0  11,7   10:56   6,2   23:58   6,4   0,0   0,0   0,9   5,4   14:45    NV
15   9,2  13,2   18:10   5,2   00:57   6,3   0,0   0,0   0,7   4,9   14:41    NV
16   9,6  11,9   16:27   6,8   01:25   5,9   0,0   0,0   1,3   6,7   09:21    NV
17   9,6  13,2   17:24   4,9   01:26   5,9   0,0   0,0   0,9   6,3   12:13    NV
18  10,8  13,8   12:45   7,4   02:45   4,7   0,0   0,6   0,6   4,9   14:48    NV
19   8,6   9,8   18:00   7,2   23:39   6,9   0,0   0,6   0,3   3,1   12:17    NV
20  10,2  13,3   16:20   6,1   02:35   5,3   0,0   0,0   0,5   4,5   19:59    NV
21  12,9  16,5   08:48   8,6   01:17   2,6   0,0   3,2   0,5   6,3   01:30    SØ
22   8,9  10,9   00:00   7,2   23:00   6,6   0,0  12,0   0,3   4,5   19:46   ØSØ
23  10,8  14,8   16:17   5,8   03:45   4,7   0,0   2,4   0,7   4,9   13:23    NV
24  11,1  15,2   14:45   7,1   01:11   4,4   0,0   0,2   0,3   5,4   16:25    NV
25  11,9  15,6   11:50   8,4   00:00   3,6   0,0   0,0   0,6   6,3   11:01   VNV
26  12,0  14,5   13:46   8,7   02:16   3,5   0,0   0,2   0,5   5,4   23:16   SSV
27   9,0  12,9   14:32   5,9   17:29   6,5   0,0   0,8   0,8   8,5   15:19   VNV
28   8,5  10,9   19:42   5,3   02:49   7,0   0,0   0,0   1,1   7,6   13:19   SSØ
29   8,0  10,7   00:49   4,9   16:19   7,5   0,0   8,6   1,0   7,6   20:42   SSØ
30   9,3  12,6   15:55   5,9   02:07   6,2   0,0   0,0   0,9   7,2   00:19   VNV
----------------------------------------------------------------------------------
     9,5  22,5     7     1,7    10   183,1   0,6  57,8   0,7   8,5    27      NV

Max >=  18,0:  1
Max <=   0,0:  0
Min <=   0,0:  0
Min <= -18,0:  0
Max Rain: 20,8 on day 10
Days of Rain: 18 (>= 0,2 mm)  6 (>= 2,0 mm)  2 (>= 10,0 mm)
Heat Base: 15,5  Cool Base: 18,3  Method: Integration