NOAA style reports

NOAA-style Climate Reports

Select a Year or Month report

Report for 2019 Jul
                   Monthly Climatological Summary for jul 2019

Name: kvikklunsj.net   City: Alta   State: Norge
Elevation: 16 m  Lat: N 69° 52' 21"   Lon: E 023° 28' 10"

                  Temperature (°C), Rain (mm), Wind Speed (m/s)

                                      Heat  Cool        Avg
    Mean                              Deg   Deg         Wind                 Dom
Day Temp  High   Time   Low    Time   Days  Days  Rain  Speed High   Time    Dir
----------------------------------------------------------------------------------
 1  11,2  13,9   13:02   4,4   01:31   4,3   0,0   0,8   1,6   9,4   11:05    SØ
 2   9,2  10,3   00:01   8,4   07:09   6,3   0,0   3,8   0,5   3,6   12:39    NV
 3   8,3   9,3   14:52   7,7   03:05   7,2   0,0   3,0   0,7   4,9   15:51    NV
 4   8,8  10,3   12:03   7,8   00:00   6,7   0,0   2,4   0,4   3,1   07:32    NØ
 5  11,0  13,8   09:39   8,3   04:08   4,5   0,0   0,0   0,8   5,4   15:25    NV
 6   8,9   9,7   22:42   8,1   01:28   6,6   0,0   1,4   0,9   4,9   05:17    NV
 7  14,6  22,8   16:42   9,1   00:33   2,5   0,6   0,6   0,5   5,8   14:10    SØ
 8  14,8  19,0   15:48   7,4   02:47   1,8   0,0   0,0   0,7   4,5   07:35    NV
 9  13,8  18,2   07:51   8,7   02:02   2,1   0,0   0,0   0,6   4,9   11:24    NV
10  13,3  17,3   17:17  10,3   02:36   2,3   0,0   0,0   0,3   3,6   11:57    NV
11  14,0  16,8   15:37   9,2   03:09   1,7   0,0   0,0   0,6   4,9   14:45    NV
12  13,9  17,3   15:42   7,4   01:33   1,9   0,0   0,0   0,6   6,3   15:52    NV
13  12,5  16,7   15:08   5,6   02:33   3,1   0,0   0,0   0,7   4,5   12:15    NV
14   9,5  11,0   14:29   7,3   23:40   6,0   0,0   0,6   0,6   5,4   19:58    NV
15  10,1  13,1   16:09   6,9   03:23   5,4   0,0   0,8   0,4   4,5   16:37    NV
16  11,5  13,4   13:09   9,4   01:32   4,0   0,0   0,4   0,5   4,9   17:35    NV
17  11,1  13,8   15:30   9,0   04:28   4,4   0,0   0,2   0,4   3,6   15:46    NV
18  13,3  20,6   17:39   8,6   02:41   3,1   0,2   0,4   0,5   6,7   16:52    SØ
19  17,2  21,3   17:46   9,1   03:06   1,0   0,9   0,0   1,2   7,2   19:38    SØ
20  18,9  23,6   13:35  11,6   03:14   0,5   1,9   0,0   0,5   3,6   18:20    NV
21  19,7  27,4   17:24  12,1   04:27   0,6   2,9   0,0   0,5   6,3   15:40    SØ
22  22,1  29,1   15:23  14,3   23:55   0,0   4,1   0,0   1,5   8,5   10:24    SØ
23  18,4  22,9   13:37  11,6   03:12   0,6   1,5   0,0   0,4   4,5   16:54    NV
24  16,7  19,0   13:06  13,7   22:45   0,3   0,0   0,0   0,4   4,0   10:50    NV
25  16,4  19,6   13:21  12,0   03:14   0,7   0,2   0,0   0,4   4,5   14:05    NV
26  16,3  22,5   11:16  12,7   23:29   0,7   0,5   0,0   0,4   5,4   15:09    NV
27  13,4  15,7   11:45  10,6   23:59   2,1   0,0   0,0   0,7   4,9   13:36    NV
28  11,1  14,2   14:26   7,9   02:34   4,4   0,0   0,0   1,0   6,7   14:03    NV
29   8,9  10,2   10:58   6,6   23:52   6,6   0,0   0,8   1,1   5,8   08:51   NNV
30   8,1  10,8   16:31   4,9   02:26   7,4   0,0   0,0   0,9   5,8   14:57    NV
31  11,3  15,0   13:00   6,6   00:11   4,2   0,0   0,0   0,5   4,5   15:36   NNV
----------------------------------------------------------------------------------
    13,2  29,1    22     4,4     1   103,0  12,8  15,2   0,7   9,4     1     NNV

Max >=  18,0: 12
Max <=   0,0:  0
Min <=   0,0:  0
Min <= -18,0:  0
Max Rain: 3,8 on day 2
Days of Rain: 12 (>= 0,2 mm)  3 (>= 2,0 mm)  0 (>= 10,0 mm)
Heat Base: 15,5  Cool Base: 18,3  Method: Integration