NOAA style reports

NOAA-style Climate Reports

Select a Year or Month report

Report for 2019 Aug
                   Monthly Climatological Summary for aug 2019

Name: kvikklunsj.net   City: Alta   State: Norge
Elevation: 16 m  Lat: N 69° 52' 21"   Lon: E 023° 28' 10"

                  Temperature (°C), Rain (mm), Wind Speed (m/s)

                                      Heat  Cool        Avg
    Mean                              Deg   Deg         Wind                 Dom
Day Temp  High   Time   Low    Time   Days  Days  Rain  Speed High   Time    Dir
----------------------------------------------------------------------------------
 1  11,0  13,3   14:46   8,7   23:50   4,5   0,0   0,0   0,9   5,8   15:48    NV
 2   9,6  13,4   16:21   5,6   23:04   5,9   0,0   0,0   0,4   3,6   11:12   NNV
 3  11,5  16,7   15:37   3,9   04:01   4,1   0,0   0,0   0,4   4,0   18:47    NV
 4   9,0  13,4   15:07   0,3   03:35   6,5   0,0   0,0   0,6   4,9   16:44    NV
 5   8,5  11,8   15:34   5,6   04:07   7,0   0,0   0,0   0,8   6,3   17:05    NV
 6   9,5  11,5   15:52   7,6   01:48   6,0   0,0   0,0   0,8   5,4   10:52    NV
 7  10,4  14,0   17:25   6,5   23:59   5,1   0,0   0,0   0,4   3,6   16:12    NV
 8   9,4  12,2   16:34   5,6   03:13   6,1   0,0   0,0   0,2   2,7   15:07    NV
 9  10,4  13,8   11:53   8,7   03:30   5,1   0,0   2,0   0,3   4,0   17:50    NV
10  10,6  13,1   19:56   8,3   01:42   4,9   0,0   0,2   0,3   5,8   22:55    SØ
11  15,2  21,4   13:34  10,2   04:35   1,9   0,5   2,2   1,1  10,3   15:37    SØ
12  14,0  16,6   14:04  11,4   23:24   1,6   0,0   5,6   0,3   2,7   04:58     N
13  10,8  11,8   15:11   9,6   05:52   4,7   0,0   0,2   0,1   2,2   15:56    NV
14  11,5  13,9   10:54   9,8   02:53   4,0   0,0   1,0   0,3   3,1   16:38    NV
15  10,8  12,8   13:48   8,9   23:51   4,7   0,0   3,4   0,2   4,0   17:51    NV
16  12,7  17,9   16:18   8,1   03:32   3,2   0,0   0,0   0,6   6,7   17:21    SØ
17  12,4  16,0   23:59  10,0   03:37   3,1   0,0   4,0   0,3   4,5   23:55    NV
18  17,3  19,6   13:52  16,0   00:00   0,0   0,1   0,0   2,5  11,6   10:50    SØ
19  16,2  18,4   07:46  14,6   20:19   0,1   0,0   2,4   2,5  12,1   14:57    SØ
20  12,6  16,7   10:42   4,7   23:48   2,9   0,0  11,4   0,5   4,5   04:46   ØSØ
21  10,4  16,2   16:40   3,1   01:14   5,1   0,0   3,6   0,1   2,2   10:17   NNV
22  10,2  15,8   12:52   5,6   03:01   5,3   0,0   0,4   0,3   4,0   13:43    NV
23   8,8  12,3   15:07   4,2   04:23   6,7   0,0   4,8   0,1   3,6   16:23     N
24   7,8   9,6   00:00   4,3   22:52   7,7   0,0   6,0   0,3   3,6   01:23    NV
25   8,9  12,8   13:11   2,8   02:00   6,6   0,0   1,6   0,4   7,6   10:11    SØ
26  11,2  13,6   13:22   7,9   23:57   4,2   0,0   3,0   0,1   2,7   13:29    NV
27  12,8  18,4   12:18   7,9   00:00   3,0   0,0   1,6   0,2   4,0   08:47   NNV
28  13,2  17,6   17:34   9,3   23:47   2,7   0,0   0,0   0,2   3,1   14:26   NNV
29  18,2  23,8   17:36   9,1   00:27   1,1   1,8   0,8   1,5   8,9   21:21    SØ
30  17,1  22,6   12:24  11,6   22:26   1,1   1,0  10,4   1,4  14,8   12:27    SØ
31  13,3  19,9   15:26   9,6   21:54   2,6   0,0   0,4   0,2   5,4   14:12    SØ
----------------------------------------------------------------------------------
    11,8  23,8    29     0,3     4   127,5   3,4  65,0   0,6  14,8    30     ØSØ

Max >=  18,0:  7
Max <=   0,0:  0
Min <=   0,0:  0
Min <= -18,0:  0
Max Rain: 11,4 on day 20
Days of Rain: 20 (>= 0,2 mm)  12 (>= 2,0 mm)  2 (>= 10,0 mm)
Heat Base: 15,5  Cool Base: 18,3  Method: Integration