NOAA style reports

NOAA-style Climate Reports

Select a Year or Month report

Report for 2019 Sep
                   Monthly Climatological Summary for sep 2019

Name: kvikklunsj.net   City: Alta   State: Norge
Elevation: 16 m  Lat: N 69° 52' 21"   Lon: E 023° 28' 10"

                  Temperature (°C), Rain (mm), Wind Speed (m/s)

                                      Heat  Cool        Avg
    Mean                              Deg   Deg         Wind                 Dom
Day Temp  High   Time   Low    Time   Days  Days  Rain  Speed High   Time    Dir
----------------------------------------------------------------------------------
 1  15,6  19,7   15:04   9,9   00:26   1,7   0,2   0,0   1,8  12,5   23:41    SØ
 2  13,6  18,9   01:45  10,3   23:47   2,8   0,0  14,2   1,2  11,6   01:33    SØ
 3  12,1  16,5   16:33   9,4   05:27   3,4   0,0   4,4   0,7   8,9   22:52    SØ
 4  12,9  17,6   15:25   8,2   23:58   2,8   0,0   0,0   1,6   8,0   01:32    SØ
 5   9,3  15,1   10:40   3,3   03:43   6,2   0,0   6,0   0,1   4,0   18:14    SØ
 6   9,6  12,2   15:28   7,7   01:55   5,9   0,0   4,8   0,2   5,8   23:17   SSØ
 7   8,2  12,4   15:00   3,3   23:58   7,3   0,0   3,4   0,1   4,9   01:41    NV
 8   8,3  14,5   14:41   0,6   04:22   7,2   0,0   1,2   0,4   5,8   15:59    SØ
 9  12,1  19,0   14:19   7,2   23:41   3,8   0,0   0,2   0,4   4,0   05:18    SØ
10  13,2  18,9   15:03   5,6   03:37   2,8   0,0   0,0   0,8   7,6   21:08    SØ
11  16,7  19,2   15:52  14,5   23:05   0,1   0,0   0,0   2,5  13,4   14:40    SØ
12  14,0  17,4   12:40   8,9   23:53   1,7   0,0  13,0   1,0   8,0   09:05    SØ
13   8,3  12,4   14:00   5,4   23:32   7,2   0,0   4,0   0,0   3,1   14:14    NV
14   6,0  11,8   11:06   0,5   23:09   9,5   0,0   0,4   0,0   3,6   17:39     N
15   4,8  10,6   12:11  -2,8   06:24  10,7   0,0   0,4   0,6   7,6   13:03    SØ
16   3,5   8,2   15:24  -2,6   02:13  12,0   0,0   1,8   0,1   3,1   14:04    NV
17   4,9   9,3   14:39   1,5   23:59  10,6   0,0   1,0   0,0   2,7   07:23    NV
18   3,6   7,4   11:47  -1,3   06:13  11,9   0,0   1,2   0,1   3,6   12:42    NV
19   2,9   4,9   13:18   0,5   07:11  12,6   0,0   3,6   0,1   3,1   22:29   VNV
20   3,0   7,3   12:03  -0,9   20:15  12,5   0,0   0,4   0,2   4,0   12:13    NV
21   2,6   6,0   12:52  -0,8   23:59  12,9   0,0   2,8   0,1   2,7   17:27    NV
22   3,2   6,7   13:26  -1,3   00:54  12,3   0,0   0,4   0,3   5,8   09:13    NV
23   3,4   6,8   15:25   1,2   23:55  12,1   0,0   0,2   0,3   4,9   12:14    NV
24   2,9   9,1   13:00  -0,4   02:11  12,6   0,0   0,0   0,0   1,8   14:49   ØNØ
25   6,3  10,6   19:04   0,9   00:00   9,2   0,0   0,4   0,1   4,5   18:16    NV
26   9,2  10,8   15:20   8,0   06:50   6,3   0,0   1,6   0,0   3,6   02:01    NØ
27   6,1  13,4   12:36  -1,5   23:07   9,4   0,0   0,0   0,1   2,7   14:02    NV
28   3,7   6,5   13:17  -2,0   01:12  11,8   0,0   1,2   0,0   2,7   23:28   NNV
29   2,8   4,3   00:00   1,4   21:45  12,6   0,0   4,4   0,2   3,1   18:24   NNV
30   3,3   5,1   17:37   0,7   06:28  12,2   0,0   1,4   0,3   4,9   23:43   NNV
----------------------------------------------------------------------------------
     7,5  19,7     1    -2,8    15   244,1   0,2  72,4   0,5  13,4    11      SØ

Max >=  18,0:  5
Max <=   0,0:  0
Min <=   0,0:  9
Min <= -18,0:  0
Max Rain: 14,2 on day 2
Days of Rain: 24 (>= 0,2 mm)  10 (>= 2,0 mm)  2 (>= 10,0 mm)
Heat Base: 15,5  Cool Base: 18,3  Method: Integration