NOAA style reports

NOAA-style Climate Reports

Select a Year or Month report

Report for 2019 Dec
                   Monthly Climatological Summary for des 2019

Name: kvikklunsj.net   City: Alta   State: Norge
Elevation: 16 m  Lat: N 69° 52' 21"   Lon: E 023° 28' 10"

                  Temperature (°C), Rain (mm), Wind Speed (m/s)

                                      Heat  Cool        Avg
    Mean                              Deg   Deg         Wind                 Dom
Day Temp  High   Time   Low    Time   Days  Days  Rain  Speed High   Time    Dir
----------------------------------------------------------------------------------
 1  -0,6   1,6   10:14  -3,7   00:00  16,1   0,0   0,0   1,9  12,1   00:32     Ø
 2  -0,1   1,3   15:38  -2,1   22:08  15,6   0,0   0,0   2,1  10,3   13:34   NNV
 3  -3,1   0,3   00:00  -4,4   11:20  18,6   0,0   0,0   0,2   5,8   00:06    NV
 4  -1,8   3,2   22:01  -3,7   00:19  17,3   0,0   0,2   0,0   2,2   21:14   SSØ
 5  -1,3   4,3   06:06  -8,7   23:53  16,8   0,0   7,8   0,5   6,3   06:01   SSØ
 6  -9,0  -5,8   22:29 -12,8   07:13  24,5   0,0   0,0   0,1   3,1   18:39    SØ
 7  -5,2  -2,7   04:57  -6,4   12:49  20,7   0,0   0,0   0,1   4,5   04:49    SØ
 8  -9,3  -5,6   02:55 -16,1   18:24  24,8   0,0   0,0   0,0   1,3   02:06    SØ
 9 -15,4  -3,9   23:59 -18,4   15:21  30,9   0,0   0,0   0,1   3,6   23:37    SØ
10  -6,9  -3,7   06:38 -13,1   22:19  22,4   0,0   0,0   0,7   8,5   06:49    NV
11  -6,7  -0,3   20:51 -15,7   02:28  22,2   0,0   0,0   2,4  14,8   13:24   SSØ
12  -0,6   2,1   23:16  -3,9   12:48  16,1   0,0   0,0   1,5   8,9   22:06   SSØ
13  -1,3   2,4   01:37  -9,5   23:58  16,8   0,0   0,0   1,5   9,4   00:59   SSØ
14  -6,4  -0,2   17:44 -11,4   12:20  21,9   0,0   0,0   0,3   8,0   17:41   SSØ
15   0,9   1,6   06:12  -1,2   00:00  14,6   0,0   0,0   1,3   9,4   11:44    SØ
16  -0,9   0,6   00:02  -2,3   22:48  16,4   0,0   0,0   0,7   7,2   08:45    SØ
17  -4,9  -2,3   00:00  -7,6   15:26  20,4   0,0   0,0   0,0   1,3   00:05   SSØ
18  -6,9  -5,0   02:53 -11,4   07:30  22,4   0,0   0,0   0,0   0,9   07:48   ---
19  -6,4   0,0   03:49 -11,8   19:36  21,9   0,0   0,0   0,3   5,8   23:36    NV
20 -16,9 -11,3   00:00 -21,2   10:27  32,4   0,0   0,0   0,2   3,1   00:24    SØ
21 -18,2 -12,8   00:00 -22,6   23:27  33,7   0,0   0,0   0,1   2,7   01:39    SØ
22 -10,6  -3,1   23:17 -21,6   01:21  26,1   0,0   0,0   0,1   5,8   23:16   SSØ
23  -2,8  -1,9   21:55  -3,7   03:40  18,3   0,0   0,0   0,4   4,5   02:37   SSØ
24  -2,7  -1,6   02:20  -4,4   21:40  18,2   0,0   0,0   0,0   3,1   00:07   SSØ
25  -1,9   0,6   16:47  -4,4   02:44  17,4   0,0   0,0   0,0   0,4   00:16   ---
26  -4,8  -0,8   01:26  -7,1   13:52  20,3   0,0   0,0   0,0   4,0   11:03    SØ
27 -10,0  -6,4   00:00 -15,1   13:37  25,5   0,0   0,0   0,4   5,4   17:53    SØ
28  -5,2  -1,4   23:52  -9,2   01:53  20,6   0,0   0,0   3,0  13,9   17:24   SSØ
29   2,5   5,7   11:25  -1,4   00:00  13,0   0,0   1,8   1,8  12,5   03:58     S
30  -1,9   0,8   00:00  -4,9   23:59  17,4   0,0   0,2   0,3   4,9   10:48   NNØ
31  -3,8  -1,6   20:21  -6,4   01:32  19,3   0,0   0,0   0,8   6,7   09:42   SSØ
----------------------------------------------------------------------------------
    -5,2   5,7    29   -22,6    21   642,6   0,0  10,0   0,7  14,8    11     SSØ

Max >=  18,0:  0
Max <=   0,0: 19
Min <=   0,0: 31
Min <= -18,0:  4
Max Rain: 7,8 on day 5
Days of Rain: 4 (>= 0,2 mm)  1 (>= 2,0 mm)  0 (>= 10,0 mm)
Heat Base: 15,5  Cool Base: 18,3  Method: Integration