NOAA style reports

NOAA-style Climate Reports

Select a Year or Month report

Report for 2020
                   Annual Climatological Summary for 2020

Name: kvikklunsj.net   City: Alta   State: Norge
Elevation: 16 m  Lat: N 69° 52' 21"   Lon: E 023° 28' 10"

                  Temperature (°C), Heat Base: 15,5  Cool Base: 18,3
                          Dep.  Heat  Cool                       Max  Max  Min  Min
        Mean  Mean        From  Deg   Deg                        >=   <=   <=   <=
 YR MO  Max   Min   Mean  Norm  Days  Days  Hi  Date  Low  Date 18,0  0,0  0,0 -18,0
------------------------------------------------------------------------------------
 20  1  -3,1  -9,5  -6,4   2,3   677     0   4,2  20 -23,1   27    0   22   30    2
 20  2  -1,6  -9,7  -5,4   2,5   604     0   5,4   8 -17,1   16    0   18   28    0
 20  3   0,3  -7,0  -3,1   2,1   576     0   6,5  24 -21,5    2    0   18   26    1
 20  4   3,1  -4,0  -0,1   0,5   467     0   9,1   7 -15,1    5    0    2   22    0
 20  5   8,1   0,8   4,9   0,1   328     0  16,6  31  -4,7   14    0    0   13    0
 20  6  14,6   6,3  10,9   0,9   145     1  23,6  25   0,5   10    6    0    0    0
 20  7  17,1   9,0  13,5   0,1    95    11  27,4  29   2,1    5   15    0    0    0
 20  8  15,9   6,9  11,8  -0,2   125     1  20,9   4  -0,1   29   10    0    1    0
 20  9  12,8   4,3   8,5   1,3   211     0  19,6   3  -1,6   27    2    0    1    0
 20 10   5,0  -0,2   2,6   1,0   399     0  13,9   8 -10,1   19    0    7   15    0
 20 11   4,2  -1,2   1,8   5,4   315     0   8,6   3  -8,9   22    0    1   14    0
 20 12
------------------------------------------------------------------------------------
         7,0  -0,4   3,6   1,5  3947    15  27,4 jul -23,1  jan   33   68  150    3

                                Precipitation (mm)

              Dep.   Max        Days of Rain
              From   Obs.           >=
 YR MO Total  Norm   Day Date  0,2  2,0 10,0
---------------------------------------------
 20  1  62,8  30,8   9,3  10    19   11    0
 20  2  44,2  19,2   7,4   4    18    6    0
 20  3  57,8  34,8   8,0  21    23   11    0
 20  4   9,2  -7,8   2,2  11    11    1    0
 20  5  19,8  -0,2   3,6   4     9    6    0
 20  6  15,8 -17,2   8,6  30     9    1    0
 20  7  93,6  39,6  16,0   2    18    9    4
 20  8  61,0  12,0  18,4   9    17    9    2
 20  9  53,2  15,2   9,4   5    21   10    0
 20 10  30,2  -8,8   9,6  16    14    5    0
 20 11  31,3  -2,7   9,2  21    13    4    0
 20 12
---------------------------------------------
       478,9 114,9  18,4  aug  172   73    6

                                Wind Speed (m/s)
                          Dom
 YR MO   Avg.  Hi   Date  Dir
------------------------------
 20  1   0,8  14,8    9   SSØ
 20  2   1,1  17,9    1   SSØ
 20  3   1,3  19,7   31     S
 20  4   1,4  17,4    8   NNV
 20  5   1,1  13,9   15   SSØ
 20  6   0,7  10,3    7     N
 20  7   0,6  11,6   26     Ø
 20  8   0,4  11,2   22    SØ
 20  9   0,8  13,4    3   SSØ
 20 10   0,8  17,4   26    SØ
 20 11   1,6  18,8    2   SSØ
 20 12
------------------------------
         1,0  19,7  mar   SSØ