NOAA style reports

NOAA-style Climate Reports

Select a Year or Month report

Report for 2020 Mar
                   Monthly Climatological Summary for mar 2020

Name: kvikklunsj.net   City: Alta   State: Norge
Elevation: 16 m  Lat: N 69° 52' 21"   Lon: E 023° 28' 10"

                  Temperature (°C), Rain (mm), Wind Speed (m/s)

                                      Heat  Cool        Avg
    Mean                              Deg   Deg         Wind                 Dom
Day Temp  High   Time   Low    Time   Days  Days  Rain  Speed High   Time    Dir
----------------------------------------------------------------------------------
 1 -10,3  -4,7   12:57 -17,0   23:56  25,8   0,0   1,1   0,1   2,2   15:06   SSØ
 2 -10,9  -1,2   16:00 -21,5   03:16  26,3   0,0   0,0   0,3   7,6   15:57    NV
 3  -4,8  -0,5   11:51 -11,8   23:41  20,2   0,0   2,1   0,9   7,2   01:04    SØ
 4  -9,5  -5,4   13:49 -15,0   04:46  25,0   0,0   0,0   1,6  11,2   13:47   SSØ
 5  -7,6  -6,1   14:50  -9,7   05:41  23,1   0,0   0,0   0,9   8,9   00:41   SSØ
 6  -3,1   2,7   17:44  -9,4   06:32  18,6   0,0   0,1   0,5   5,4   16:50     V
 7   1,6   5,1   13:14  -1,4   00:03  13,9   0,0   0,5   1,2   6,7   23:57     S
 8  -1,1   1,9   23:33  -4,3   07:05  16,6   0,0   0,0   1,8  10,7   12:23   SSØ
 9   2,6   4,8   23:24   0,2   06:30  12,9   0,0   1,7   1,1   9,4   19:48   SSØ
10  -1,7   4,8   04:14  -6,7   23:43  17,2   0,0   2,6   1,8  10,7   11:44   NNV
11  -6,4  -4,2   19:40  -8,4   07:16  21,8   0,0   1,9   1,1   8,9   14:26   SSØ
12  -4,8  -2,2   13:39  -7,3   00:48  20,3   0,0   2,4   1,0   9,4   18:48   NNØ
13  -8,1  -4,9   00:06 -12,8   17:34  23,5   0,0   3,0   1,4   9,4   00:23   NNØ
14  -7,0  -4,1   11:20  -9,4   07:20  22,5   0,0   4,3   2,0  10,7   19:53   SSØ
15  -3,1   1,2   07:16  -7,5   23:55  18,6   0,0   0,3   1,3  10,7   04:36   SSØ
16  -4,4  -1,5   10:16 -11,1   03:32  19,9   0,0   2,8   2,0  14,8   15:53    SV
17  -2,2  -0,4   09:40  -4,7   23:58  17,6   0,0   1,1   1,2   8,0   14:31   SSØ
18  -3,8  -0,9   11:05  -7,9   03:54  19,3   0,0   0,1   0,1   2,2   13:04     N
19  -5,3  -2,4   02:38  -9,5   22:12  20,8   0,0   1,7   1,6   8,0   14:27   NNV
20  -6,1  -1,9   13:57  -9,3   19:54  21,6   0,0   6,0   0,3   3,6   23:09   SSØ
21  -1,8   2,2   22:59  -8,8   00:56  17,3   0,0   0,6   0,9   6,7   12:03     S
22   1,8   3,4   11:06   0,1   17:19  13,7   0,0   1,6   3,0  16,5   18:29     S
23   3,4   5,7   14:22   1,3   01:00  12,1   0,0   0,4   3,1  14,8   20:35   SSØ
24   3,8   6,5   15:13   1,4   23:55  11,7   0,0   1,0   2,6  13,4   00:37   SSØ
25   2,6   6,3   10:28  -0,1   06:29  12,9   0,0   0,0   1,1   7,6   10:48   SSV
26   3,0   5,8   14:53   0,3   03:11  12,5   0,0   0,2   2,2  11,6   21:01   SSØ
27   2,4   4,7   09:36  -2,3   23:03  13,1   0,0   0,0   2,3  12,1   02:26     S
28  -3,6  -1,5   06:26  -5,2   17:41  19,1   0,0   0,0   1,1  12,5   06:45    NV
29  -4,5  -1,9   15:43  -5,5   03:27  19,2   0,0   0,0   0,6   6,7   04:38    NV
30  -4,0  -0,2   13:39  -7,1   06:45  19,5   0,0   0,2   0,1   4,0   12:15   NNV
31  -4,3  -1,7   13:14  -5,7   00:09  19,8   0,0   0,0   1,1  19,7   05:43    SØ
----------------------------------------------------------------------------------
    -3,1   6,5    24   -21,5     2   576,4   0,0  35,7   1,3  19,7    31       S

Max >=  18,0:  0
Max <=   0,0: 18
Min <=   0,0: 26
Min <= -18,0:  1
Max Rain: 6,0 on day 20
Days of Rain: 20 (>= 0,2 mm)  7 (>= 2,0 mm)  0 (>= 10,0 mm)
Heat Base: 15,5  Cool Base: 18,3  Method: Integration