NOAA style reports

NOAA-style Climate Reports

Select a Year or Month report

Report for 2020 Sep
                   Monthly Climatological Summary for sep 2020

Name: kvikklunsj.net   City: Alta   State: Norge
Elevation: 16 m  Lat: N 69° 52' 21"   Lon: E 023° 28' 10"

                  Temperature (°C), Rain (mm), Wind Speed (m/s)

                                      Heat  Cool        Avg
    Mean                              Deg   Deg         Wind                 Dom
Day Temp  High   Time   Low    Time   Days  Days  Rain  Speed High   Time    Dir
----------------------------------------------------------------------------------
 1   9,6  12,2   14:48   6,9   05:22   5,9   0,0   0,2   0,1   3,1   00:03   SSØ
 2  13,9  19,3   12:29   7,9   02:14   2,3   0,0   0,0   0,8   6,7   21:37   SSØ
 3  14,6  19,6   14:54   8,6   05:49   2,0   0,2   0,0   2,0  13,4   15:45   SSØ
 4  14,3  16,9   18:03   9,7   05:45   1,5   0,0   4,2   1,7   8,5   00:30   SSØ
 5  13,4  17,0   12:44  10,6   23:59   2,3   0,0   9,4   0,4   6,7   13:21   SSØ
 6  11,2  13,3   12:56   9,8   04:32   4,3   0,0   3,4   0,1   3,6   22:40     S
 7  10,8  14,6   16:14   7,5   21:55   4,7   0,0   0,2   0,3   4,5   23:09   SSØ
 8  11,6  13,6   10:35   9,6   23:22   3,9   0,0   0,2   2,3  13,0   10:04   SSØ
 9   9,5  15,9   15:21   4,4   05:58   6,0   0,0   0,0   0,1   4,5   00:52   SSØ
10   7,2  12,6   15:32   4,1   04:16   8,2   0,0   0,6   0,0   1,8   15:05     N
11   8,0  13,7   14:47   2,6   23:54   7,5   0,0   0,0   0,2   4,5   18:18   SSØ
12   7,9  15,0   14:01   0,6   06:13   7,6   0,0   0,2   0,8   8,9   13:14   SSØ
13   7,4  13,3   13:31   3,7   23:57   8,1   0,0   1,6   0,0   1,3   13:02    SØ
14   6,4  12,3   13:30   0,6   03:57   9,1   0,0   4,8   0,0   3,1   15:20     N
15   8,0  14,1   13:11   4,9   02:34   7,5   0,0   3,2   0,1   3,6   14:57   ØNØ
16   6,9  10,4   14:01   3,1   23:45   8,6   0,0   1,2   0,1   4,0   18:13     N
17   6,4  10,2   16:19   0,5   05:54   9,1   0,0   0,0   0,6   6,7   23:17   SSØ
18   7,8  10,2   10:48   4,9   07:19   7,7   0,0   4,4   1,3   9,8   02:07     S
19   6,4   8,9   13:20   3,7   22:01   9,1   0,0   3,4   0,3   5,4   07:34   VSV
20   6,1  11,4   14:28   3,6   00:01   9,3   0,0   5,2   0,9   7,2   07:47     S
21   6,4  11,0   16:19   2,8   00:58   9,1   0,0   1,4   1,6   8,9   10:43   SSØ
22   6,8   8,2   11:19   3,2   22:29   8,7   0,0   3,2   1,2   7,6   06:44    SV
23   6,0  10,8   23:30   1,2   03:50   9,5   0,0   0,2   1,8  13,0   22:06   SSØ
24   7,4  10,8   01:37   2,8   19:32   8,1   0,0   0,0   1,0   9,8   00:09   SSV
25   5,8  10,9   17:13   1,5   05:20   9,7   0,0   5,8   0,7   8,0   21:31     S
26   5,2   9,5   14:21   1,4   23:57  10,3   0,0   0,2   0,4   4,0   16:27   SSØ
27   3,7   8,8   14:36  -1,6   07:28  11,8   0,0   0,0   1,2   7,6   21:48   SSØ
28   8,3  13,4   14:16   3,5   23:16   7,2   0,0   0,0   1,2  11,2   01:40   SSØ
29  10,0  14,8   11:26   4,2   04:14   5,5   0,0   0,0   0,9   8,9   12:36   SSØ
30   9,0  12,8   15:16   3,1   04:26   6,5   0,0   0,2   0,9   9,8   15:40   SSØ
----------------------------------------------------------------------------------
     8,5  19,6     3    -1,6    27   211,1   0,2  53,2   0,8  13,4     3     SSØ

Max >=  18,0:  2
Max <=   0,0:  0
Min <=   0,0:  1
Min <= -18,0:  0
Max Rain: 9,4 on day 5
Days of Rain: 21 (>= 0,2 mm)  10 (>= 2,0 mm)  0 (>= 10,0 mm)
Heat Base: 15,5  Cool Base: 18,3  Method: Integration