NOAA style reports

NOAA-style Climate Reports

Select a Year or Month report

Report for 2020 Nov
                   Monthly Climatological Summary for nov 2020

Name: kvikklunsj.net   City: Alta   State: Norge
Elevation: 16 m  Lat: N 69° 52' 21"   Lon: E 023° 28' 10"

                  Temperature (°C), Rain (mm), Wind Speed (m/s)

                                      Heat  Cool        Avg
    Mean                              Deg   Deg         Wind                 Dom
Day Temp  High   Time   Low    Time   Days  Days  Rain  Speed High   Time    Dir
----------------------------------------------------------------------------------
 1   1,4   6,4   23:56  -4,1   06:17  13,6   0,0   1,8   1,7  11,2   11:07   SSØ
 2   5,7   6,6   12:30   3,9   23:44   9,8   0,0   6,7   5,5  18,8   15:33    SØ
 3   5,2   8,6   11:54   2,2   23:58  10,3   0,0   0,2   1,2   7,2   20:27     S
 4   2,4   5,1   13:24  -0,3   22:49  13,1   0,0   0,0   1,2   7,6   11:46   SSØ
 5   4,2   6,3   11:59   1,5   00:00  11,3   0,0   0,4   1,3   7,6   03:43   SSV
 6   4,5   6,4   20:12   2,4   06:56  11,0   0,0   3,6   1,5  11,6   20:25     S
 7   3,1   4,9   02:06   0,7   18:25  12,4   0,0   1,6   1,4  10,3   12:31   SSV
 8   1,5   2,8   01:10   0,2   15:31  13,8   0,0   0,4   1,2   8,5   06:01   VSV
 9   2,2   3,9   08:32   0,5   22:55  13,3   0,0   3,2   0,6   7,6   16:53   VNV
10   1,2   2,7   17:40  -3,4   23:48  14,3   0,0   0,8   0,5   4,5   19:16     S
11  -3,3   0,2   22:50  -5,0   03:27  18,7   0,0   0,0   0,8   4,9   14:54   SSØ
12   0,5   3,6   12:49  -1,9   04:39  15,0   0,0   0,0   0,9   9,4   12:48   SSØ
13   0,5   2,7   10:31  -2,3   21:01  15,0   0,0   0,0   0,4   7,6   23:00   SSØ
14   3,7   5,4   21:56  -0,8   00:06  11,8   0,0   0,0   3,3  13,4   06:25   SSØ
15   5,2   6,3   12:11   4,7   00:00   6,3   0,0   0,0   3,7  11,2   09:37   SSØ
16   6,1   6,6   20:42   0,0   00:00   1,2   0,0   0,0   1,4   9,8   23:06   SSØ
17   6,2   7,5   17:29   5,1   04:59   9,3   0,0   0,2   4,1  13,9   12:46   SSØ
18   4,9   6,7   00:16   2,2   23:39  10,6   0,0   0,0   1,7  10,7   00:09     S
19   1,3   4,1   19:12  -1,8   14:17  14,2   0,0   1,6   1,3  12,1   20:28   NNV
20  -0,6   2,8   00:14  -5,1   22:59  16,1   0,0   1,6   1,8  10,3   01:19   NNV
21  -2,2   0,5   23:22  -6,2   06:51  17,7   0,0   9,2   2,4  13,0   13:54   SSØ
22  -4,5   0,8   01:12  -8,9   18:35  20,0   0,0   0,0   0,3   7,6   00:02   SSØ
23  -1,6   1,4   16:53  -5,1   00:00  17,1   0,0   0,0   0,1   5,4   18:31   NNØ
24  -4,3  -1,7   05:21  -6,6   14:34  19,8   0,0   0,0   0,4   5,8   22:04   SSØ
25  -8,5  -3,8   00:00 -13,3   21:55  24,0   0,0   0,0   0,2   6,7   01:05   SSØ
26 -10,3  -7,4   14:32 -13,8   05:58  25,8   0,0   0,0   0,0   1,3   00:38    SØ
27  -2,1   1,5   15:37  -7,9   00:37  17,5   0,0   0,0   1,1   7,6   14:51   SSØ
28  -0,9   1,6   22:56  -2,8   03:24  16,4   0,0   0,0   1,8   8,9   18:15   SSØ
29   0,9   2,1   18:40  -0,6   03:11  14,6   0,0   0,2   2,3   8,9   09:22   SSØ
30  -0,9   0,6   00:00  -2,1   23:11  16,4   0,0   0,0   2,8  12,1   07:18   SSØ
----------------------------------------------------------------------------------
     0,7   8,6     3   -13,8    26   430,4   0,0  31,5   1,5  18,8     2     SSØ

Max >=  18,0:  0
Max <=   0,0:  3
Min <=   0,0: 20
Min <= -18,0:  0
Max Rain: 9,2 on day 21
Days of Rain: 14 (>= 0,2 mm)  4 (>= 2,0 mm)  0 (>= 10,0 mm)
Heat Base: 15,5  Cool Base: 18,3  Method: Integration