NOAA style reports

NOAA-style Climate Reports

Select a Year or Month report

Report for 2020 Dec
                   Monthly Climatological Summary for des 2020

Name: kvikklunsj.net   City: Alta   State: Norge
Elevation: 16 m  Lat: N 69° 52' 21"   Lon: E 023° 28' 10"

                  Temperature (°C), Rain (mm), Wind Speed (m/s)

                                      Heat  Cool        Avg
    Mean                              Deg   Deg         Wind                 Dom
Day Temp  High   Time   Low    Time   Days  Days  Rain  Speed High   Time    Dir
----------------------------------------------------------------------------------
 1  -3,0  -0,8   12:51  -7,1   23:32  18,6   0,0   0,0   0,1   4,0   00:36   SSØ
 2  -1,1   1,5   17:21  -6,6   00:00  16,6   0,0   0,0   2,4  11,2   11:55   SSØ
 3   1,9   3,7   22:00  -0,5   03:56  13,6   0,0   0,0   3,0  13,9   16:50   SSØ
 4   2,2   3,3   00:00   1,0   20:01  13,3   0,0   0,0   2,3   8,9   00:39   SSØ
 5   0,3   2,2   20:32  -1,1   12:27  15,2   0,0   0,0   1,3   8,9   04:29     S
 6  -4,7   1,7   00:31  -8,4   13:37  20,2   0,0   0,0   0,5   6,7   00:20     S
 7  -9,9  -5,2   00:30 -13,4   16:55  25,4   0,0   0,0   0,1   3,6   21:34    SØ
 8  -5,3   1,7   23:10 -11,8   03:05  20,8   0,0   0,0   0,6   5,8   17:11   SSØ
 9   2,7   3,2   10:00   1,7   00:00  12,8   0,0   1,4   1,5   7,2   10:30   SSØ
10   1,2   3,3   01:00  -1,7   23:57  13,9   0,0   0,6   0,3   5,8   00:30   SSØ
11  -7,7  -1,7   00:00 -12,6   18:40  23,2   0,0   0,0   0,0   1,8   12:26    SØ
12  -3,0  -0,4   07:37  -6,6   17:30  16,2   0,0   0,0   0,6   5,4   08:56   SSØ
13  -3,3  -1,9   21:18  -4,9   00:00  16,1   0,0   0,0   0,1   2,2   01:30   SSØ
14  -2,3  -1,6   07:38  -3,2   15:57  17,8   0,0   0,0   1,9  11,6   12:23   SSØ
15  -5,9  -2,1   00:00  -7,7   06:29  21,4   0,0   0,0   0,0   2,2   00:05   SSØ
16  -4,3  -0,4   09:10 -12,1   23:38  19,8   0,0   0,0   0,2   6,3   09:18    NØ
17 -12,4  -8,9   23:58 -15,1   11:13  27,9   0,0   0,0   1,0   7,2   19:45   SSØ
18 -10,9  -7,2   05:25 -19,1   23:30  26,4   0,0   0,0   1,6  10,3   01:46   SSØ
19 -12,4  -4,0   23:47 -18,1   00:45  27,9   0,0   0,0   0,4   6,7   15:24   SSØ
20  -1,3   0,5   23:42  -4,0   00:00  16,8   0,0   0,0   1,5  10,7   07:05   SSØ
21   0,4   4,4   06:46  -2,9   21:31  15,1   0,0   0,4   0,9   6,7   09:20   SSØ
22  -5,2  -1,2   00:53  -8,8   22:14  20,7   0,0   0,0   0,5   4,5   09:39   SSØ
23  -1,3   1,3   23:22  -4,8   00:00  16,8   0,0   0,0   1,0  11,2   10:24   SSØ
24  -0,8   1,3   02:19  -4,2   23:45  16,3   0,0   0,0   0,8   7,6   23:35   SSØ
25  -8,0  -4,2   00:00 -12,8   21:52  23,5   0,0   0,0   1,7   8,0   19:53   SSØ
26 -18,0 -12,6   00:00 -22,7   22:15  33,5   0,0   0,0   1,5   9,4   05:21   SSØ
27 -16,0 -10,7   23:52 -22,4   02:35  31,5   0,0   0,0   0,9  13,0   23:58   SSØ
28  -4,2   0,2   18:42 -10,9   00:17  19,7   0,0   0,0   3,8  13,0   03:32   SSØ
29  -1,2  -0,5   00:00  -1,9   08:08  16,7   0,0   0,0   2,2  12,5   09:47    SØ
30  -1,5  -0,8   17:01  -2,7   03:36  17,0   0,0   0,0   1,1   6,3   02:00    SØ
31  -1,4  -0,2   21:40  -2,4   09:33  16,9   0,0   0,0   1,3   7,6   22:31   SSØ
----------------------------------------------------------------------------------
    -4,4   4,4    21   -22,7    26   611,6   0,0   2,4   1,2  13,9     3     SSØ

Max >=  18,0:  0
Max <=   0,0: 18
Min <=   0,0: 29
Min <= -18,0:  4
Max Rain: 1,4 on day 9
Days of Rain: 3 (>= 0,2 mm)  0 (>= 2,0 mm)  0 (>= 10,0 mm)
Heat Base: 15,5  Cool Base: 18,3  Method: Integration