NOAA style reports

NOAA-style Climate Reports

Select a Year or Month report

Report for 2021 Jan
                   Monthly Climatological Summary for jan 2021

Name: kvikklunsj.net   City: Alta   State: Norge
Elevation: 16 m  Lat: N 69° 52' 21"   Lon: E 023° 28' 10"

                  Temperature (°C), Rain (mm), Wind Speed (m/s)

                                      Heat  Cool        Avg
    Mean                              Deg   Deg         Wind                 Dom
Day Temp  High   Time   Low    Time   Days  Days  Rain  Speed High   Time    Dir
----------------------------------------------------------------------------------
 1  -2,7  -0,5   02:30  -4,4   22:25  18,2   0,0   0,0   0,4   5,8   12:08   SSØ
 2  -4,3  -3,8   06:19  -6,0   23:44  19,8   0,0   0,0   0,1   2,7   22:05   SSØ
 3  -8,1  -4,6   01:45 -11,0   19:03  23,6   0,0   0,0   0,2   3,6   06:41    SØ
 4  -2,4   0,9   22:26  -7,9   00:22  17,9   0,0   2,0   0,9   5,4   10:17   SSØ
 5  -1,0   0,4   00:00  -2,6   23:40  16,5   0,0   0,6   1,3   5,8   11:36   SSØ
 6  -4,3  -2,6   00:00  -6,2   23:47  19,8   0,0   0,0   1,0   5,8   04:56   SSØ
 7  -8,3  -4,8   04:42 -11,3   15:59  23,8   0,0   0,0   0,6   8,0   23:09   SSØ
 8  -8,9  -7,3   00:14 -11,5   08:41  24,4   0,0   0,0   0,9   9,8   00:18   SSØ
 9  -8,3  -7,1   11:41 -10,1   00:26  23,8   0,0   0,0   1,8   9,8   23:46   SSØ
10  -8,7  -7,4   01:24 -12,1   23:37  24,2   0,0   0,2   3,1  16,1   13:26   SSØ
11 -11,7  -9,7   17:20 -13,1   03:16  27,2   0,0   0,0   2,1  10,7   00:14   SSØ
12 -12,4  -9,5   14:16 -16,7   23:51  28,4   0,0   0,0   1,4   9,4   12:44   SSØ
13 -16,8 -15,1   23:20 -19,1   15:00  30,3   0,0   0,0   0,7   8,5   07:16   SSØ
14 -12,7  -9,1   23:24 -15,2   00:00  28,2   0,0   0,0   0,3   4,5   01:35   SSØ
15  -2,3   3,8   18:22  -9,7   00:20  17,8   0,0   0,0   0,9  10,3   17:59    NV
16  -2,6  -0,6   00:21  -3,8   07:32  18,1   0,0   0,0   0,0   1,3   02:33   ØSØ
17  -4,7  -1,9   03:20  -7,6   10:54  20,2   0,0   0,0   0,0   1,3   11:13    SØ
18  -3,9   0,2   03:20  -7,1   16:32  19,4   0,0   0,0   0,2   3,6   01:41    SØ
19 -10,0  -4,9   13:51 -18,2   23:03  25,5   0,0   0,0   0,0   1,8   08:55     S
20 -18,0 -14,6   01:10 -21,9   12:10  33,5   0,0   0,0   0,0   2,2   02:38    SØ
21 -16,6 -14,9   02:36 -19,6   21:56  32,1   0,0   0,0   0,0   1,8   08:41    SØ
22 -14,1 -12,3   15:29 -17,2   00:00  29,6   0,0   0,0   1,2  12,5   16:34   SSØ
23 -15,4 -13,3   21:24 -17,8   07:57  30,9   0,0   0,0   1,2  12,5   05:57   SSØ
24 -14,5 -12,9   05:14 -18,0   15:42  30,0   0,0   0,0   0,2   3,1   05:07    SØ
25 -13,7 -11,7   12:10 -19,3   23:53  29,2   0,0   0,0   0,5   4,9   07:02    SØ
26 -14,9 -11,3   16:11 -19,7   02:08  30,4   0,0   0,0   0,1   3,6   03:00    SØ
27 -12,9  -6,4   22:45 -17,3   08:24  28,4   0,0   0,0   0,0   2,7   22:42    NØ
28  -8,1  -6,8   03:29  -9,7   22:06  23,6   0,0   0,8   0,2   9,8   17:54    SØ
29 -11,8  -9,5   00:20 -14,9   18:22  27,3   0,0   0,0   0,3   6,3   07:52    SØ
30 -11,4 -10,7   03:59 -12,9   23:41  26,9   0,0   1,0   0,1   3,1   00:45   SSØ
31 -11,5  -9,5   23:22 -14,5   01:58  26,9   0,0   0,0   0,0   0,4   00:30   ---
----------------------------------------------------------------------------------
    -9,6   3,8    15   -21,9    20   775,9   0,0   4,6   0,6  16,1    10     SSØ

Max >=  18,0:  0
Max <=   0,0: 27
Min <=   0,0: 31
Min <= -18,0:  7
Max Rain: 2,0 on day 4
Days of Rain: 5 (>= 0,2 mm)  1 (>= 2,0 mm)  0 (>= 10,0 mm)
Heat Base: 15,5  Cool Base: 18,3  Method: Integration