NOAA style reports

NOAA-style Climate Reports

Select a Year or Month report

Report for 2021 Mar
                   Monthly Climatological Summary for mar 2021

Name: kvikklunsj.net   City: Alta   State: Norge
Elevation: 16 m  Lat: N 69° 52' 21"   Lon: E 023° 28' 10"

                  Temperature (°C), Rain (mm), Wind Speed (m/s)

                                      Heat  Cool        Avg
    Mean                              Deg   Deg         Wind                 Dom
Day Temp  High   Time   Low    Time   Days  Days  Rain  Speed High   Time    Dir
----------------------------------------------------------------------------------
 1   1,4   4,8   00:02  -2,1   21:15  14,1   0,0   4,6   2,2  11,6   15:47     V
 2  -0,8   3,1   12:16  -4,0   23:44  16,3   0,0   6,6   0,5   8,5   03:08   NNV
 3  -3,1  -1,1   00:37  -6,2   05:08  18,6   0,0   2,3   0,7   7,2   23:00     N
 4  -4,4  -1,9   12:15  -7,9   23:52  19,9   0,0   3,0   0,8   6,7   00:29    NV
 5  -5,2  -2,3   21:55  -8,1   04:34  20,7   0,0   2,1   1,0   7,2   17:11   SSØ
 6  -2,3   0,3   05:29  -4,2   20:58  17,8   0,0   0,7   1,1   8,0   16:29   NNØ
 7  -3,7  -1,1   12:24 -10,2   23:34  19,2   0,0   3,5   1,5   9,4   02:05     N
 8 -11,6  -4,5   13:42 -17,6   23:36  27,1   0,0   0,0   0,2   4,0   14:41    SØ
 9 -14,7  -7,2   13:33 -19,7   05:52  30,0   0,0   0,0   0,5   4,5   13:44   SSØ
10 -12,6  -7,9   12:40 -18,6   01:38  28,1   0,0   0,0   0,4   8,0   23:48   SSØ
11  -8,4  -3,9   13:39 -13,1   05:05  23,9   0,0   0,1   2,2  15,6   20:45   SSØ
12  -4,3  -2,3   12:15  -6,2   05:30  19,7   0,0   0,0   2,8  13,0   00:58   SSØ
13  -4,8  -3,2   10:32  -6,8   06:42  20,3   0,0   0,6   0,9   7,2   01:10   SSØ
14  -3,1  -0,4   11:59  -5,8   05:43  18,6   0,0   0,3   0,1   2,2   10:50   SSØ
15  -3,2  -0,4   12:27  -8,1   23:58  18,7   0,0   0,8   0,0   1,3   13:38   NNØ
16  -5,9  -2,6   09:05 -11,7   01:32  21,4   0,0   1,0   0,5   6,3   11:00     N
17  -5,9  -3,1   15:17 -10,6   01:31  21,4   0,0   1,8   0,8   6,7   08:15    NV
18  -6,8  -2,5   12:28 -13,3   23:21  22,3   0,0   0,6   0,6   5,8   01:02    NØ
19  -3,0   4,7   22:16 -13,2   00:58  18,5   0,0   0,4   2,9  14,3   10:12   SSØ
20   0,7   4,1   00:11  -2,3   23:37  14,8   0,0   0,9   0,8   8,9   00:10   VSV
21  -3,1  -0,8   01:49  -7,7   22:37  18,6   0,0   6,2   0,6   6,3   01:21    NV
22  -2,9   1,9   23:59 -10,4   03:42  18,4   0,0   0,0   1,1   8,5   23:43   SSØ
23   2,4   6,0   07:37   0,1   16:54  13,1   0,0   5,4   2,2  10,7   04:57     S
24   2,4   7,4   13:33  -1,8   04:13  13,1   0,0   1,0   1,9  11,6   13:33   SSØ
25   1,2   4,5   01:19  -3,6   23:59  14,1   0,0   2,0   1,0   8,5   07:54    NV
26  -1,3   2,5   13:26  -7,6   05:15  16,8   0,0   0,0   1,2   8,9   13:31   SSØ
27   3,2   5,6   14:33   0,3   04:31  12,3   0,0   0,0   1,9  11,2   08:19   SSØ
28   3,4   6,8   14:45  -2,8   22:50  11,6   0,0   1,8   1,4   8,9   00:12   SSØ
29   2,5   4,9   13:33  -2,8   00:06  12,9   0,0   0,0   2,7  13,9   08:30   SSØ
30   1,8   3,7   12:24  -0,8   06:19  13,7   0,0   0,0   0,4   7,2   00:00   ØSØ
31   2,1   3,6   13:58  -0,2   03:01  13,4   0,0   3,4   1,0   7,2   08:11   NNV
----------------------------------------------------------------------------------
    -2,9   7,4    24   -19,7     9   569,4   0,0  49,1   1,2  15,6    11     SSØ

Max >=  18,0:  0
Max <=   0,0: 16
Min <=   0,0: 29
Min <= -18,0:  2
Max Rain: 6,6 on day 2
Days of Rain: 21 (>= 0,2 mm)  10 (>= 2,0 mm)  0 (>= 10,0 mm)
Heat Base: 15,5  Cool Base: 18,3  Method: Integration