NOAA style reports

NOAA-style Climate Reports

Select a Year or Month report

Report for 2021 Apr
                   Monthly Climatological Summary for apr 2021

Name: kvikklunsj.net   City: Alta   State: Norge
Elevation: 16 m  Lat: N 69° 52' 21"   Lon: E 023° 28' 10"

                  Temperature (°C), Rain (mm), Wind Speed (m/s)

                                      Heat  Cool        Avg
    Mean                              Deg   Deg         Wind                 Dom
Day Temp  High   Time   Low    Time   Days  Days  Rain  Speed High   Time    Dir
----------------------------------------------------------------------------------
 1   1,8   5,2   16:43  -3,8   23:58  13,7   0,0   0,0   0,4   4,0   00:49   NNV
 2  -1,3   5,8   15:38  -5,8   03:36  16,8   0,0   0,6   0,3   3,1   23:43   ØSØ
 3   1,5   3,7   16:30  -3,3   01:13  14,0   0,0   0,0   1,6   8,9   15:01   SSØ
 4   0,3   3,6   00:20  -2,7   23:38  15,2   0,0   0,4   0,7   8,9   00:23   VSV
 5  -0,5   2,2   23:27  -2,9   01:32  14,9   0,0   1,4   0,5   5,4   08:42   NNV
 6   0,5   2,7   09:44  -1,7   22:43  15,0   0,0  10,0   0,5   4,9   17:37   SSØ
 7   0,1   3,4   11:38  -3,4   04:28  15,4   0,0   0,2   1,1   7,6   16:40    SV
 8  -2,3   1,8   14:36  -9,1   23:56  17,8   0,0   0,6   0,7   4,9   00:36    SØ
 9  -5,5   0,7   13:42 -12,1   05:35  21,0   0,0   0,0   0,8   5,8   15:41   SSØ
10  -4,5   3,7   14:37 -12,4   05:17  20,0   0,0   0,0   0,6   6,3   17:42   SSØ
11   1,8   3,7   08:32  -1,5   00:09  13,7   0,0   0,4   1,7   9,8   21:11     V
12   0,5   3,4   15:16  -4,4   23:47  15,0   0,0   0,0   1,5   6,7   07:58   SSV
13  -2,3   4,9   16:14  -8,6   04:59  17,7   0,0   0,0   0,9   4,9   21:00   SSØ
14  -0,4   3,4   13:08  -4,7   01:00  15,4   0,0   0,0   2,0  11,2   14:30    SV
15   1,8   6,0   16:26  -2,7   02:49  13,7   0,0   1,6   0,9   7,2   17:46     S
16   6,4   8,1   12:29   4,7   00:45   9,1   0,0   0,0   1,3   9,4   05:38   SSV
17   7,1  11,2   11:49  -0,8   22:47   8,4   0,0   0,0   0,9   8,0   04:54    SV
18   4,4  11,4   12:49  -2,2   04:50  11,1   0,0   0,0   0,7   4,9   15:23    SØ
19   5,5  12,9   13:23  -5,6   04:38  10,0   0,0   0,0   1,0   7,2   18:35   SSØ
20   8,0  11,5   16:30   2,7   02:03   7,5   0,0   0,0   1,8  10,7   13:58   SSØ
21   4,3   6,6   09:25   1,3   23:33  11,2   0,0   2,4   1,2   6,7   05:21    SØ
22   1,0   3,3   14:32  -3,2   22:10  14,5   0,0   1,0   0,9   5,8   12:48   NNV
23   0,7   5,4   12:24  -5,6   03:41  14,8   0,0   0,0   0,8   6,7   22:41   NNV
24   0,3   0,9   13:26  -0,9   03:21  15,2   0,0   0,0   1,9   7,6   18:46   NNØ
25   1,2   3,5   17:05  -1,0   04:13  14,3   0,0   0,0   1,0   5,4   00:12     N
26   0,6   2,9   09:15  -3,2   23:41  14,9   0,0   0,4   0,4   4,5   16:05   NNØ
27  -0,4   3,4   09:42  -4,9   03:43  15,9   0,0   0,0   0,7   5,8   14:47     N
28  -1,8   0,6   12:52  -4,4   23:59  17,3   0,0   0,0   0,4   4,5   00:33   NNØ
29  -1,3   2,4   13:37  -4,7   02:37  16,8   0,0   2,8   0,7   8,9   21:10   NNV
30  -2,5  -1,0   13:30  -3,7   03:10  18,0   0,0   0,0   1,7   9,4   20:56   NNV
----------------------------------------------------------------------------------
     0,8  12,9    19   -12,4    10   438,3   0,0  21,8   1,0  11,2    14     SSV

Max >=  18,0:  0
Max <=   0,0:  1
Min <=   0,0: 27
Min <= -18,0:  0
Max Rain: 10,0 on day 6
Days of Rain: 12 (>= 0,2 mm)  3 (>= 2,0 mm)  1 (>= 10,0 mm)
Heat Base: 15,5  Cool Base: 18,3  Method: Integration