NOAA style reports

NOAA-style Climate Reports

Select a Year or Month report

Report for 2021 May
                   Monthly Climatological Summary for mai 2021

Name: kvikklunsj.net   City: Alta   State: Norge
Elevation: 16 m  Lat: N 69° 52' 21"   Lon: E 023° 28' 10"

                  Temperature (°C), Rain (mm), Wind Speed (m/s)

                                      Heat  Cool        Avg
    Mean                              Deg   Deg         Wind                 Dom
Day Temp  High   Time   Low    Time   Days  Days  Rain  Speed High   Time    Dir
----------------------------------------------------------------------------------
 1  -0,6   1,7   17:24  -5,3   23:55  16,1   0,0   1,9   1,5   7,2   03:32   NNV
 2  -1,5   2,5   11:39  -8,3   03:13  16,9   0,0   1,0   0,7   4,5   16:33   NNØ
 3  -0,8   3,6   15:36  -6,0   03:48  16,3   0,0   0,0   0,5   3,1   10:26     Ø
 4  -0,8   4,6   15:07  -8,0   03:19  16,3   0,0   0,0   0,6   4,0   12:56     Ø
 5  -0,2   6,7   16:19  -7,6   02:53  15,7   0,0   0,0   0,6   4,0   11:18   ØSØ
 6   1,2   4,4   12:03  -2,9   03:16  14,3   0,0   0,0   0,7   5,8   11:56   ØSØ
 7   1,0   2,0   12:15  -0,2   04:34  14,4   0,0   0,1   1,5   7,6   10:44   NNØ
 8   2,1   4,9   18:01  -0,2   03:17  13,4   0,0   0,3   0,8   6,3   00:04    SØ
 9   3,7   9,3   15:43  -1,7   02:25  11,8   0,0   0,7   0,8   4,9   16:02   SSØ
10   5,4   9,6   14:22  -0,6   23:41  10,1   0,0   0,0   1,0   6,3   09:00     S
11   2,2   5,3   09:12  -1,9   02:38  13,3   0,0   0,0   0,2   3,1   11:47     Ø
12   5,3   8,0   17:41   1,8   03:06  10,1   0,0   3,8   1,4   8,9   11:36   SSØ
13   3,3   5,7   07:12  -0,4   02:37  12,2   0,0   0,1   0,9   5,8   15:15   NNØ
14   2,8   5,6   13:55   1,1   02:08  12,7   0,0   0,2   1,3   8,0   19:07     Ø
15   2,7   3,8   14:40   1,4   05:48  12,8   0,0   0,3   0,9   7,6   02:51   ØSØ
16   3,2   5,0   17:04   1,2   02:48  12,3   0,0   3,9   0,7   6,3   15:55    SØ
17   9,1  13,7   16:12   3,9   00:28   6,4   0,0   1,4   0,7   4,9   13:00   SSØ
18   8,7  14,2   17:05   4,8   03:37   6,8   0,0   0,6   1,2   9,4   12:04   SSØ
19  11,3  15,3   12:11   7,2   01:30   4,2   0,0   1,6   1,1   5,8   02:24   NNV
20   5,9   8,2   09:36   3,5   23:50   9,6   0,0   0,0   0,7   4,9   10:09   NNV
21   4,0   5,8   09:38   2,3   23:40  11,5   0,0   0,0   1,2   5,8   14:04    NØ
22   1,5   2,3   00:00  -0,3   08:02  14,0   0,0   0,1   2,3   8,9   07:53   NNØ
23   3,0   5,3   13:09   0,1   02:51  12,5   0,0   0,8   0,9   5,8   11:59   ØSØ
24   3,6   5,1   14:33   1,8   03:48  11,9   0,0   0,0   0,5   4,0   08:37     Ø
25   4,4   7,7   17:07   1,3   01:53  11,1   0,0   0,0   0,5   4,5   15:19    NØ
26   5,6   9,9   17:11   1,1   02:25   9,9   0,0   0,0   0,5   4,0   16:33   NNV
27   6,6  10,3   07:25  -0,7   01:23   8,9   0,0   0,0   1,7  10,3   18:01   VSV
28   4,2   7,3   12:56   2,5   22:59  11,2   0,0   0,2   2,4  10,7   14:50     N
29   5,7   8,7   19:38   2,4   02:29   9,8   0,0   0,0   0,9   5,8   23:25     N
30   8,4  11,2   12:06   5,1   03:45   7,1   0,0   0,0   1,3   7,2   00:11     V
31   9,6  12,3   16:34   6,4   01:19   5,9   0,0   0,0   1,0   5,8   02:35     V
----------------------------------------------------------------------------------
     3,9  15,3    19    -8,3     2   359,5   0,0  17,0   1,0  10,7    28      NØ

Max >=  18,0:  0
Max <=   0,0:  0
Min <=   0,0: 14
Min <= -18,0:  0
Max Rain: 3,9 on day 16
Days of Rain: 13 (>= 0,2 mm)  2 (>= 2,0 mm)  0 (>= 10,0 mm)
Heat Base: 15,5  Cool Base: 18,3  Method: Integration