NOAA style reports

NOAA-style Climate Reports

Select a Year or Month report

Report for 2018 Apr
                   Monthly Climatological Summary for apr 2018

Name: kvikklunsj.net   City: Alta   State: Norge
Elevation: 16 m  Lat: N 69° 52' 21"   Lon: E 023° 28' 10"

                  Temperature (°C), Rain (mm), Wind Speed (m/s)

                                      Heat  Cool        Avg
    Mean                              Deg   Deg         Wind                 Dom
Day Temp  High   Time   Low    Time   Days  Days  Rain  Speed High   Time    Dir
----------------------------------------------------------------------------------
 1  -7,4  -0,1   16:16 -14,0   06:37  22,9   0,0   0,0   0,6   4,9   17:02    SE
 2  -5,8  -1,8   16:28 -12,7   23:58  21,2   0,0   0,0   0,7   5,4   03:48    SE
 3  -7,0  -0,7   16:27 -19,0   04:56  22,5   0,0   0,0   1,1   8,0   13:28    NW
 4  -1,4   1,2   16:07  -4,3   23:51  16,9   0,0   0,8   0,5   4,5   00:16    NW
 5  -1,4   2,6   14:16  -7,2   23:56  16,9   0,0   0,2   1,4   9,4   11:08    SE
 6  -3,8   2,3   18:00 -10,7   03:53  19,3   0,0   0,4   0,1   1,3   00:17    NW
 7  -0,6   3,7   14:48  -6,3   05:44  16,1   0,0   0,0   1,1   8,5   20:01    NW
 8  -0,9   4,3   14:41  -4,4   05:32  16,4   0,0   1,2   0,8   5,8   19:07    SE
 9  -3,3  -0,4   18:53 -10,1   23:50  18,8   0,0   0,2   0,7   7,6   02:08     E
10  -1,5   4,2   12:50 -10,9   01:01  17,0   0,0   0,0   1,2   7,2   17:22     W
11   3,6   5,5   15:45   1,8   00:05  11,8   0,0   0,0   1,4   7,2   01:46   SSW
12   4,2   6,9   14:13  -1,9   23:21  11,3   0,0   0,0   1,3  10,7   01:15    NW
13   1,9   9,2   16:45  -4,2   05:37  13,6   0,0   0,0   0,7   5,4   02:48    SE
14   2,0   7,2   13:46  -4,6   05:27  13,5   0,0   0,0   0,4   3,6   14:43   NNW
15   2,2   6,7   15:20  -2,7   23:53  13,3   0,0   0,0   0,6   4,9   10:31    SE
16   1,2   5,2   10:36  -3,7   00:50  14,3   0,0   0,0   0,5   3,1   12:36    NW
17   1,7   7,0   12:11  -3,8   23:32  13,8   0,0   0,0   0,5   3,6   07:32   NNW
18   1,3   7,2   12:12  -5,6   04:49  14,2   0,0   0,0   0,4   3,6   13:43    NW
19   0,9   2,7   14:02  -0,1   21:25  14,6   0,0   0,2   0,6   7,6   23:33    SE
20   0,1   2,2   13:27  -1,1   22:55  15,4   0,0   0,0   1,7   8,5   03:20    SE
21   0,1   1,5   15:00  -1,4   03:42  15,4   0,0   0,2   1,7   8,9   09:45    SE
22   0,8   3,1   09:36  -3,5   23:59  14,7   0,0   0,0   0,6   4,9   12:34    NW
23   0,7   4,9   21:43  -6,4   03:57  14,8   0,0   0,0   1,5   8,5   11:29    SE
24   5,0   7,6   08:58   3,4   23:36  10,5   0,0   0,8   1,7   8,5   18:12    SE
25   4,1   8,3   12:06   1,6   23:49  11,4   0,0   0,2   0,9   5,4   08:08    SE
26   2,8   4,9   15:30   0,7   02:11  12,7   0,0   0,6   0,3   2,2   15:50    NW
27   1,3   2,1   14:38   0,1   23:47  14,2   0,0   2,4   0,5   4,0   18:24    NW
28   0,2   1,7   14:28  -0,9   04:33  15,3   0,0   3,0   0,7   4,9   13:15   NNE
29   0,4   2,8   16:17  -2,1   03:39  15,1   0,0   0,0   0,9   6,7   16:24    SE
30   0,4   4,4   12:55  -5,6   03:54  15,1   0,0   0,0   0,5   4,0   14:01   NNW
----------------------------------------------------------------------------------
     0,1   9,2    13   -19,0     3   463,0   0,0  10,2   0,9  10,7    12      SE

Max >=  18,0:  0
Max <=   0,0:  4
Min <=   0,0: 25
Min <= -18,0:  1
Max Rain: 3,0 on day 28
Days of Rain: 12 (>= 0,2 mm)  2 (>= 2,0 mm)  0 (>= 10,0 mm)
Heat Base: 15,5  Cool Base: 18,3  Method: Integration