NOAA style reports

NOAA-style Climate Reports

Select a Year or Month report

Report for 2019 Oct
                   Monthly Climatological Summary for okt 2019

Name: kvikklunsj.net   City: Alta   State: Norge
Elevation: 16 m  Lat: N 69° 52' 21"   Lon: E 023° 28' 10"

                  Temperature (°C), Rain (mm), Wind Speed (m/s)

                                      Heat  Cool        Avg
    Mean                              Deg   Deg         Wind                 Dom
Day Temp  High   Time   Low    Time   Days  Days  Rain  Speed High   Time    Dir
----------------------------------------------------------------------------------
 1   5,1   6,6   14:00   2,9   23:52  10,4   0,0   0,0   1,6   7,6   04:31    NØ
 2   1,4   4,6   11:34  -3,0   06:15  14,1   0,0   0,1   0,5   7,2   11:44   NNV
 3   1,8   4,1   12:45  -0,2   06:25  13,7   0,0   0,1   0,1   5,8   17:34    NV
 4   0,8   6,3   14:41  -2,7   07:04  14,6   0,0   1,2   0,0   1,3   13:26    SØ
 5   1,8   4,8   15:30  -1,8   00:49  13,7   0,0   0,6   0,0   1,3   10:44    SØ
 6   4,7   6,6   12:20   2,3   01:12  10,8   0,0   6,4   0,5   5,8   16:44    NV
 7   3,6   5,7   13:00  -0,9   23:05  11,9   0,0   3,0   0,2   3,6   02:59    NV
 8   1,6   4,4   15:16  -2,1   23:47  13,9   0,0   0,0   0,3   4,9   11:07    SØ
 9   3,4   4,8   13:18  -1,9   00:00  12,1   0,0   0,0   0,7   5,4   12:46    NV
10   2,5   5,5   12:23  -0,8   18:38  13,0   0,0   0,2   0,2   3,6   05:29   NNV
11   0,7   3,3   14:22  -1,6   04:52  14,8   0,0   0,1   0,0   2,2   03:06    SØ
12  -1,5   0,3   12:38  -4,4   23:44  17,0   0,0   0,0   0,0   1,8   18:41    SØ
13  -1,0   2,2   13:39  -4,4   00:00  16,5   0,0   0,1   0,0   0,9   10:13   ---
14  -0,3   1,7   14:13  -1,8   08:45  15,8   0,0   0,1   0,0   0,9   03:53   ---
15   0,0   1,8   14:06  -1,6   23:43  15,5   0,0   0,8   0,2   4,9   23:56    SØ
16  -3,1   0,7   14:33  -6,2   23:35  18,6   0,0   0,1   0,5   4,5   00:18    SØ
17  -5,5  -0,9   14:39 -10,5   23:49  21,0   0,0   0,1   1,0   8,5   16:27    SØ
18  -2,1   1,2   14:34 -11,3   00:52  17,6   0,0   1,9   0,0   4,9   04:26    SØ
19  -3,9   0,1   13:31  -8,4   22:06  19,4   0,0   1,8   0,0   2,2   16:12    SØ
20  -4,7  -1,5   14:51  -8,9   02:11  20,2   0,0   0,0   1,2   8,5   14:49    SØ
21  -1,4   0,2   06:09  -5,2   23:48  16,9   0,0   0,0   0,5   6,3   03:29    SØ
22  -2,3   0,7   16:25  -6,1   02:06  17,8   0,0   0,0   1,1  11,2   15:35    SØ
23  -0,7   0,3   07:54  -2,3   03:37  16,2   0,0   0,0   0,1   4,0   15:18    SØ
24  -3,6  -1,6   00:03  -6,3   05:04  19,1   0,0   0,0   0,1   8,0   18:54    SØ
25  -0,9   0,7   23:00  -2,3   00:05  16,4   0,0   0,0   0,2   7,2   23:47   ØSØ
26  -3,8   0,7   00:16 -12,0   23:56  19,3   0,0   0,0   0,9   7,6   02:51   ØSØ
27 -11,2  -7,4   12:33 -13,8   23:25  27,7   0,0   0,0   0,2   3,1   04:42    SØ
28  -6,8  -0,4   14:10 -13,9   01:04  22,3   0,0   0,0   0,3   7,2   14:08   ØSØ
29  -4,8  -0,6   10:25  -8,3   07:30  20,3   0,0   0,0   0,1   3,1   09:18    SØ
30  -9,8  -7,8   00:00 -13,5   18:13  25,3   0,0   0,0   0,2   4,0   06:07    SØ
31  -8,6  -6,7   12:15 -11,0   00:06  24,1   0,0   0,0   0,2   3,6   12:09    SØ
----------------------------------------------------------------------------------
    -1,6   6,6     1   -13,9    28   530,0   0,0  16,6   0,4  11,2    22     ØSØ

Max >=  18,0:  0
Max <=   0,0:  8
Min <=   0,0: 29
Min <= -18,0:  0
Max Rain: 6,4 on day 6
Days of Rain: 8 (>= 0,2 mm)  2 (>= 2,0 mm)  0 (>= 10,0 mm)
Heat Base: 15,5  Cool Base: 18,3  Method: Integration