NOAA style reports

NOAA-style Climate Reports


Report for 2020 Apr
                   Monthly Climatological Summary for apr 2020

Name: kvikklunsj.net   City: Alta   State: Norge
Elevation: 16 m  Lat: N 69° 52' 21"   Lon: E 023° 28' 10"

                  Temperature (°C), Rain (mm), Wind Speed (m/s)

                                      Heat  Cool        Avg
    Mean                              Deg   Deg         Wind                 Dom
Day Temp  High   Time   Low    Time   Days  Days  Rain  Speed High   Time    Dir
----------------------------------------------------------------------------------
 1  -5,0   0,7   15:33 -12,4   05:04  20,4   0,0   0,4   0,5   4,5   11:50     N
 2  -7,2  -2,2   13:29 -12,9   06:21  22,7   0,0   0,0   0,7   8,0   10:36    SØ
 3  -6,2   0,8   16:31 -12,5   03:25  21,7   0,0   0,6   0,3   4,9   20:56   ØNØ
 4  -3,2   0,9   12:14  -8,0   03:39  18,7   0,0   0,0   0,9   6,3   16:21    SV
 5  -5,1   0,2   10:25 -15,1   05:46  19,9   0,0   0,0   0,9   6,7   11:24   SSØ
 6  -4,1   0,9   23:56 -12,3   04:04  19,6   0,0   0,0   1,2  10,7   14:48   SSØ
 7   3,5   9,1   13:21   0,2   05:10  12,0   0,0   1,8   0,9   8,0   23:05     S
 8   4,0   8,2   16:07   0,5   23:06  11,5   0,0   1,6   2,4  17,4   04:52     S
 9  -2,0   1,3   00:00  -4,7   21:08  17,5   0,0   0,2   2,2  10,7   04:41     N
10  -2,1   1,0   13:37  -5,9   04:58  17,6   0,0   0,0   0,8   6,3   11:52    SV
11  -1,8   1,7   12:50  -6,8   04:09  17,3   0,0   2,2   0,7   5,4   19:38     S
12  -2,3  -1,0   10:49  -6,4   05:34  17,8   0,0   0,0   1,2   8,9   14:26    SØ
13   0,2   2,1   12:57  -2,2   02:32  15,3   0,0   0,0   2,8   9,4   08:58     N
14   1,5   5,2   13:38   0,1   23:56  14,0   0,0   0,0   1,1   6,7   22:48   NNØ
15   1,4   3,9   15:05  -1,4   02:48  14,1   0,0   0,0   1,5   7,6   10:47   SSØ
16   2,3   6,0   14:56  -0,8   04:54  13,2   0,0   0,0   1,3   7,2   02:28    SØ
17   3,0   5,0   14:42   0,7   00:00  12,5   0,0   0,2   1,9   7,6   12:13   NNV
18   2,9   5,5   16:00   0,8   02:38  12,6   0,0   1,0   2,1   9,8   08:00     N
19   4,3   7,3   17:12   0,9   03:59  11,2   0,0   0,4   0,4   6,7   23:45     N
20   6,2   7,4   12:02   4,6   05:11   9,3   0,0   0,0   2,2   9,4   00:29   VNV
21   4,5   5,7   00:22   2,8   23:29  11,0   0,0   0,0   2,3  10,7   07:53    NV
22   3,6   6,2   10:45  -1,6   03:14  11,9   0,0   0,0   1,0   5,4   08:22    NV
23   1,4   4,9   07:26  -2,1   02:51  14,1   0,0   0,0   0,7   5,4   16:53   NNØ
24   0,3   1,6   17:00  -0,9   00:34  15,2   0,0   0,0   3,0  13,0   22:44   NNV
25   0,7   1,9   17:16  -0,3   03:09  14,8   0,0   0,6   3,0  11,6   05:17   NNV
26   0,7   2,2   15:59  -0,6   02:45  14,8   0,0   0,0   1,8   8,5   07:12     N
27  -0,7   0,7   12:38  -4,6   22:38  16,2   0,0   0,0   1,0   5,8   12:03     N
28  -1,8   2,4   15:38  -6,6   02:25  17,3   0,0   0,2   0,5   4,0   14:13   ØSØ
29  -0,5   2,4   18:14  -4,9   23:57  16,0   0,0   0,0   1,2   6,3   15:15   SSØ
30  -1,4   2,5   16:38  -7,4   03:28  16,9   0,0   0,0   0,9   5,8   12:52   SSØ
----------------------------------------------------------------------------------
    -0,1   9,1     7   -15,1     5   467,1   0,0   9,2   1,4  17,4     8     NNV

Max >=  18,0:  0
Max <=   0,0:  2
Min <=   0,0: 22
Min <= -18,0:  0
Max Rain: 2,2 on day 11
Days of Rain: 11 (>= 0,2 mm)  1 (>= 2,0 mm)  0 (>= 10,0 mm)
Heat Base: 15,5  Cool Base: 18,3  Method: Integration