NOAA style reports

NOAA-style Climate Reports


Report for 2020 Jun
                   Monthly Climatological Summary for jun 2020

Name: kvikklunsj.net   City: Alta   State: Norge
Elevation: 16 m  Lat: N 69° 52' 21"   Lon: E 023° 28' 10"

                  Temperature (°C), Rain (mm), Wind Speed (m/s)

                                      Heat  Cool        Avg
    Mean                              Deg   Deg         Wind                 Dom
Day Temp  High   Time   Low    Time   Days  Days  Rain  Speed High   Time    Dir
----------------------------------------------------------------------------------
 1  15,3  21,9   15:55   6,8   02:51   2,3   0,6   0,0   0,6   5,4   09:33   NNV
 2  11,7  17,7   09:15   7,0   23:57   3,9   0,0   1,2   0,9   5,8   13:39     N
 3   8,7  11,6   15:01   6,1   04:26   6,8   0,0   0,2   0,7   4,5   17:10     N
 4   8,2   9,8   05:36   4,1   01:35   7,3   0,0   0,0   1,0   7,6   06:36    SØ
 5  11,4  16,9   14:59   8,3   02:29   4,1   0,0   0,0   0,9   6,3   11:46     Ø
 6   8,5  11,1   19:22   6,7   07:33   7,0   0,0   1,0   0,2   4,0   02:16    NØ
 7  12,0  16,3   11:47   9,2   00:18   3,6   0,0   1,0   1,2  10,3   07:57   SSØ
 8  11,7  15,9   13:34   7,3   23:11   3,8   0,0   1,6   1,2   6,7   10:23   SSV
 9   7,2   8,7   13:46   3,1   23:59   8,3   0,0   0,2   0,8   5,4   07:57   NNØ
10   8,2  12,0   14:05   0,5   02:36   7,3   0,0   0,0   0,5   4,0   17:22     N
11   8,4  10,2   12:17   4,9   23:57   7,1   0,0   0,0   1,0   5,8   16:28   NNØ
12  10,0  13,5   13:00   3,2   00:49   5,5   0,0   0,0   0,5   4,0   13:45   NNV
13  14,2  19,4   16:16   5,8   01:33   2,5   0,1   0,0   0,5   3,6   14:00     N
14  15,3  23,0   08:29   9,6   23:55   1,6   0,4   0,0   0,6   4,5   03:45   NNØ
15   9,8  12,5   15:05   6,7   23:57   5,7   0,0   0,0   1,0   8,5   07:24   VNV
16   8,3  11,1   13:43   5,9   23:59   7,2   0,0   0,0   0,8   5,4   08:29     N
17  11,4  16,0   17:13   4,5   02:39   4,1   0,0   0,0   0,5   4,9   14:20     N
18  12,2  16,0   10:22   7,4   23:12   3,3   0,0   0,0   1,0   5,8   16:29     N
19   8,3  10,4   14:49   3,3   23:59   7,2   0,0   0,0   1,1   6,3   11:18     N
20  11,1  16,0   16:21   2,1   01:21   4,4   0,0   0,0   0,5   4,5   12:35   NNV
21  15,7  19,8   14:49   7,4   01:41   1,4   0,2   0,0   0,7   6,3   16:19   NNV
22  12,9  15,7   05:24   9,0   03:10   2,4   0,0   0,0   0,7   5,4   14:26     N
23  14,2  19,4   17:05   7,5   01:16   2,1   0,0   0,0   0,6   4,5   20:38     N
24  12,8  15,0   16:26   8,9   23:59   2,7   0,0   1,8   0,3   3,6   10:43     N
25  14,6  23,6   12:21   7,1   00:45   2,2   0,5   0,0   0,7   6,7   12:07   ØNØ
26  11,1  13,0   08:13   8,6   22:18   4,4   0,0   0,2   0,8   7,2   11:21    SV
27  10,0  12,2   12:56   8,5   23:58   5,5   0,0   0,0   0,9   6,3   03:36     N
28  10,7  12,8   13:39   8,1   03:19   4,8   0,0   0,0   0,9   6,7   16:18   NNV
29   8,3  10,8   15:03   6,2   23:55   7,2   0,0   0,0   0,3   3,6   15:41     N
30   5,4   6,2   00:00   4,8   06:27  10,1   0,0   8,6   0,4   4,0   18:57     N
----------------------------------------------------------------------------------
    10,9  23,6    25     0,5    10   145,8   1,8  15,8   0,7  10,3     7       N

Max >=  18,0:  6
Max <=   0,0:  0
Min <=   0,0:  0
Min <= -18,0:  0
Max Rain: 8,6 on day 30
Days of Rain: 9 (>= 0,2 mm)  1 (>= 2,0 mm)  0 (>= 10,0 mm)
Heat Base: 15,5  Cool Base: 18,3  Method: Integration