NOAA style reports

NOAA-style Climate Reports


Report for 2020 Aug
                   Monthly Climatological Summary for aug 2020

Name: kvikklunsj.net   City: Alta   State: Norge
Elevation: 16 m  Lat: N 69° 52' 21"   Lon: E 023° 28' 10"

                  Temperature (°C), Rain (mm), Wind Speed (m/s)

                                      Heat  Cool        Avg
    Mean                              Deg   Deg         Wind                 Dom
Day Temp  High   Time   Low    Time   Days  Days  Rain  Speed High   Time    Dir
----------------------------------------------------------------------------------
 1  12,6  17,2   14:18   5,9   03:22   3,0   0,0   0,0   0,4   4,9   14:26     N
 2  13,7  19,2   13:56   7,7   23:59   2,4   0,0   0,0   0,3   3,1   13:28    NØ
 3  11,9  18,9   15:35   3,7   04:39   4,2   0,0   0,0   0,1   2,2   15:31     N
 4  14,9  20,9   09:52   5,8   02:35   2,1   0,3   0,0   0,2   4,0   17:36     N
 5  13,6  16,2   15:27   8,9   23:59   1,9   0,0   0,0   0,3   4,0   16:02   NNV
 6  14,8  19,8   15:50   7,9   00:40   2,2   0,3   0,0   0,3   3,1   15:34     N
 7  13,9  17,0   11:48   7,4   23:50   1,8   0,0   0,2   0,3   3,6   17:11   NNV
 8  14,2  19,8   15:21   6,6   00:42   2,7   0,2   0,0   0,3   4,5   23:08     N
 9  13,9  17,7   00:00  10,7   23:46   1,8   0,0  18,4   0,3   4,0   14:43   NNØ
10  11,9  14,5   14:37   9,9   23:48   3,6   0,0   1,2   0,2   3,6   12:25     N
11  12,0  15,7   13:26   7,7   23:56   3,5   0,0   0,4   0,2   3,6   14:59   NNV
12  12,1  15,5   14:15   7,4   00:12   3,4   0,0   0,0   0,3   4,0   11:43   NNV
13  13,4  18,3   16:08   7,8   00:43   2,7   0,0   3,0   0,5   5,4   17:56    SØ
14  13,6  16,8   14:36  11,2   23:21   2,0   0,0  14,0   0,1   3,1   03:15   ØSØ
15  12,2  15,9   12:35   7,7   22:20   3,3   0,0   4,2   0,4   4,9   23:38   SSØ
16   9,1  12,0   12:28   5,4   03:48   6,4   0,0   4,6   0,6   7,2   13:44   VSV
17   8,5  10,3   12:45   6,3   03:49   7,0   0,0   2,6   0,3   4,9   12:11     N
18  11,1  13,6   19:43   7,6   01:32   4,4   0,0   0,2   0,5   5,4   07:06   SSV
19  13,0  18,6   12:28   6,6   04:26   2,9   0,0   0,0   0,6   8,0   14:05   SSØ
20  10,3  13,7   09:25   7,6   01:41   5,2   0,0   0,0   0,2   4,0   15:04     N
21  12,9  18,4   15:48   6,5   01:59   3,1   0,0   0,0   0,6   6,3   13:30   SSØ
22  18,2  20,2   12:33  13,1   00:00   0,0   0,5   0,2   2,5  11,2   12:09   SSØ
23  16,4  19,6   09:04  12,2   23:18   0,5   0,1   1,6   0,8  10,7   09:27   SSØ
24  11,7  13,2   12:55   9,2   23:31   3,8   0,0   2,0   0,2   3,1   14:26    NØ
25  10,6  14,8   13:45   7,6   23:21   4,9   0,0   3,2   0,5   4,0   01:16   SSØ
26   8,9  11,6   13:22   7,4   23:05   6,6   0,0   3,8   0,3   4,9   13:52     N
27   7,9  11,2   10:01   3,5   23:37   7,6   0,0   1,2   0,1   3,6   19:05   NNV
28   8,0  12,7   13:51   1,7   21:40   7,5   0,0   0,0   0,4   3,6   11:22   SSØ
29   7,1  12,6   11:42  -0,1   03:30   8,4   0,0   0,0   0,2   3,1   14:34     N
30   7,4  12,1   12:54   1,6   22:16   8,1   0,0   0,0   0,2   4,5   02:14   ØNØ
31   7,5  14,2   14:19   0,4   05:07   8,0   0,0   0,2   0,3   4,0   23:19    SØ
----------------------------------------------------------------------------------
    11,8  20,9     4    -0,1    29   125,0   1,4  61,0   0,4  11,2    22      SØ

Max >=  18,0: 10
Max <=   0,0:  0
Min <=   0,0:  1
Min <= -18,0:  0
Max Rain: 18,4 on day 9
Days of Rain: 17 (>= 0,2 mm)  9 (>= 2,0 mm)  2 (>= 10,0 mm)
Heat Base: 15,5  Cool Base: 18,3  Method: Integration