NOAA style reports

NOAA-style Climate Reports

Select a Year or Month report

Report for 2021
                   Annual Climatological Summary for 2021

Name: kvikklunsj.net   City: Alta   State: Norge
Elevation: 16 m  Lat: N 69° 52' 21"   Lon: E 023° 28' 10"

                  Temperature (°C), Heat Base: 15,5  Cool Base: 18,3
                          Dep.  Heat  Cool                       Max  Max  Min  Min
        Mean  Mean        From  Deg   Deg                        >=   <=   <=   <=
 YR MO  Max   Min   Mean  Norm  Days  Days  Hi  Date  Low  Date 18,0  0,0  0,0 -18,0
------------------------------------------------------------------------------------
 21  1  -7,0 -12,8  -9,6  -0,9   775     0   3,8  15 -21,9   20    0   27   31    7
 21  2  -4,5 -12,5  -8,0  -0,1   657     0   7,9  28 -21,9    3    0   22   27    4
 21  3   0,6  -7,3  -2,9   2,3   569     0   7,4  24 -19,7    9    0   16   29    2
 21  4   4,6  -3,7   0,8   1,4   438     0  12,9  19 -12,4   10    0    1   27    0
 21  5   7,1   0,1   3,9  -0,9   359     0  15,3  19  -8,3    2    0    0   14    0
 21  6  16,4   7,2  12,1   2,1   116     6  26,1   3  -0,5    6    9    0    1    0
 21  7  18,4   9,6  14,2   0,8    72    17  31,0   7   5,4    3   14    0    0    0
 21  8
 21  9
 21 10
 21 11
 21 12
------------------------------------------------------------------------------------
         5,1  -2,8   1,5   0,7  2989    23  31,0 jul -21,9  jan   23   66  129   13

                                Precipitation (mm)

              Dep.   Max        Days of Rain
              From   Obs.           >=
 YR MO Total  Norm   Day Date  0,2  2,0 10,0
---------------------------------------------
 21  1   4,6 -27,4   2,0   4     5    1    0
 21  2  45,8  20,8  10,1  12    15   11    1
 21  3  49,1  26,1   6,6   2    21   10    0
 21  4  21,8   4,8  10,0   6    12    3    1
 21  5  17,0  -3,0   3,9  16    13    2    0
 21  6  58,0  25,0  30,2  12     9    3    2
 21  7  51,2  -2,8  13,4  15    15    7    2
 21  8
 21  9
 21 10
 21 11
 21 12
---------------------------------------------
       247,5  43,5  30,2  jun   90   37    6

                                Wind Speed (m/s)
                          Dom
 YR MO   Avg.  Hi   Date  Dir
------------------------------
 21  1   0,6  16,1   10   SSØ
 21  2   0,8  16,5   24    SØ
 21  3   1,2  15,6   11   SSØ
 21  4   1,0  11,2   14   SSV
 21  5   1,0  10,7   28    NØ
 21  6   0,6   8,0    3     N
 21  7   0,5  13,4    7     N
 21  8
 21  9
 21 10
 21 11
 21 12
------------------------------
         0,8  16,5  feb    SØ