NOAA style reports

NOAA-style Climate Reports

Select a Year or Month report

Report for 2021 Feb
                   Monthly Climatological Summary for feb 2021

Name: kvikklunsj.net   City: Alta   State: Norge
Elevation: 16 m  Lat: N 69° 52' 21"   Lon: E 023° 28' 10"

                  Temperature (°C), Rain (mm), Wind Speed (m/s)

                                      Heat  Cool        Avg
    Mean                              Deg   Deg         Wind                 Dom
Day Temp  High   Time   Low    Time   Days  Days  Rain  Speed High   Time    Dir
----------------------------------------------------------------------------------
 1 -10,9  -7,9   09:38 -15,2   23:58  26,4   0,0   0,0   0,0   2,7   11:57   SSØ
 2 -12,6  -7,8   10:55 -21,1   23:54  28,1   0,0   0,8   0,1   3,1   09:26   SSØ
 3 -16,5 -10,8   14:51 -21,9   05:47  32,0   0,0   2,2   0,0   0,4   01:40   ---
 4  -3,0  -0,8   22:17 -16,1   00:00  18,5   0,0   0,1   1,3   6,3   05:14   NNØ
 5  -3,2  -0,7   00:58  -5,1   08:51  18,7   0,0   1,7   0,6   8,0   21:57   NNØ
 6  -3,9  -2,1   00:00  -7,2   09:14  19,4   0,0   1,8   0,9   6,7   02:04   NNØ
 7  -4,1  -2,9   02:07  -7,2   23:47  19,6   0,0   2,8   1,1   6,3   17:24    NØ
 8  -7,7  -3,2   10:40 -16,4   23:16  23,2   0,0   2,8   0,6   6,7   09:54   NNV
 9 -12,9  -9,1   23:59 -15,9   00:00  28,4   0,0   7,8   0,0   0,9   00:06   ØNØ
10  -8,3  -5,8   13:22 -11,3   22:04  23,7   0,0   2,9   0,0   1,8   00:13   ---
11 -10,4  -7,8   13:00 -13,4   07:01  25,9   0,0   2,7   0,0   0,0   00:00   ---
12  -3,9   0,3   10:32  -8,8   01:37  19,4   0,0  10,1   0,6   8,9   15:03   VNV
13 -11,6  -2,9   00:16 -16,9   23:19  27,1   0,0   1,5   0,1   3,1   20:23   NNV
14  -9,8  -3,8   17:38 -16,8   02:29  25,3   0,0   2,2   0,0   4,9   13:56   SSØ
15  -2,1   1,2   08:10  -8,8   23:47  17,6   0,0   2,4   0,0   0,9   00:00    NV
16 -12,3  -7,1   13:22 -17,8   22:02  27,9   0,0   0,0   0,0   0,0   00:00   ---
17 -18,0 -13,6   13:09 -20,1   02:47  33,5   0,0   0,0   0,0   0,0   00:00   ---
18 -11,8  -4,7   12:47 -19,6   00:17  27,3   0,0   0,0   0,2   8,5   17:20    SØ
19 -13,6 -12,3   13:32 -16,1   05:39  29,1   0,0   0,0   0,6  10,3   16:08    SØ
20 -12,4 -11,8   04:23 -12,9   08:28  27,9   0,0   0,0   1,9  13,4   19:40    SØ
21 -13,0 -11,5   04:29 -14,8   23:50  28,5   0,0   0,0   3,9  16,1   04:56   SSØ
22 -12,5  -9,6   22:35 -15,2   01:11  28,0   0,0   0,0   3,8  16,1   08:39    SØ
23 -10,1  -7,9   13:37 -12,5   19:35  25,6   0,0   0,0   1,5  12,5   01:25   SSØ
24  -6,7  -2,2   23:20 -11,4   07:02  22,2   0,0   0,0   2,3  16,5   14:45   SSØ
25   1,4   5,0   15:26  -3,3   03:44  14,1   0,0   0,0   1,2   9,4   10:27   SSØ
26   1,7   3,9   10:30  -2,0   22:09  13,8   0,0   2,0   1,0   8,5   12:46    NV
27  -0,1   1,8   04:23  -2,5   08:37  15,6   0,0   0,0   0,5   5,8   13:42   SSØ
28   5,0   7,9   12:39   1,1   04:11  10,5   0,0   2,0   1,6  10,7   22:58   SSV
----------------------------------------------------------------------------------
    -8,0   7,9    28   -21,9     3   657,3   0,0  45,8   0,8  16,5    24      SØ

Max >=  18,0:  0
Max <=   0,0: 22
Min <=   0,0: 27
Min <= -18,0:  4
Max Rain: 10,1 on day 12
Days of Rain: 15 (>= 0,2 mm)  11 (>= 2,0 mm)  1 (>= 10,0 mm)
Heat Base: 15,5  Cool Base: 18,3  Method: Integration