NOAA style reports

NOAA-style Climate Reports

Select a Year or Month report

Report for 2021 Jun
                   Monthly Climatological Summary for jun 2021

Name: kvikklunsj.net   City: Alta   State: Norge
Elevation: 16 m  Lat: N 69° 52' 21"   Lon: E 023° 28' 10"

                  Temperature (°C), Rain (mm), Wind Speed (m/s)

                                      Heat  Cool        Avg
    Mean                              Deg   Deg         Wind                 Dom
Day Temp  High   Time   Low    Time   Days  Days  Rain  Speed High   Time    Dir
----------------------------------------------------------------------------------
 1  11,7  18,5   14:35   7,1   02:59   4,1   0,0   0,0   0,8   5,8   15:39     N
 2  16,2  22,7   16:40   4,1   02:25   2,4   1,4   0,0   0,8   5,8   10:16   NNV
 3  18,7  26,1   14:51   9,7   00:56   1,0   2,5   0,0   1,0   8,0   09:10   SSØ
 4  16,5  23,2   14:01   8,7   01:27   1,6   1,2   0,0   0,8   5,8   09:47     N
 5   8,8  11,3   14:06   2,8   23:59   6,7   0,0   0,0   0,6   4,0   10:49     N
 6   8,6  13,0   16:19  -0,5   02:57   6,7   0,0   0,0   0,5   4,9   12:14     N
 7  13,8  19,2   10:15   4,9   02:37   2,6   0,0   0,0   0,5   4,9   16:12     N
 8  12,7  16,5   14:13   8,1   02:07   2,8   0,0   0,0   0,6   5,4   16:55     N
 9  13,6  19,6   19:30   7,9   01:47   2,6   0,1   0,0   0,5   3,6   11:07     N
10  14,9  18,6   18:37   7,8   01:59   1,5   0,0   0,4   1,0   7,2   12:17   SSØ
11  18,9  23,7   15:05  14,6   23:36   0,0   1,3   8,0   1,0   7,6   11:13   SSØ
12  12,1  14,6   00:00   7,6   23:47   3,4   0,0  30,2   0,3   4,0   20:44   NNØ
13   9,3  14,5   13:37   6,7   04:55   6,2   0,0  13,6   0,3   3,1   17:42   ØNØ
14   9,4  13,9   12:58   5,4   02:33   6,1   0,0   0,0   0,7   7,2   11:25    SV
15   7,7  11,1   10:12   2,7   01:30   7,8   0,0   0,0   0,8   6,3   10:23     N
16   8,0  11,1   13:05   5,5   23:59   7,5   0,0   0,0   0,8   6,3   15:26    SV
17   9,7  13,8   10:49   4,3   01:25   5,8   0,0   0,0   0,7   5,8   09:50   SSØ
18  10,8  14,5   13:07   7,3   02:22   4,7   0,0   0,4   0,3   3,1   13:23     N
19  12,0  16,0   13:31   8,1   00:34   3,5   0,0   0,0   0,6   7,2   13:34   VSV
20  11,3  14,1   13:28   8,2   01:28   4,2   0,0   0,0   0,5   5,4   13:02     N
21  12,1  14,5   11:59   9,8   01:54   3,4   0,0   0,6   0,8   6,7   11:03    SØ
22  12,5  16,7   12:09   8,6   23:54   3,1   0,0   1,8   0,4   5,4   19:44     N
23  11,4  14,8   16:50   8,2   01:36   4,1   0,0   0,0   1,0   6,7   14:32    SØ
24  13,5  18,5   10:04  10,6   02:28   2,2   0,0   1,6   0,6   4,9   18:05   ØNØ
25  11,8  14,8   16:33   8,4   23:43   3,7   0,0   0,0   0,5   5,4   12:53    NV
26  10,7  15,1   13:25   6,8   02:08   4,8   0,0   1,4   0,5   4,5   09:00   ØSØ
27  12,3  16,3   14:41   8,3   00:59   3,2   0,0   0,0   0,4   4,0   16:17     N
28  12,5  16,9   08:50   8,2   02:30   3,0   0,0   0,0   0,3   4,0   17:40     N
29  11,3  14,7   07:41   8,3   03:31   4,2   0,0   0,0   0,5   7,2   10:15   NNV
30  11,7  14,6   18:21   8,7   03:11   3,8   0,0   0,0   0,4   4,5   15:23     V
----------------------------------------------------------------------------------
    12,1  26,1     3    -0,5     6   116,7   6,5  58,0   0,6   8,0     3     NNØ

Max >=  18,0:  9
Max <=   0,0:  0
Min <=   0,0:  1
Min <= -18,0:  0
Max Rain: 30,2 on day 12
Days of Rain: 9 (>= 0,2 mm)  3 (>= 2,0 mm)  2 (>= 10,0 mm)
Heat Base: 15,5  Cool Base: 18,3  Method: Integration