NOAA style reports

NOAA-style Climate Reports

Select a Year or Month report

Report for 2021 Jul
                   Monthly Climatological Summary for jul 2021

Name: kvikklunsj.net   City: Alta   State: Norge
Elevation: 16 m  Lat: N 69° 52' 21"   Lon: E 023° 28' 10"

                  Temperature (°C), Rain (mm), Wind Speed (m/s)

                                      Heat  Cool        Avg
    Mean                              Deg   Deg         Wind                 Dom
Day Temp  High   Time   Low    Time   Days  Days  Rain  Speed High   Time    Dir
----------------------------------------------------------------------------------
 1  16,7  21,3   17:14  10,2   01:38   1,0   0,6   0,0   1,0   8,5   12:37   SSV
 2  13,0  17,1   05:21   7,7   23:58   2,5   0,0   0,0   0,7  11,2   03:25     N
 3  13,4  18,1   15:33   5,4   01:45   2,6   0,0   0,0   0,6   4,0   13:50     N
 4  14,3  18,1   16:34   7,4   01:38   1,8   0,0   0,0   0,5   4,0   12:54   NNV
 5  20,5  26,4   13:29   8,9   01:32   1,0   3,8   0,0   0,4   4,5   15:09     N
 6  21,8  27,9   10:01  14,5   01:35   0,0   4,1   0,0   0,3   3,1   11:42   NNØ
 7  22,8  31,0   12:21  15,5   01:02   0,0   4,8   3,0   0,8  13,4   14:08   SSØ
 8  17,7  23,1   11:01  13,2   23:59   0,5   1,0  10,0   0,3   4,9   02:40   ØSØ
 9  14,6  18,1   18:02  12,7   06:12   1,3   0,0   0,6   0,1   2,2   13:57   NNØ
10  14,2  16,9   13:24  11,2   03:06   1,5   0,0   0,0   0,6   5,4   15:56   NNV
11  16,9  22,6   22:37  11,1   02:11   1,2   0,9   0,0   0,6   6,3   22:34    NØ
12  16,3  20,7   00:00  12,8   23:10   0,8   0,3   6,4   0,4   5,4   00:14    SØ
13  15,9  22,5   13:51  11,6   23:43   1,3   0,6   9,2   0,4   5,8   10:43     S
14  13,3  16,3   12:09  10,1   23:58   2,2   0,0   0,4   0,3   3,6   13:09   NNV
15  15,6  22,9   10:10   8,5   01:16   2,0   0,8  13,4   1,2  12,5   11:15   SSØ
16  13,7  18,6   13:17   9,4   02:13   2,1   0,0   0,2   0,8   7,6   12:36   SSV
17  14,3  17,4   17:07  10,8   23:54   1,4   0,0   0,0   0,7   6,3   07:17     S
18  12,1  15,2   11:59   9,3   02:42   3,4   0,0   0,2   0,7   5,4   08:29     N
19  11,0  15,7   13:35   7,2   23:45   4,5   0,0   2,8   0,4   7,6   16:10    SV
20   8,1  11,3   13:14   5,9   00:53   7,4   0,0   1,8   0,7   8,5   06:53    SV
21   9,3  12,5   15:22   6,6   00:40   6,2   0,0   2,6   0,3   4,0   07:45    NV
22   8,5   9,6   13:20   7,3   03:31   7,0   0,0   0,2   0,7   4,5   19:18     N
23   9,1  11,3   12:22   6,7   03:14   6,4   0,0   0,0   0,7   5,4   19:02   NNV
24  11,1  14,0   10:42   8,1   03:07   4,4   0,0   0,0   0,3   5,4   18:04     N
25  10,5  11,9   12:51   8,9   02:42   5,0   0,0   0,2   0,1   2,2   04:03     N
26  12,6  15,7   17:46   9,3   23:49   2,9   0,0   0,2   0,2   3,1   10:56   NNV
27  15,6  19,8   09:56   8,6   01:16   1,6   0,3   0,0   0,5   4,5   14:19     N
28  10,9  13,1   12:22   7,2   02:34   4,6   0,0   0,0   0,4   4,9   15:37   NNV
29  10,6  12,9   15:05   9,2   07:22   4,9   0,0   0,0   0,4   4,5   06:49   NNØ
30  12,6  16,3   16:41   9,6   02:39   2,9   0,0   0,0   0,5   4,9   10:54   SSØ
31  10,3  12,6   14:44   8,5   03:49   5,2   0,0   2,2   0,2   2,7   12:30   NNV
----------------------------------------------------------------------------------
    13,8  31,0     7     5,4     3    89,6  17,2  53,4   0,5  13,4     7       N

Max >=  18,0: 14
Max <=   0,0:  0
Min <=   0,0:  0
Min <= -18,0:  0
Max Rain: 13,4 on day 15
Days of Rain: 16 (>= 0,2 mm)  8 (>= 2,0 mm)  2 (>= 10,0 mm)
Heat Base: 15,5  Cool Base: 18,3  Method: Integration