NOAA style reports

NOAA-style Climate Reports


Report for 2021 Aug
                   Monthly Climatological Summary for aug 2021

Name: kvikklunsj.net   City: Alta   State: Norge
Elevation: 16 m  Lat: N 69° 52' 21"   Lon: E 023° 28' 10"

                  Temperature (°C), Rain (mm), Wind Speed (m/s)

                                      Heat  Cool        Avg
    Mean                              Deg   Deg         Wind                 Dom
Day Temp  High   Time   Low    Time   Days  Days  Rain  Speed High   Time    Dir
----------------------------------------------------------------------------------
 1   8,6   9,5   16:32   7,1   23:57   6,9   0,0   2,8   0,5   3,6   14:29     N
 2  11,3  16,1   14:04   5,8   01:07   4,2   0,0   0,0   0,4   5,4   08:38    SØ
 3  10,9  15,3   11:19   3,4   03:12   4,6   0,0   0,0   0,5   4,5   17:57     N
 4  10,9  13,1   15:24   6,7   00:21   4,6   0,0   0,0   1,0   7,2   12:23     N
 5  13,3  18,1   14:21   9,1   23:58   2,4   0,0   1,2   0,3   3,1   06:54   SSØ
 6  14,9  19,4   19:27   8,6   02:14   1,8   0,1   0,2   0,5   7,2   20:21    SØ
 7  18,1  25,9   13:40  11,6   02:23   0,7   1,4   1,0   0,7   6,7   11:07   SSØ
 8  19,4  24,7   15:59  10,6   02:57   0,8   2,8   0,0   1,5   8,9   14:09   SSØ
 9  17,3  19,2   17:41  15,7   03:50   0,0   0,1   0,0   1,4   8,9   00:46   SSØ
10  18,2  20,9   15:40  15,2   02:21   0,0   0,8   0,0   1,1   5,8   16:03   SSØ
11  15,7  18,1   09:00  13,2   23:56   0,4   0,0   5,4   0,2   3,6   00:17   ØSØ
12  13,1  15,3   13:04   9,7   23:55   2,4   0,0   0,0   0,2   3,6   16:16   NNV
13  12,2  17,6   14:37   8,6   01:50   3,4   0,0   2,6   0,2   4,0   15:21   NNØ
14  10,7  14,2   11:36   5,2   23:11   4,8   0,0   0,0   0,3   3,6   15:15     N
15   9,0  11,3   11:59   5,2   00:45   6,5   0,0   0,0   0,5   4,9   12:53     N
16   8,9  12,2   15:23   6,6   04:28   6,6   0,0   0,0   0,2   3,1   01:18   NNØ
17   9,9  13,5   13:24   5,9   23:56   5,6   0,0   0,0   0,4   4,0   14:38     N
18   9,6  15,4   10:29   2,2   02:20   5,9   0,0  10,4   0,2   5,4   11:19   ØNØ
19  10,7  12,8   11:54   9,1   04:32   4,8   0,0  13,2   0,3   4,9   14:07   NNV
20  10,0  11,4   11:36   8,9   23:11   5,5   0,0   0,8   0,8   5,8   11:57     N
21   9,2  11,4   14:24   6,4   23:58   6,3   0,0   0,0   0,7   5,4   12:40     N
22   7,5   9,5   13:46   5,5   04:44   8,0   0,0   0,4   0,3   4,0   13:05     N
23   8,2  11,8   12:20   4,9   03:13   7,3   0,0   0,0   0,1   4,0   15:19     N
24  10,4  14,0   12:43   5,1   00:46   5,1   0,0   0,0   0,8   6,7   22:19    SØ
25  11,1  16,9   14:18   6,1   23:50   4,4   0,0   0,0   0,3   4,9   02:15   SSØ
26  10,3  18,4   15:06   3,6   04:21   5,6   0,0   0,0   0,6   7,2   11:50   SSØ
27  12,0  19,1   12:08   4,0   03:31   3,9   0,0   0,0   0,4   6,7   23:56   SSØ
28  10,9  14,1   01:03   4,3   21:45   4,6   0,0   0,0   0,5   6,3   00:28     N
29   9,2  14,7   13:44   1,3   04:07   6,3   0,0   0,0   0,1   3,1   13:57     N
30  10,8  14,8   13:07   7,9   04:55   4,7   0,0   0,4   0,1   2,7   17:08   ØSØ
31   9,8  13,1   11:43   7,3   22:36   5,7   0,0   0,6   0,4   5,4   16:28   SSV
----------------------------------------------------------------------------------
    11,7  25,9     7     1,3    29   133,8   5,2  39,0   0,5   8,9     8       Ø

Max >=  18,0:  9
Max <=   0,0:  0
Min <=   0,0:  0
Min <= -18,0:  0
Max Rain: 13,2 on day 19
Days of Rain: 12 (>= 0,2 mm)  5 (>= 2,0 mm)  2 (>= 10,0 mm)
Heat Base: 15,5  Cool Base: 18,3  Method: Integration