NOAA style reports

NOAA-style Climate Reports

Select a Year or Month report

Report for 2021 Sep
                   Monthly Climatological Summary for sep 2021

Name: kvikklunsj.net   City: Alta   State: Norge
Elevation: 16 m  Lat: N 69° 52' 21"   Lon: E 023° 28' 10"

                  Temperature (°C), Rain (mm), Wind Speed (m/s)

                                      Heat  Cool        Avg
    Mean                              Deg   Deg         Wind                 Dom
Day Temp  High   Time   Low    Time   Days  Days  Rain  Speed High   Time    Dir
----------------------------------------------------------------------------------
 1   7,3   9,4   11:42   5,7   03:14   8,2   0,0   8,0   0,3   5,4   23:21    NV
 2   7,4   9,2   12:51   5,4   05:02   8,1   0,0   2,0   0,5   6,7   00:04   NNV
 3   6,7   8,6   12:18   3,5   23:10   8,8   0,0   1,0   1,9   9,4   13:01   NNV
 4   5,2   7,5   13:34   1,5   22:13  10,3   0,0   0,2   0,5   5,4   12:26     N
 5   6,9  10,6   12:27   2,0   05:11   8,6   0,0   0,6   0,1   2,7   22:27   SSØ
 6   8,6  10,3   01:04   7,3   22:07   6,9   0,0   0,8   0,1   3,1   11:22    NØ
 7   8,3  11,6   14:57   3,6   06:06   7,2   0,0   0,4   0,1   2,7   05:22     Ø
 8   8,2   9,6   13:10   6,7   23:56   7,3   0,0   6,2   0,1   1,8   09:56     N
 9   7,0   8,9   13:22   5,7   02:11   8,5   0,0   0,0   0,3   3,6   07:53    NØ
10   7,9  11,7   16:06   2,7   23:38   7,6   0,0   0,0   0,3   5,4   10:36   SSV
11   4,4  10,8   15:48  -0,7   05:11  11,1   0,0   0,0   0,1   2,2   12:23    NØ
12   5,8  13,6   16:02  -1,7   06:03   9,7   0,0   0,2   0,3   4,5   19:57   SSØ
13   5,9   8,8   01:11   4,6   09:37   9,6   0,0  28,2   0,1   3,6   04:01     N
14   5,5   7,3   11:53   2,6   23:06   9,9   0,0   0,4   0,1   2,7   12:03   NNØ
15   5,3   8,7   12:03   2,6   00:01  10,2   0,0   0,6   0,0   2,2   23:56    NØ
16   5,4   9,0   14:32   1,2   04:25  10,1   0,0   0,0   1,1  10,3   12:24   SSØ
17   6,5   9,6   15:55   2,9   23:59   9,0   0,0   0,0   1,8   8,0   03:29   SSØ
18   5,4   9,5   15:16  -1,4   03:39  10,1   0,0   0,0   1,6  10,3   13:47   SSØ
19   5,6  11,1   14:29  -1,1   06:53   9,9   0,0   0,0   0,7   6,3   13:21   SSØ
20   7,5  10,1   12:10   5,0   00:00   8,0   0,0   0,2   2,8  14,8   13:38   SSØ
21   6,1   8,1   15:58   3,6   06:00   9,4   0,0   0,0   3,9  13,9   07:58   SSØ
22   8,5  10,7   18:39   5,7   06:25   7,0   0,0   0,2   4,2  16,5   18:06   SSØ
23   8,8  10,4   00:00   7,1   23:43   6,7   0,0   0,0   2,8  13,4   13:40    SØ
24   8,0   9,0   13:23   6,2   02:13   7,5   0,0   0,0   2,5  10,3   08:24   SSØ
25   8,3  10,1   12:27   5,2   23:57   7,2   0,0   1,0   1,7   9,8   01:32    SØ
26   6,8  10,6   20:19   1,6   03:53   8,7   0,0   0,0   1,2   8,9   18:21   SSØ
27  14,2  20,2   14:08   9,8   00:00   1,9   0,1   0,0   1,4   8,9   22:21   SSØ
28  13,1  17,3   11:09   3,3   23:59   2,7   0,0   0,0   2,4  12,1   05:06   SSØ
29   5,2  13,9   14:39  -0,6   21:53  10,3   0,0   0,0   0,1   2,2   01:25   ØSØ
30   5,7  11,2   12:54  -1,7   03:56   9,8   0,0   0,2   1,1   7,2   11:54   SSØ
----------------------------------------------------------------------------------
     7,2  20,2    27    -1,7    12   250,3   0,1  50,2   1,1  16,5    22     SSØ

Max >=  18,0:  1
Max <=   0,0:  0
Min <=   0,0:  6
Min <= -18,0:  0
Max Rain: 28,2 on day 13
Days of Rain: 16 (>= 0,2 mm)  4 (>= 2,0 mm)  1 (>= 10,0 mm)
Heat Base: 15,5  Cool Base: 18,3  Method: Integration